-- Table structure for table `notificaciones_push`
--

CREATE TABLE `notificaciones_push` (
  `notificacion_id` bigint NOT NULL AUTO_INCREMENT,
  `usuario_destino` bigint NOT NULL,
  `tipo` varchar(50) COLLATE utf8mb4_unicode_ci NOT NULL,
  `titulo` varchar(200) COLLATE utf8mb4_unicode_ci NOT NULL,
  `mensaje` text COLLATE utf8mb4_unicode_ci NOT NULL,
  `data_json` json DEFAULT NULL,
  `estado` varchar(20) COLLATE utf8mb4_unicode_ci NOT NULL DEFAULT 'PENDIENTE',
  `fcm_token` varchar(500) COLLATE utf8mb4_unicode_ci DEFAULT NULL,
  `fcm_response` text COLLATE utf8mb4_unicode_ci,
  `intentos` int NOT NULL DEFAULT '0',
  `fecha_crea` datetime NOT NULL DEFAULT CURRENT_TIMESTAMP,
  `fecha_envio` datetime DEFAULT NULL,
  `fecha_lectura` datetime DEFAULT NULL,
  PRIMARY KEY (`notificacion_id`),
  KEY `idx_notif_usuario` (`usuario_destino`),
  KEY `idx_notif_estado` (`estado`)
) ENGINE=InnoDB DEFAULT CHARSET=utf8mb4 COLLATE=utf8mb4_unicode_ci;

--
-- Dumping data for table `notificaciones_push`
--


--
-- Table structure for table `ordenes_trabajo_peaje`
--

CREATE TABLE `ordenes_trabajo_peaje` (
  `id_orden` bigint NOT NULL AUTO_INCREMENT,
  `fecha_solicitud` datetime NOT NULL,
  `titulo_orden` varchar(4000) NOT NULL,
  `detalle_orden` varchar(4000) NOT NULL,
  `usuario_solicita` varchar(250) NOT NULL,
  `id_cliente` int NOT NULL,
  `id_concesion` int NOT NULL,
  `id_centro` int NOT NULL,
  `via_id` int NOT NULL,
  `fecha_trabajo` datetime NOT NULL,
  `usuario_crea` int NOT NULL,
  `fecha_creacion` datetime NOT NULL,
  `tecnico_asignado` int DEFAULT NULL,
  `fecha_asignacion` datetime DEFAULT NULL,
  `estado` int NOT NULL DEFAULT '1',
  `fecha_cierre` datetime DEFAULT NULL,
  `fecha_anulacion` datetime DEFAULT NULL,
  `observacion` varchar(4000) DEFAULT NULL,
  PRIMARY KEY (`id_orden`)
) ENGINE=InnoDB AUTO_INCREMENT=19 DEFAULT CHARSET=latin1;

--
-- Dumping data for table `ordenes_trabajo_peaje`
--

INSERT INTO `ordenes_trabajo_peaje` (`id_orden`, `fecha_solicitud`, `titulo_orden`, `detalle_orden`, `usuario_solicita`, `id_cliente`, `id_concesion`, `id_centro`, `via_id`, `fecha_trabajo`, `usuario_crea`, `fecha_creacion`, `tecnico_asignado`, `fecha_asignacion`, `estado`, `fecha_cierre`, `fecha_anulacion`, `observacion`) VALUES (9,'2023-10-30 00:00:00','asignado','asigando','owong',2,13,20,106,'2023-10-30 00:00:00',1,'2023-10-30 10:46:25',29,'2023-10-30 14:38:58',1,'1900-01-01 00:00:00','2023-10-30 14:39:33','asignado'),(10,'2023-10-30 00:00:00','xxx','xxx','zxxx',1,14,21,107,'2023-10-30 00:00:00',1,'2023-10-30 10:56:27',20,'2023-10-30 10:56:27',0,'1900-01-01 00:00:00','1900-01-01 00:00:00','xxx'),(11,'2023-10-30 00:00:00','problema con las vias ','problema con las vias ','owong',3,14,21,107,'2023-10-30 00:00:00',1,'2023-10-30 11:54:18',20,'2023-10-30 11:54:18',0,'1900-01-01 00:00:00','2023-10-30 13:48:12','problema con las vias '),(12,'2023-10-30 00:00:00','asd','asd','owong',2,13,20,106,'2023-11-01 00:00:00',1,'2023-10-30 14:44:34',29,'2023-10-30 14:45:27',1,'1900-01-01 00:00:00','2023-10-30 14:45:48','asd'),(13,'2023-10-30 00:00:00','cabliado para camaras ','cruzar cable para camara de analitica de video ','owong',1,4,9,45,'2023-10-30 00:00:00',1,'2023-10-30 14:55:52',0,'1900-01-01 00:00:00',1,'1900-01-01 00:00:00','2023-10-30 15:00:11','el cliente va llevar el cable '),(17,'2023-11-08 00:00:00','x','x','x',1,1,15,87,'2023-11-08 00:00:00',1,'2023-11-08 22:03:37',0,'1900-01-01 00:00:00',0,'1900-01-01 00:00:00','2023-11-08 22:10:41','x'),(18,'2023-11-08 00:00:00','xv','xv','xv',1,1,15,0,'2023-11-08 00:00:00',1,'2023-11-08 22:16:51',20,'2023-11-08 22:16:51',2,'1900-01-01 00:00:00','1900-01-01 00:00:00','xv');

--
-- Table structure for table `parametros`
--

CREATE TABLE `parametros` (
  `par_id` bigint NOT NULL AUTO_INCREMENT,
  `par_cod` varchar(10) NOT NULL,
  `par_descripcion` varchar(100) DEFAULT NULL,
  `par_valorint` int DEFAULT NULL,
  `par_valorstr` varchar(250) DEFAULT NULL,
  `par_valordate` date DEFAULT NULL,
  `par_valortime` time DEFAULT NULL,
  `par_double` double DEFAULT NULL,
  `par_decimal` decimal(10,0) DEFAULT NULL,
  PRIMARY KEY (`par_id`),
  UNIQUE KEY `par_cod` (`par_cod`)
) ENGINE=InnoDB AUTO_INCREMENT=13 DEFAULT CHARSET=latin1;

--
-- Dumping data for table `parametros`
--

INSERT INTO `parametros` (`par_id`, `par_cod`, `par_descripcion`, `par_valorint`, `par_valorstr`, `par_valordate`, `par_valortime`, `par_double`, `par_decimal`) VALUES (1,'PROCEXTRAS','FECHA DE ULTIMO PROCESO DE HORAS EXTRAS',NULL,NULL,'2025-11-30',NULL,NULL,NULL),(2,'CREDEN','CREDENCIALES',NULL,'M@cR0K3y',NULL,NULL,NULL,NULL),(3,'ALERT_11AM','Hora límite inicio',NULL,NULL,NULL,'11:00:00',NULL,NULL),(4,'ALERT_NOMO','Minutos sin movimiento',120,NULL,NULL,NULL,NULL,NULL),(5,'ALERT_PEND','Minutos pendiente aprobación',60,NULL,NULL,NULL,NULL,NULL),(6,'ALERT_GPS','Minutos sin GPS',30,NULL,NULL,NULL,NULL,NULL),(7,'QR_EXPIRA','Horas validez QR',4,NULL,NULL,NULL,NULL,NULL),(8,'PIN_INTENT','Intentos máximos PIN',3,NULL,NULL,NULL,NULL,NULL),(9,'PIN_BLOQUE','Minutos bloqueo PIN',15,NULL,NULL,NULL,NULL,NULL),(10,'MANT_MAX_D','Máx mant por técnico/día',2,NULL,NULL,NULL,NULL,NULL),(11,'FOTOS_MIN','Mínimo fotos requeridas',3,NULL,NULL,NULL,NULL,NULL),(12,'SESION_EXP','Horas expiración sesión',8,NULL,NULL,NULL,NULL,NULL);

--
-- Table structure for table `password_reset_tokens`
--

CREATE TABLE `password_reset_tokens` (
  `email` varchar(255) COLLATE utf8mb4_unicode_ci NOT NULL,
  `token` varchar(255) COLLATE utf8mb4_unicode_ci NOT NULL,
  `created_at` timestamp NULL DEFAULT NULL,
  PRIMARY KEY (`email`)
) ENGINE=InnoDB DEFAULT CHARSET=utf8mb4 COLLATE=utf8mb4_unicode_ci;

--
-- Dumping data for table `password_reset_tokens`
--


--
-- Table structure for table `peaje_centro`
--

CREATE TABLE `peaje_centro` (
  `id_centro` int NOT NULL AUTO_INCREMENT,
  `num_peaje` int NOT NULL,
  `id_concesion` int NOT NULL,
  `nombre_centro` varchar(250) NOT NULL,
  `estado` int NOT NULL DEFAULT '1',
  `mantenimiento` int NOT NULL DEFAULT '0',
  `latitud` decimal(10,8) DEFAULT NULL,
  `longitud` decimal(11,8) DEFAULT NULL,
  `frecuencia_mant` int NOT NULL DEFAULT '30',
  `usuario_crea` int DEFAULT NULL,
  `fecha_crea` datetime DEFAULT CURRENT_TIMESTAMP,
  `usuario_modifica` int DEFAULT NULL,
  `fecha_modifica` datetime DEFAULT NULL,
  PRIMARY KEY (`id_centro`),
  UNIQUE KEY `id_concesion` (`id_concesion`,`nombre_centro`)
) ENGINE=InnoDB AUTO_INCREMENT=23 DEFAULT CHARSET=latin1;

--
-- Dumping data for table `peaje_centro`
--

INSERT INTO `peaje_centro` (`id_centro`, `num_peaje`, `id_concesion`, `nombre_centro`, `estado`, `mantenimiento`, `latitud`, `longitud`, `frecuencia_mant`, `usuario_crea`, `fecha_crea`, `usuario_modifica`, `fecha_modifica`) VALUES (1,1,3,'MILAGRO',1,1,NULL,NULL,30,NULL,'2026-02-03 00:29:20',NULL,NULL),(2,2,3,'TAMBO',1,1,NULL,NULL,30,NULL,'2026-02-03 00:29:20',NULL,NULL),(3,3,3,'BOLICHE',1,2,NULL,NULL,30,NULL,'2026-02-03 00:29:20',NULL,NULL),(4,4,3,'NARANJAL',1,1,NULL,NULL,30,NULL,'2026-02-03 00:29:20',NULL,NULL),(5,5,4,'COLIMES',1,1,NULL,NULL,30,NULL,'2026-02-03 00:29:20',NULL,NULL),(6,6,4,'CADENA',1,1,NULL,NULL,30,NULL,'2026-02-03 00:29:20',NULL,NULL),(7,7,3,'TRIUNFO',1,1,NULL,NULL,30,NULL,'2026-02-03 00:29:20',NULL,NULL),(8,8,3,'NARANJITO',1,1,NULL,NULL,30,NULL,'2026-02-03 00:29:20',NULL,NULL),(9,9,4,'CHIVERIA',1,2,NULL,NULL,30,NULL,'2026-02-03 00:29:20',NULL,NULL),(10,10,4,'YAGUACHI',1,2,NULL,NULL,30,NULL,'2026-02-03 00:29:20',NULL,NULL),(11,11,2,'PAN',1,1,NULL,NULL,30,NULL,'2026-02-03 00:29:20',NULL,NULL),(12,12,4,'SAMBORONDON',1,1,NULL,NULL,30,NULL,'2026-02-03 00:29:20',NULL,NULL),(13,13,4,'DAULE',1,1,NULL,NULL,30,NULL,'2026-02-03 00:29:20',NULL,NULL),(14,14,4,'GUAYAS NORTE',1,1,NULL,NULL,30,NULL,'2026-02-03 00:29:20',NULL,NULL),(15,1,1,'ALOAG',1,2,NULL,NULL,30,NULL,'2026-02-03 00:29:20',NULL,NULL),(16,2,1,'TANDAPI',1,0,NULL,NULL,30,NULL,'2026-02-03 00:29:20',NULL,NULL),(17,1,5,'CONGOMA',1,2,NULL,NULL,30,NULL,'2026-02-03 00:29:20',NULL,NULL),(18,2,5,'LOS ANGELES',1,2,NULL,NULL,30,NULL,'2026-02-03 00:29:20',NULL,NULL),(19,99,12,'Bodega',1,0,NULL,NULL,30,NULL,'2026-02-03 00:29:20',NULL,NULL),(20,99,13,'Bodega',1,0,NULL,NULL,30,NULL,'2026-02-03 00:29:20',NULL,NULL),(21,99,14,'Dpto. Técnico',1,0,NULL,NULL,30,NULL,'2026-02-03 00:29:20',NULL,NULL),(22,98,14,'Bodega',1,0,NULL,NULL,30,NULL,'2026-02-03 00:29:20',NULL,NULL);

--
-- Table structure for table `perfil`
--

CREATE TABLE `perfil` (
  `per_id` bigint NOT NULL AUTO_INCREMENT,
  `rol_id` int DEFAULT NULL,
  `per_nombre` varchar(50) NOT NULL,
  `per_estado` int NOT NULL DEFAULT '1',
  `per_descripcion` varchar(250) DEFAULT NULL,
  `per_acceso_web` tinyint(1) NOT NULL DEFAULT '1',
  `per_acceso_app` tinyint(1) NOT NULL DEFAULT '0',
  `usuario_crea` bigint DEFAULT NULL,
  `fecha_crea` datetime DEFAULT CURRENT_TIMESTAMP,
  `usuario_modifica` bigint DEFAULT NULL,
  `fecha_modifica` datetime DEFAULT NULL,
  PRIMARY KEY (`per_id`),
  UNIQUE KEY `per_nombre` (`per_nombre`),
  KEY `fk_perfil_rol` (`rol_id`),
  CONSTRAINT `fk_perfil_rol` FOREIGN KEY (`rol_id`) REFERENCES `sys_roles` (`rol_id`) ON DELETE SET NULL ON UPDATE CASCADE
) ENGINE=InnoDB AUTO_INCREMENT=19 DEFAULT CHARSET=latin1;

--
-- Dumping data for table `perfil`
--

INSERT INTO `perfil` (`per_id`, `rol_id`, `per_nombre`, `per_estado`, `per_descripcion`, `per_acceso_web`, `per_acceso_app`, `usuario_crea`, `fecha_crea`, `usuario_modifica`, `fecha_modifica`) VALUES (1,8,'Administrador',1,NULL,1,0,NULL,'2026-02-03 00:29:20',NULL,NULL),(4,4,'Pogramador',1,NULL,1,0,NULL,'2026-02-03 00:29:20',NULL,NULL),(5,6,'Técnico',1,NULL,1,0,NULL,'2026-02-03 00:29:20',NULL,NULL),(6,3,'Dpto Administrativo',1,NULL,1,0,NULL,'2026-02-03 00:29:20',NULL,NULL),(7,1,'Jefe de Desarrollo',1,NULL,1,0,NULL,'2026-02-03 00:29:20',NULL,NULL),(8,5,'Mesa de Ayuda',1,NULL,1,0,NULL,'2026-02-03 00:29:20',NULL,NULL),(9,4,'Programador Peaje',1,NULL,1,0,NULL,'2026-02-03 00:29:20',NULL,NULL),(10,4,'Diseñador',1,NULL,1,0,NULL,'2026-02-03 00:29:20',NULL,NULL),(11,3,'RRHH Nómina',1,NULL,1,0,NULL,'2026-02-03 00:29:20',NULL,NULL),(12,3,'Contabilidad',1,NULL,1,0,NULL,'2026-02-03 00:29:20',NULL,NULL),(13,2,'Coordinar de proyectos',1,NULL,1,0,NULL,'2026-02-03 00:29:20',NULL,NULL),(14,3,'Pasante Admnistrativo',1,NULL,1,0,NULL,'2026-02-03 00:29:20',NULL,NULL),(15,5,'Pasante Sistemas',1,NULL,1,0,NULL,'2026-02-03 00:29:20',NULL,NULL),(16,5,'Asistente de TI',1,NULL,1,0,NULL,'2026-02-03 00:29:20',NULL,NULL),(17,7,'Jefe Operativo',1,'Jefe operativo de peaje - aprueba mantenimientos',1,1,NULL,'2026-02-04 20:14:05',NULL,NULL),(18,2,'Gerente',1,'Gerencia - acceso a dashboards y reportes',1,0,NULL,'2026-02-04 20:14:10',NULL,NULL);

--
-- Table structure for table `periodo_vacaciones`
--

CREATE TABLE `periodo_vacaciones` (
  `usu_id` bigint NOT NULL,
  `periodo` int NOT NULL,
  `fecha_desde` date NOT NULL,
  `fecha_hasta` date NOT NULL,
  `dias` int NOT NULL,
  PRIMARY KEY (`usu_id`,`periodo`)
) ENGINE=InnoDB DEFAULT CHARSET=latin1;

--
-- Dumping data for table `periodo_vacaciones`
--

INSERT INTO `periodo_vacaciones` (`usu_id`, `periodo`, `fecha_desde`, `fecha_hasta`, `dias`) VALUES (1,2017,'2017-10-21','2018-10-20',15),(1,2018,'2018-10-21','2019-10-20',15),(1,2019,'2019-10-21','2020-10-20',15),(1,2020,'2020-10-21','2021-10-20',15),(1,2021,'2021-10-21','2022-10-20',16),(1,2022,'2022-10-21','2023-10-20',17),(1,2023,'2023-10-21','2024-10-20',18),(1,2024,'2024-10-21','2025-10-20',19),(6,2018,'2018-05-15','2019-05-14',15),(6,2019,'2019-05-15','2020-05-14',15),(6,2020,'2020-05-15','2021-05-14',15),(6,2021,'2021-05-15','2022-05-14',15),(6,2023,'2023-05-15','2024-05-14',17),(6,2024,'2024-05-15','2025-05-14',18),(8,2018,'2018-11-05','2019-11-04',15),(8,2019,'2019-11-05','2020-11-04',15),(8,2020,'2020-11-05','2021-11-04',15),(8,2021,'2021-11-05','2022-11-04',15),(8,2022,'2022-11-05','2023-11-04',16),(8,2023,'2023-11-05','2024-11-04',17),(8,2024,'2024-11-05','2025-11-04',18),(9,2015,'2015-09-21','2016-09-20',15),(9,2016,'2016-09-21','2017-09-20',15),(9,2017,'2017-09-21','2018-09-20',15),(9,2018,'2018-09-21','2019-09-20',15),(9,2019,'2019-09-21','2020-09-20',16),(9,2020,'2020-09-21','2021-09-20',17),(9,2021,'2021-09-21','2022-09-20',18),(9,2022,'2022-09-21','2023-09-20',19),(9,2023,'2023-09-21','2024-09-20',20),(9,2024,'2024-09-21','2025-09-20',21),(10,2018,'2018-05-22','2019-05-21',15),(10,2019,'2019-05-22','2020-05-21',15),(10,2020,'2020-05-22','2021-05-21',15),(10,2021,'2021-05-22','2022-05-21',15),(10,2023,'2023-05-22','2024-05-21',17),(10,2024,'2024-05-22','2025-05-21',18),(11,2017,'2017-02-15','2018-02-14',15),(11,2018,'2018-02-15','2019-02-14',15),(11,2019,'2019-02-15','2020-02-14',15),(11,2020,'2020-02-15','2021-02-14',15),(11,2021,'2021-02-15','2022-02-14',15),(11,2023,'2023-02-15','2024-02-14',18),(11,2024,'2024-02-15','2025-02-14',19),(13,2019,'2019-02-06','2020-02-05',15),(13,2020,'2020-02-06','2021-02-05',15),(13,2021,'2021-02-06','2022-02-05',15),(13,2023,'2023-02-06','2024-02-05',16),(13,2024,'2024-02-06','2025-02-05',17),(14,2017,'2017-09-07','2018-09-06',15),(14,2018,'2018-09-07','2019-09-06',15),(14,2019,'2019-09-07','2020-09-06',15),(14,2020,'2020-09-07','2021-09-06',15),(14,2023,'2023-09-07','2024-09-06',18),(14,2024,'2024-09-07','2025-09-06',19),(15,2017,'2017-12-11','2018-12-10',15),(15,2018,'2018-12-11','2019-12-10',15),(15,2019,'2019-12-11','2020-12-10',15),(15,2020,'2020-12-11','2021-12-10',15),(15,2021,'2021-12-11','2022-12-10',16),(15,2022,'2022-12-11','2023-12-10',17),(15,2023,'2023-12-11','2024-12-10',18),(15,2024,'2024-12-11','2025-12-10',19),(20,2020,'2020-10-28','2021-10-27',15),(20,2021,'2021-10-28','2022-10-27',15),(20,2022,'2022-10-28','2023-10-27',15),(20,2023,'2023-10-28','2024-10-27',15),(20,2024,'2024-10-28','2025-10-27',16),(21,2021,'2021-02-04','2022-02-03',15),(21,2023,'2023-02-04','2024-02-03',15),(21,2024,'2024-02-04','2025-02-03',15),(22,2021,'2021-02-04','2022-02-03',15),(22,2022,'2022-02-04','2023-02-03',15),(22,2023,'2023-02-04','2024-02-03',15),(22,2024,'2024-02-04','2025-02-03',15),(23,2019,'2019-03-25','2020-03-24',15),(23,2020,'2020-03-25','2021-03-24',15),(23,2021,'2021-03-25','2022-03-24',15),(23,2022,'2022-03-25','2023-03-24',15),(23,2023,'2023-03-25','2024-03-24',16),(23,2024,'2024-03-25','2025-03-24',17),(24,2019,'2019-06-25','2020-06-24',15),(24,2020,'2020-06-25','2021-06-24',15),(24,2021,'2021-06-25','2022-06-24',15),(24,2022,'2022-06-25','2023-06-24',15),(24,2023,'2023-06-25','2024-06-24',16),(24,2024,'2024-06-25','2025-06-24',17),(25,2019,'2019-04-05','2020-04-04',15),(25,2020,'2020-04-05','2021-04-04',15),(25,2021,'2021-04-05','2022-04-04',15),(25,2022,'2022-04-05','2023-04-04',15),(25,2023,'2023-04-05','2024-04-04',16),(25,2024,'2024-04-05','2025-04-04',17),(26,2019,'2019-11-20','2020-11-19',15),(26,2020,'2020-11-20','2021-11-19',15),(26,2021,'2021-11-20','2022-11-19',15),(26,2022,'2022-11-20','2023-11-19',15),(26,2023,'2023-11-20','2024-11-19',16),(26,2024,'2024-11-20','2025-11-19',17),(27,2023,'2023-06-10','2024-06-09',15),(27,2024,'2024-06-10','2025-06-09',15),(28,2023,'2023-06-10','2024-06-09',15),(28,2024,'2024-06-10','2025-06-09',15),(29,2022,'2022-06-16','2023-06-15',15),(29,2023,'2023-06-16','2024-06-15',15),(29,2024,'2024-06-16','2025-06-15',15),(30,2022,'2022-07-27','2023-07-26',15),(30,2023,'2023-07-27','2024-07-26',15),(30,2024,'2024-07-27','2025-07-26',15),(31,2022,'2022-09-01','2023-08-31',15),(31,2023,'2023-09-01','2024-08-31',15),(31,2024,'2024-09-01','2025-08-31',15),(32,2022,'2022-09-15','2023-09-14',15),(32,2023,'2023-09-15','2024-09-14',15),(32,2024,'2024-09-15','2025-09-14',15),(33,2022,'2022-09-27','2023-09-26',15),(33,2023,'2023-09-27','2024-09-26',15),(33,2024,'2024-09-27','2025-09-26',15),(36,2022,'2022-11-07','2023-11-06',15),(36,2023,'2023-11-07','2024-11-06',15),(36,2024,'2024-11-07','2025-11-06',15),(39,2024,'2024-08-12','2025-08-11',15),(40,2023,'2023-01-09','2024-01-08',15),(40,2024,'2024-01-09','2025-01-08',15),(43,2023,'2023-05-22','2024-05-21',15),(43,2024,'2024-05-22','2025-05-21',15),(44,2023,'2023-06-01','2024-05-31',15),(44,2024,'2024-06-01','2025-05-31',15),(45,2023,'2023-05-29','2024-05-28',15),(45,2024,'2024-05-29','2025-05-28',15),(46,2023,'2023-07-05','2024-07-04',15),(46,2024,'2024-07-05','2025-07-04',15),(47,2023,'2023-08-14','2024-08-13',15),(47,2024,'2024-08-14','2025-08-13',15),(48,2023,'2023-05-01','2024-04-30',15),(48,2024,'2024-05-01','2025-04-30',15),(49,2023,'2023-12-01','2024-11-30',15),(49,2024,'2024-12-01','2025-11-30',15),(50,2024,'2024-04-04','2025-04-03',15),(51,2024,'2024-04-24','2025-04-23',15),(52,2024,'2024-08-12','2025-08-11',15),(53,2024,'2024-09-02','2025-09-01',15),(54,2024,'2024-09-05','2025-09-04',15),(55,2024,'2024-12-06','2025-12-05',15);

--
-- Table structure for table `personal_access_tokens`
--

CREATE TABLE `personal_access_tokens` (
  `id` bigint unsigned NOT NULL AUTO_INCREMENT,
  `tokenable_type` varchar(255) COLLATE utf8mb4_unicode_ci NOT NULL,
  `tokenable_id` bigint unsigned NOT NULL,
  `name` text COLLATE utf8mb4_unicode_ci NOT NULL,
  `token` varchar(64) COLLATE utf8mb4_unicode_ci NOT NULL,
  `abilities` text COLLATE utf8mb4_unicode_ci,
  `last_used_at` timestamp NULL DEFAULT NULL,
  `expires_at` timestamp NULL DEFAULT NULL,
  `created_at` timestamp NULL DEFAULT NULL,
  `updated_at` timestamp NULL DEFAULT NULL,
  PRIMARY KEY (`id`),
  UNIQUE KEY `personal_access_tokens_token_unique` (`token`),
  KEY `personal_access_tokens_tokenable_type_tokenable_id_index` (`tokenable_type`,`tokenable_id`),
  KEY `personal_access_tokens_expires_at_index` (`expires_at`)
) ENGINE=InnoDB AUTO_INCREMENT=16 DEFAULT CHARSET=utf8mb4 COLLATE=utf8mb4_unicode_ci;

--
-- Dumping data for table `personal_access_tokens`
--

INSERT INTO `personal_access_tokens` (`id`, `tokenable_type`, `tokenable_id`, `name`, `token`, `abilities`, `last_used_at`, `expires_at`, `created_at`, `updated_at`) VALUES (3,'App\\Models\\Usuario',1,'web_token','b56a6bc4757d263d065cef2ca1aa7cbd3762d1f7b128149916355bc2a5908c06','[\"*\"]','2026-02-04 17:53:37','2026-02-04 18:19:20','2026-02-04 10:19:20','2026-02-04 17:53:37'),(6,'App\\Models\\Usuario',64,'web_token','bbbc69374d0743dc451ca636dbf8993424e86a515638c11e87c041cb03bdf9ba','[\"*\"]',NULL,'2026-02-05 14:17:29','2026-02-05 06:17:29','2026-02-05 06:17:29'),(7,'App\\Models\\Usuario',64,'test-token','2bdb4ed02f527f0fd0924e7f31fb91105191216c0cdb6de4fed79c212d563ee9','[\"*\"]',NULL,NULL,'2026-02-05 06:17:50','2026-02-05 06:17:50'),(8,'App\\Models\\Usuario',65,'test-token','a45fc29899ee249a7092d4e512bdbc98651fb6a921833653b5e1c2ac8ba90da9','[\"*\"]',NULL,NULL,'2026-02-05 06:17:50','2026-02-05 06:17:50'),(9,'App\\Models\\Usuario',66,'test-token','e03aad49140cbeb230032e5508c20745ed72897a3185791694f16cd472c076d1','[\"*\"]',NULL,NULL,'2026-02-05 06:17:50','2026-02-05 06:17:50'),(10,'App\\Models\\Usuario',67,'test-token','3f03e9c82d34303021477d04b3347c07a69b77e890fc685dd645f8067f72cfa7','[\"*\"]',NULL,NULL,'2026-02-05 06:17:50','2026-02-05 06:17:50'),(11,'App\\Models\\Usuario',68,'test-token','fb741444a16ad13dd7458ad434d21e9cfe5674f7136dd5beb02bb0738ca0d900','[\"*\"]',NULL,NULL,'2026-02-05 06:17:50','2026-02-05 06:17:50'),(12,'App\\Models\\Usuario',69,'test-token','dc56d5943bbb1cde8a343b168c8c2065d9b373892c972ce0b32ac5271bb95c45','[\"*\"]',NULL,NULL,'2026-02-05 06:17:50','2026-02-05 06:17:50'),(13,'App\\Models\\Usuario',64,'test','4d2d739b4d010176e28b4a2b5b8f30879f859237708715eea2e33e4f9c37f58e','[\"*\"]','2026-02-05 06:18:50',NULL,'2026-02-05 06:18:16','2026-02-05 06:18:50'),(14,'App\\Models\\Usuario',68,'test','78d0ee9eea66caf4819a1e6b0528675b600fa0031f2192f767815e1b79c2b8fb','[\"*\"]','2026-02-05 06:18:50',NULL,'2026-02-05 06:18:16','2026-02-05 06:18:50'),(15,'App\\Models\\Usuario',69,'test','fcfc8c1a225c9421b57807e6d0b559ded6e93d8c8cb48f6ce6ea69c7095659d1','[\"*\"]','2026-02-05 06:18:50',NULL,'2026-02-05 06:18:16','2026-02-05 06:18:50');

--
-- Table structure for table `requerimientos`
--

CREATE TABLE `requerimientos` (
  `req_id` int NOT NULL AUTO_INCREMENT,
  `emp_id` int NOT NULL,
  `req_codigo` varchar(20) NOT NULL,
  `req_nombre` varchar(500) NOT NULL,
  `req_dias` int NOT NULL,
  `req_fecha_aprob` date DEFAULT NULL,
  `req_fecha_ini_aprox` date DEFAULT NULL,
  `req_fecha_fin_aprox` date DEFAULT NULL,
  `req_fecha_ini_real` date DEFAULT NULL,
  `req_fecha_fin_real` date DEFAULT NULL,
  `req_estado` int NOT NULL DEFAULT '1' COMMENT '1 = activa, 2 = desarrollo, 3 =finalizado, 0 = anulada',
  PRIMARY KEY (`req_id`),
  UNIQUE KEY `req_codigo` (`req_codigo`)
) ENGINE=InnoDB DEFAULT CHARSET=latin1;

--
-- Dumping data for table `requerimientos`
--


--
-- Table structure for table `sessions`
--

CREATE TABLE `sessions` (
  `id` varchar(255) COLLATE utf8mb4_unicode_ci NOT NULL,
  `user_id` bigint unsigned DEFAULT NULL,
  `ip_address` varchar(45) COLLATE utf8mb4_unicode_ci DEFAULT NULL,
  `user_agent` text COLLATE utf8mb4_unicode_ci,
  `payload` longtext COLLATE utf8mb4_unicode_ci NOT NULL,
  `last_activity` int NOT NULL,
  PRIMARY KEY (`id`),
  KEY `sessions_user_id_index` (`user_id`),
  KEY `sessions_last_activity_index` (`last_activity`)
) ENGINE=InnoDB DEFAULT CHARSET=utf8mb4 COLLATE=utf8mb4_unicode_ci;

--
-- Dumping data for table `sessions`
--

INSERT INTO `sessions` (`id`, `user_id`, `ip_address`, `user_agent`, `payload`, `last_activity`) VALUES ('Hi6hzRGUHRI8fIKvgCuM5AgbWc61H8kQMWk1MbWL',NULL,'127.0.0.1','Mozilla/5.0 (Macintosh; Intel Mac OS X 10_15_7) AppleWebKit/537.36 (KHTML, like Gecko) Chrome/144.0.0.0 Safari/537.36','YTozOntzOjY6Il90b2tlbiI7czo0MDoiSll4SThkRjJHRWtIbWNTSTZqN2FGcVl6ZnlRa2QxMzJHcTg3S2R3dSI7czo2OiJfZmxhc2giO2E6Mjp7czozOiJvbGQiO2E6MDp7fXM6MzoibmV3IjthOjA6e319czo5OiJfcHJldmlvdXMiO2E6Mjp7czozOiJ1cmwiO3M6Mjc6Imh0dHA6Ly8xMjcuMC4wLjE6ODAwMS9sb2dpbiI7czo1OiJyb3V0ZSI7czo5OiJ3ZWIubG9naW4iO319',1770447402),('l7y0k6LCbddEwwziiiLJpBQ7Xu2fnxu6aIlD5rN7',1,'127.0.0.1','Mozilla/5.0 (Macintosh; Intel Mac OS X 10_15_7) AppleWebKit/537.36 (KHTML, like Gecko) Chrome/144.0.0.0 Safari/537.36','YTo0OntzOjY6Il90b2tlbiI7czo0MDoiTUQxUko1Z28yMmZ4bXdKcVhUaUdJVWFKUWJRSmR6TFJ6YUtpeTlNNiI7czo2OiJfZmxhc2giO2E6Mjp7czozOiJvbGQiO2E6MDp7fXM6MzoibmV3IjthOjA6e319czo5OiJfcHJldmlvdXMiO2E6Mjp7czozOiJ1cmwiO3M6Mzc6Imh0dHA6Ly8xMjcuMC4wLjE6ODAwMS9pbnZlbnRhcmlvLzQ1MDMiO3M6NToicm91dGUiO3M6MTk6IndlYi5pbnZlbnRhcmlvLnNob3ciO31zOjUwOiJsb2dpbl93ZWJfNTliYTM2YWRkYzJiMmY5NDAxNTgwZjAxNGM3ZjU4ZWE0ZTMwOTg5ZCI7aToxO30=',1770428634),('ujFm4Tr2ib0HhtQ4EHw6iDjJACVOvRsB1eZTbRKZ',1,'127.0.0.1','Mozilla/5.0 (Macintosh; Intel Mac OS X 10_15_7) AppleWebKit/537.36 (KHTML, like Gecko) Chrome/144.0.0.0 Safari/537.36','YTo1OntzOjY6Il90b2tlbiI7czo0MDoiSVFtWk9zankzZmVsbGtDVXdzU09rMWxab3J0dlBzN0pZUmMzd21rYiI7czozOiJ1cmwiO2E6MDp7fXM6OToiX3ByZXZpb3VzIjthOjI6e3M6MzoidXJsIjtzOjM4OiJodHRwOi8vbG9jYWxob3N0OjgwMDAvY2hlY2tsaXN0LWNvbmZpZyI7czo1OiJyb3V0ZSI7czoyMjoiY2hlY2tsaXN0LWNvbmZpZy5pbmRleCI7fXM6NjoiX2ZsYXNoIjthOjI6e3M6Mzoib2xkIjthOjA6e31zOjM6Im5ldyI7YTowOnt9fXM6NTA6ImxvZ2luX3dlYl81OWJhMzZhZGRjMmIyZjk0MDE1ODBmMDE0YzdmNThlYTRlMzA5ODlkIjtpOjE7fQ==',1770359969);

--
-- Table structure for table `soportes_tecnicos_hw`
--

CREATE TABLE `soportes_tecnicos_hw` (
  `id_soporte` bigint NOT NULL AUTO_INCREMENT,
  `tipo` int NOT NULL,
  `via_id` int NOT NULL DEFAULT '0',
  `id_centro` int NOT NULL,
  `fecha_asignacion` datetime NOT NULL,
  `fecha_inicio_traslado` datetime NOT NULL,
  `latitud_inicio_traslado` varchar(25) DEFAULT NULL,
  `longitud_inicio_traslado` varchar(25) DEFAULT NULL,
  `tecnico_asignado` int NOT NULL,
  `fecha_inicio_soporte` datetime DEFAULT NULL,
  `latitud_inicio_soporte` varchar(25) DEFAULT NULL,
  `longitud_inicio_soporte` varchar(25) DEFAULT NULL,
  `detalle_soporte1` varchar(4000) DEFAULT NULL,
  `fecha_fin_soporte` datetime DEFAULT NULL,
  `latitud_fin_soporte` varchar(25) DEFAULT NULL,
  `longitud_fin_soporte` varchar(25) DEFAULT NULL,
  `observaciones` varchar(4000) DEFAULT NULL,
  `estado` int NOT NULL DEFAULT '1',
  `fecha_fin_traslado` datetime DEFAULT NULL,
  `latitud_fin_traslado` varchar(25) DEFAULT NULL,
  `longitud_fin_traslado` varchar(25) DEFAULT NULL,
  `codigo_aprobacion` varchar(250) DEFAULT NULL,
  PRIMARY KEY (`id_soporte`)
) ENGINE=InnoDB DEFAULT CHARSET=latin1;

--
-- Dumping data for table `soportes_tecnicos_hw`
--


--
-- Table structure for table `soportes_tecnicos_hw_fotos`
--

CREATE TABLE `soportes_tecnicos_hw_fotos` (
  `id_soporte` bigint NOT NULL,
  `id_soporte_sec` int NOT NULL,
  `extension` varchar(10) NOT NULL,
  `nombre_archivo` varchar(50) NOT NULL,
  `archivo` longblob,
  `descripcion` varchar(250) NOT NULL,
  `peso` float(10,2) NOT NULL,
  `estado` int NOT NULL DEFAULT '1',
  PRIMARY KEY (`id_soporte`,`id_soporte_sec`)
) ENGINE=InnoDB DEFAULT CHARSET=latin1;

--
-- Dumping data for table `soportes_tecnicos_hw_fotos`
--


--
-- Table structure for table `soportes_tecnicos_hw_inv`
--

CREATE TABLE `soportes_tecnicos_hw_inv` (
  `id_soporte` bigint NOT NULL,
  `inventario_id` int NOT NULL DEFAULT '0',
  `codigo1` varchar(50) NOT NULL DEFAULT '0',
  `maestro_id` int NOT NULL,
  `marca_id` int DEFAULT NULL,
  `modelo` varchar(250) DEFAULT NULL,
  `tipo_movimiento` int NOT NULL,
  `observacion` varchar(4000) NOT NULL,
  `estado` int NOT NULL DEFAULT '1',
  `fecha_creacion` datetime NOT NULL,
  `fecha_registro_hist` datetime DEFAULT NULL,
  `via_id` int NOT NULL,
  PRIMARY KEY (`id_soporte`,`codigo1`)
) ENGINE=InnoDB DEFAULT CHARSET=latin1;

--
-- Dumping data for table `soportes_tecnicos_hw_inv`
--


--
-- Table structure for table `sys_permisos`
--

CREATE TABLE `sys_permisos` (
  `permiso_id` int NOT NULL AUTO_INCREMENT,
  `modulo` varchar(50) COLLATE utf8mb4_unicode_ci NOT NULL,
  `permiso_codigo` varchar(100) COLLATE utf8mb4_unicode_ci NOT NULL,
  `permiso_nombre` varchar(100) COLLATE utf8mb4_unicode_ci NOT NULL,
  `permiso_descripcion` varchar(250) COLLATE utf8mb4_unicode_ci DEFAULT NULL,
  `estado` int NOT NULL DEFAULT '1',
  `fecha_crea` datetime NOT NULL DEFAULT CURRENT_TIMESTAMP,
  PRIMARY KEY (`permiso_id`),
  UNIQUE KEY `uk_permiso_codigo` (`permiso_codigo`),
  KEY `idx_modulo` (`modulo`)
) ENGINE=InnoDB AUTO_INCREMENT=35 DEFAULT CHARSET=utf8mb4 COLLATE=utf8mb4_unicode_ci;

--
-- Dumping data for table `sys_permisos`
--



--
-- Table structure for table `sys_rol_permisos`
--

CREATE TABLE `sys_rol_permisos` (
  `rol_id` int NOT NULL,
  `permiso_id` int NOT NULL,
  `fecha_asignacion` datetime NOT NULL DEFAULT CURRENT_TIMESTAMP,
  `usuario_asigna` int DEFAULT NULL,
  PRIMARY KEY (`rol_id`,`permiso_id`)
) ENGINE=InnoDB DEFAULT CHARSET=utf8mb4 COLLATE=utf8mb4_unicode_ci;

--
-- Dumping data for table `sys_rol_permisos`
--

INSERT INTO `sys_rol_permisos` (`rol_id`, `permiso_id`, `fecha_asignacion`, `usuario_asigna`) VALUES (1,1,'2026-02-05 06:12:46',1),(1,2,'2026-02-05 06:12:46',1),(1,3,'2026-02-05 06:12:46',1),(1,4,'2026-02-05 06:12:46',1),(1,5,'2026-02-05 06:12:46',1),(1,6,'2026-02-05 06:12:46',1),(1,7,'2026-02-05 06:12:46',1),(1,8,'2026-02-05 06:12:46',1),(1,9,'2026-02-05 06:12:46',1),(1,10,'2026-02-05 06:12:46',1),(1,11,'2026-02-05 06:12:46',1),(1,12,'2026-02-05 06:12:46',1),(1,13,'2026-02-05 06:12:46',1),(1,14,'2026-02-05 06:12:46',1),(1,15,'2026-02-05 06:12:46',1),(1,16,'2026-02-05 06:12:46',1),(1,17,'2026-02-05 06:12:46',1),(1,18,'2026-02-05 06:12:46',1),(1,19,'2026-02-05 06:12:46',1),(1,20,'2026-02-05 06:12:46',1),(1,21,'2026-02-05 06:12:46',1),(1,22,'2026-02-05 06:12:46',1),(1,23,'2026-02-05 06:12:46',1),(1,24,'2026-02-05 06:12:46',1),(1,25,'2026-02-05 06:12:46',1),(1,26,'2026-02-05 06:12:46',1),(1,27,'2026-02-05 06:12:46',1),(1,28,'2026-02-05 06:12:46',1),(1,29,'2026-02-05 06:12:46',1),(1,30,'2026-02-05 06:12:46',1),(1,31,'2026-02-05 06:12:46',1),(1,32,'2026-02-05 06:12:46',1),(1,33,'2026-02-07 01:14:44',NULL),(2,10,'2026-02-05 06:12:46',1),(2,15,'2026-02-05 06:12:46',1),(2,16,'2026-02-05 06:12:46',1),(2,17,'2026-02-05 06:12:46',1),(2,19,'2026-02-05 06:12:46',1),(2,23,'2026-02-05 06:12:46',1),(2,26,'2026-02-05 06:12:46',1),(2,28,'2026-02-05 06:12:46',1),(2,29,'2026-02-05 06:12:46',1),(3,1,'2026-02-05 06:12:46',1),(3,2,'2026-02-05 06:12:46',1),(3,3,'2026-02-05 06:12:46',1),(3,5,'2026-02-05 06:12:46',1),(3,6,'2026-02-05 06:12:46',1),(3,8,'2026-02-05 06:12:46',1),(3,10,'2026-02-05 06:12:46',1),(3,11,'2026-02-05 06:12:46',1),(3,12,'2026-02-05 06:12:46',1),(3,15,'2026-02-05 06:12:46',1),(3,16,'2026-02-05 06:12:46',1),(3,19,'2026-02-05 06:12:46',1),(3,23,'2026-02-05 06:12:46',1),(3,27,'2026-02-05 06:12:46',1),(3,28,'2026-02-05 06:12:46',1),(3,29,'2026-02-05 06:12:46',1),(3,31,'2026-02-05 06:12:46',1),(4,8,'2026-02-05 06:12:46',1),(4,9,'2026-02-05 06:12:46',1),(4,10,'2026-02-05 06:12:46',1),(4,15,'2026-02-05 06:12:46',1),(4,16,'2026-02-05 06:12:46',1),(4,31,'2026-02-05 06:12:46',1),(4,32,'2026-02-05 06:12:46',1),(5,10,'2026-02-05 06:12:46',1),(5,15,'2026-02-05 06:12:46',1),(5,16,'2026-02-05 06:12:46',1),(5,17,'2026-02-05 06:12:46',1),(5,23,'2026-02-05 06:12:46',1),(5,24,'2026-02-05 06:12:46',1),(6,10,'2026-02-05 06:12:46',1),(6,15,'2026-02-05 06:12:46',1),(6,16,'2026-02-05 06:12:46',1),(6,18,'2026-02-05 06:12:46',1),(7,10,'2026-02-05 06:12:46',1),(7,15,'2026-02-05 06:12:46',1),(7,16,'2026-02-05 06:12:46',1),(7,17,'2026-02-05 06:12:46',1),(7,19,'2026-02-05 06:12:46',1),(7,20,'2026-02-05 06:12:46',1),(7,23,'2026-02-05 06:12:46',1),(8,1,'2026-02-05 06:12:46',1),(8,2,'2026-02-05 06:12:46',1),(8,3,'2026-02-05 06:12:46',1),(8,4,'2026-02-05 06:12:46',1),(8,5,'2026-02-05 06:12:46',1),(8,6,'2026-02-05 06:12:46',1),(8,7,'2026-02-05 06:12:46',1),(8,8,'2026-02-05 06:12:46',1),(8,9,'2026-02-05 06:12:46',1),(8,10,'2026-02-05 06:12:46',1),(8,11,'2026-02-05 06:12:46',1),(8,12,'2026-02-05 06:12:46',1),(8,13,'2026-02-05 06:12:46',1),(8,14,'2026-02-05 06:12:46',1),(8,15,'2026-02-05 06:12:46',1),(8,16,'2026-02-05 06:12:46',1),(8,17,'2026-02-05 06:12:46',1),(8,18,'2026-02-05 06:12:46',1),(8,19,'2026-02-05 06:12:46',1),(8,20,'2026-02-05 06:12:46',1),(8,21,'2026-02-05 06:12:46',1),(8,22,'2026-02-05 06:12:46',1),(8,23,'2026-02-05 06:12:46',1),(8,24,'2026-02-05 06:12:46',1),(8,25,'2026-02-05 06:12:46',1),(8,26,'2026-02-05 06:12:46',1),(8,27,'2026-02-05 06:12:46',1),(8,28,'2026-02-05 06:12:46',1),(8,29,'2026-02-05 06:12:46',1),(8,30,'2026-02-05 06:12:46',1),(8,31,'2026-02-05 06:12:46',1),(8,32,'2026-02-05 06:12:46',1),(8,33,'2026-02-07 01:14:44',NULL);

--
-- Table structure for table `sys_roles`
--

CREATE TABLE `sys_roles` (
  `rol_id` int NOT NULL AUTO_INCREMENT,
  `rol_codigo` varchar(50) COLLATE utf8mb4_unicode_ci NOT NULL,
  `rol_nombre` varchar(100) COLLATE utf8mb4_unicode_ci NOT NULL,
  `rol_descripcion` varchar(500) COLLATE utf8mb4_unicode_ci DEFAULT NULL,
  `acceso_web` tinyint(1) NOT NULL DEFAULT '1',
  `acceso_app` tinyint(1) NOT NULL DEFAULT '0',
  `es_sistema` tinyint(1) NOT NULL DEFAULT '0',
  `estado` int NOT NULL DEFAULT '1',
  `usuario_crea` int DEFAULT NULL,
  `fecha_crea` datetime NOT NULL DEFAULT CURRENT_TIMESTAMP,
  `usuario_modifica` int DEFAULT NULL,
  `fecha_modifica` datetime DEFAULT NULL,
  PRIMARY KEY (`rol_id`),
  UNIQUE KEY `uk_rol_codigo` (`rol_codigo`)
) ENGINE=InnoDB AUTO_INCREMENT=9 DEFAULT CHARSET=utf8mb4 COLLATE=utf8mb4_unicode_ci;

--
-- Dumping data for table `sys_roles`
--

INSERT INTO `sys_roles` (`rol_id`, `rol_codigo`, `rol_nombre`, `rol_descripcion`, `acceso_web`, `acceso_app`, `es_sistema`, `estado`, `usuario_crea`, `fecha_crea`, `usuario_modifica`, `fecha_modifica`) VALUES (1,'SISTEMAS','Sistemas','SuperAdmin - Control total',1,1,1,1,1,'2026-02-03 00:29:21',NULL,NULL),(2,'GERENTE','Gerente','Reportería ejecutiva',1,0,1,1,1,'2026-02-03 00:29:21',NULL,NULL),(3,'ADMINISTRACION','Administración','Calendarios, usuarios, catálogos',1,0,1,1,1,'2026-02-03 00:29:21',NULL,NULL),(4,'PROGRAMADORES','Programadores','Web: reportes, APP: testing',1,1,1,1,1,'2026-02-03 00:29:21',NULL,NULL),(5,'MESA_AYUDA','Mesa de Ayuda','Alertas, monitoreo',1,1,1,1,1,'2026-02-03 00:29:21',NULL,NULL),(6,'TECNICOS','Técnicos','Solo APP - Ejecución',0,1,1,1,1,'2026-02-03 00:29:21',NULL,NULL),(7,'JEFE_OPERATIVO','Jefe Operativo','Web - Aprobación QR+PIN',1,0,1,1,1,'2026-02-03 00:29:21',NULL,NULL),(8,'ADMINISTRADOR','Administrador','Administrador del sistema con acceso completo',1,1,1,1,1,'2026-02-04 07:44:07',NULL,NULL);

--
-- Table structure for table `tareas_requerimiento`
--

CREATE TABLE `tareas_requerimiento` (
  `tar_id` int NOT NULL AUTO_INCREMENT,
  `req_id` int NOT NULL,
  `tar_descripcion` varchar(500) NOT NULL,
  `usu_id` int NOT NULL,
  `tar_horas` int NOT NULL,
  `tar_fecha_ini_apox` date DEFAULT NULL,
  `tar_fecha_fin_apox` date DEFAULT NULL,
  `tar_estado` int NOT NULL DEFAULT '1' COMMENT '0 = anulado, 1 = activo, 2 = en desarrollo, 3 = finalizado',
  `tar_fecha_ini_real` date DEFAULT NULL,
  `tar_fecha_fin_real` date DEFAULT NULL,
  PRIMARY KEY (`tar_id`)
) ENGINE=InnoDB DEFAULT CHARSET=latin1;

--
-- Dumping data for table `tareas_requerimiento`
--


--
-- Table structure for table `turnos_mesa_ayuda`
--

CREATE TABLE `turnos_mesa_ayuda` (
  `id_trabajo` int NOT NULL AUTO_INCREMENT,
  `usu_id` int NOT NULL,
  `id_turno` int NOT NULL,
  `fecha_horario` date NOT NULL,
  `fecha_ingreso` datetime NOT NULL,
  `salida_lunch` datetime DEFAULT NULL,
  `regreso_lunch` datetime DEFAULT NULL,
  `fecha_salida` datetime DEFAULT NULL,
  `estado` int NOT NULL DEFAULT '1',
  `migrado` int NOT NULL DEFAULT '0',
  PRIMARY KEY (`id_turno`,`fecha_horario`),
  KEY `id_trabajo` (`id_trabajo`)
) ENGINE=InnoDB AUTO_INCREMENT=3304 DEFAULT CHARSET=latin1;

--
-- Dumping data for table `turnos_mesa_ayuda`
--

INSERT INTO `turnos_mesa_ayuda` (`id_trabajo`, `usu_id`, `id_turno`, `fecha_horario`, `fecha_ingreso`, `salida_lunch`, `regreso_lunch`, `fecha_salida`, `estado`, `migrado`) VALUES (26,24,1,'2022-09-30','2022-09-30 00:34:05',NULL,NULL,'2022-09-30 09:00:13',2,1),(28,26,1,'2022-10-01','2022-10-01 01:16:28',NULL,NULL,'2022-10-01 08:30:29',2,1),(32,26,1,'2022-10-02','2022-10-02 01:02:34',NULL,NULL,'2022-10-02 08:31:28',2,1),(34,24,1,'2022-10-03','2022-10-03 00:34:13',NULL,NULL,'2022-10-03 08:47:03',2,1),(37,24,1,'2022-10-04','2022-10-04 00:33:05',NULL,NULL,'2022-10-04 08:56:34',2,1),(40,24,1,'2022-10-05','2022-10-05 00:42:16',NULL,NULL,'2022-10-05 08:59:21',2,1),(43,24,1,'2022-10-06','2022-10-06 00:31:52',NULL,NULL,'2022-10-06 08:49:08',2,1),(46,26,1,'2022-10-07','2022-10-07 00:29:53',NULL,NULL,'2022-10-07 08:49:09',2,1),(48,26,1,'2022-10-08','2022-10-08 00:30:13',NULL,NULL,'2022-10-08 08:30:53',2,1),(50,23,1,'2022-10-09','2022-10-09 00:30:07',NULL,NULL,'2022-10-09 08:36:06',2,1),(52,23,1,'2022-10-10','2022-10-10 00:35:33',NULL,NULL,'2022-10-10 08:36:30',2,1),(54,23,1,'2022-10-11','2022-10-11 00:30:24',NULL,NULL,'2022-10-11 08:48:13',2,1),(79,23,1,'2022-10-12','2022-10-12 00:33:19',NULL,NULL,'2022-10-12 08:30:56',2,1),(84,23,1,'2022-10-13','2022-10-13 00:33:14',NULL,NULL,'2022-10-13 09:12:06',2,1),(93,33,1,'2022-10-14','2022-10-14 00:31:12',NULL,NULL,'2022-10-14 08:39:56',2,1),(108,26,1,'2022-10-15','2022-10-15 00:29:02',NULL,NULL,'2022-10-15 08:34:05',2,1),(110,26,1,'2022-10-16','2022-10-16 00:34:18',NULL,NULL,'2022-10-16 08:38:32',2,1),(112,26,1,'2022-10-17','2022-10-17 00:49:42',NULL,NULL,'2022-10-17 08:52:48',2,1),(115,26,1,'2022-10-18','2022-10-18 00:39:19',NULL,NULL,'2022-10-18 08:30:06',2,1),(118,26,1,'2022-10-19','2022-10-19 00:33:56',NULL,NULL,'2022-10-19 08:45:46',2,1),(121,26,1,'2022-10-20','2022-10-20 00:40:20',NULL,NULL,'2022-10-20 08:49:33',2,1),(124,26,1,'2022-10-21','2022-10-21 00:33:00',NULL,NULL,'2022-10-21 08:30:42',2,1),(127,24,1,'2022-10-22','2022-10-22 00:36:02',NULL,NULL,'2022-10-22 08:41:26',2,1),(129,24,1,'2022-10-23','2022-10-23 00:44:49',NULL,NULL,'2022-10-23 09:09:57',2,1),(131,24,1,'2022-10-24','2022-10-24 00:37:30',NULL,NULL,'2022-10-24 08:31:05',2,1),(134,24,1,'2022-10-25','2022-10-25 00:32:59',NULL,NULL,'2022-10-25 09:25:17',2,1),(137,24,1,'2022-10-26','2022-10-26 00:34:30',NULL,NULL,'2022-10-26 08:41:14',2,1),(140,24,1,'2022-10-27','2022-10-27 00:32:07',NULL,NULL,'2022-10-27 09:21:34',2,1),(142,24,1,'2022-10-28','2022-10-28 00:32:42',NULL,NULL,'2022-10-28 08:36:57',2,1),(145,33,1,'2022-10-29','2022-10-29 00:43:11',NULL,NULL,'2022-10-29 08:37:32',2,1),(148,33,1,'2022-10-30','2022-10-29 23:36:21',NULL,NULL,'2022-10-30 07:48:21',2,1),(151,33,1,'2022-10-31','2022-10-30 23:36:26',NULL,NULL,'2022-10-31 07:34:54',2,1),(154,33,1,'2022-11-01','2022-11-01 00:36:18',NULL,NULL,'2022-11-01 08:37:27',2,1),(157,33,1,'2022-11-02','2022-11-02 00:33:10',NULL,NULL,'2022-11-02 08:34:56',2,1),(160,33,1,'2022-11-03','2022-11-03 00:34:33',NULL,NULL,'2022-11-03 08:46:37',2,1),(162,33,1,'2022-11-04','2022-11-04 00:34:22',NULL,NULL,'2022-11-04 08:31:48',2,1),(165,23,1,'2022-11-05','2022-11-05 00:33:17',NULL,NULL,'2022-11-05 08:36:45',2,1),(168,23,1,'2022-11-06','2022-11-06 00:32:36',NULL,NULL,'2022-11-06 08:39:29',2,1),(171,23,1,'2022-11-07','2022-11-07 00:30:51',NULL,NULL,'2022-11-07 08:48:43',2,1),(174,23,1,'2022-11-08','2022-11-08 00:31:59',NULL,NULL,'2022-11-08 08:30:33',2,1),(177,23,1,'2022-11-09','2022-11-09 00:30:37',NULL,NULL,'2022-11-09 08:51:19',2,1),(180,23,1,'2022-11-10','2022-11-10 00:31:12',NULL,NULL,'2022-11-10 08:35:09',2,1),(182,23,1,'2022-11-11','2022-11-11 00:30:48',NULL,NULL,'2022-11-11 08:33:05',2,1),(185,26,1,'2022-11-12','2022-11-12 00:37:01',NULL,NULL,'2022-11-12 08:31:41',2,1),(188,26,1,'2022-11-13','2022-11-13 00:36:33',NULL,NULL,'2022-11-13 08:31:04',2,1),(191,26,1,'2022-11-14','2022-11-14 00:36:46',NULL,NULL,'2022-11-14 08:32:28',2,1),(194,26,1,'2022-11-15','2022-11-15 00:33:11',NULL,NULL,'2022-11-15 08:35:42',2,1),(197,26,1,'2022-11-16','2022-11-16 00:48:35',NULL,NULL,'2022-11-16 08:49:22',2,1),(200,26,1,'2022-11-17','2022-11-17 00:41:31',NULL,NULL,'2022-11-17 08:36:21',2,1),(202,26,1,'2022-11-18','2022-11-18 00:40:52',NULL,NULL,'2022-11-18 08:36:08',2,1),(205,24,1,'2022-11-19','2022-11-19 00:37:29',NULL,NULL,'2022-11-19 08:37:23',2,1),(208,24,1,'2022-11-20','2022-11-20 01:43:52',NULL,NULL,'2022-11-20 08:43:12',2,1),(211,24,1,'2022-11-21','2022-11-21 00:28:44',NULL,NULL,'2022-11-21 09:00:17',2,1),(214,24,1,'2022-11-22','2022-11-22 00:29:44',NULL,NULL,'2022-11-22 08:32:03',2,1),(217,24,1,'2022-11-23','2022-11-23 00:35:52',NULL,NULL,'2022-11-23 09:29:47',2,1),(220,24,1,'2022-11-24','2022-11-24 00:41:47',NULL,NULL,'2022-11-24 08:43:29',2,1),(222,24,1,'2022-11-25','2022-11-25 00:40:34',NULL,NULL,'2022-11-25 09:01:10',2,1),(225,33,1,'2022-11-26','2022-11-26 00:35:24',NULL,NULL,'2022-11-26 08:35:40',2,1),(228,33,1,'2022-11-27','2022-11-27 00:43:22',NULL,NULL,'2022-11-27 08:57:29',2,1),(231,33,1,'2022-11-28','2022-11-28 00:35:47',NULL,NULL,'2022-11-28 08:37:11',2,1),(234,33,1,'2022-11-29','2022-11-29 00:36:24',NULL,NULL,'2022-11-29 09:13:38',2,1),(237,33,1,'2022-11-30','2022-11-30 00:30:31',NULL,NULL,'2022-11-30 09:14:23',2,1),(240,33,1,'2022-12-01','2022-12-01 00:43:31',NULL,NULL,'2022-12-01 08:45:09',2,1),(242,33,1,'2022-12-02','2022-12-02 00:29:33',NULL,NULL,'2022-12-02 08:33:43',2,1),(245,23,1,'2022-12-03','2022-12-03 00:31:05',NULL,NULL,'2022-12-03 08:35:43',2,1),(248,23,1,'2022-12-04','2022-12-04 00:30:51',NULL,NULL,'2022-12-04 08:38:19',2,1),(251,23,1,'2022-12-05','2022-12-05 00:30:37',NULL,NULL,'2022-12-05 08:43:01',2,1),(254,23,1,'2022-12-06','2022-12-06 00:31:52',NULL,NULL,'2022-12-06 08:44:42',2,1),(257,23,1,'2022-12-07','2022-12-07 00:30:53',NULL,NULL,'2022-12-07 09:08:28',2,1),(260,23,1,'2022-12-08','2022-12-08 00:33:51',NULL,NULL,'2022-12-08 08:46:05',2,1),(262,23,1,'2022-12-09','2022-12-09 00:32:34',NULL,NULL,'2022-12-09 08:50:24',2,1),(265,26,1,'2022-12-10','2022-12-10 00:33:47',NULL,NULL,'2022-12-10 08:28:02',2,1),(268,26,1,'2022-12-11','2022-12-11 00:42:29',NULL,NULL,'2022-12-11 08:34:08',2,1),(271,26,1,'2022-12-12','2022-12-12 00:42:34',NULL,NULL,'2022-12-12 08:35:45',2,1),(274,26,1,'2022-12-13','2022-12-13 00:41:07',NULL,NULL,'2022-12-13 08:36:29',2,1),(277,26,1,'2022-12-14','2022-12-14 00:41:51',NULL,NULL,'2022-12-14 08:31:53',2,1),(280,26,1,'2022-12-15','2022-12-15 00:42:38',NULL,NULL,'2022-12-15 08:32:20',2,1),(282,26,1,'2022-12-16','2022-12-16 00:34:19',NULL,NULL,'2022-12-16 08:31:36',2,1),(285,24,1,'2022-12-17','2022-12-17 00:27:18',NULL,NULL,'2022-12-17 09:20:28',2,1),(288,24,1,'2022-12-18','2022-12-18 00:37:46',NULL,NULL,'2022-12-18 09:16:07',2,1),(291,24,1,'2022-12-19','2022-12-19 00:45:58',NULL,NULL,'2022-12-19 08:43:42',2,1),(294,24,1,'2022-12-20','2022-12-20 00:30:18',NULL,NULL,'2022-12-20 09:13:59',2,1),(297,24,1,'2022-12-21','2022-12-21 00:37:50',NULL,NULL,'2022-12-21 09:02:52',2,1),(300,24,1,'2022-12-22','2022-12-22 00:34:30',NULL,NULL,'2022-12-22 08:46:08',2,1),(302,24,1,'2022-12-23','2022-12-23 00:46:55',NULL,NULL,'2022-12-23 08:56:09',2,1),(305,33,1,'2022-12-24','2022-12-24 00:32:32',NULL,NULL,'2022-12-24 08:31:30',2,1),(308,33,1,'2022-12-25','2022-12-25 00:27:18',NULL,NULL,'2022-12-25 08:43:08',2,1),(311,33,1,'2022-12-26','2022-12-26 00:40:56',NULL,NULL,'2022-12-26 08:38:55',2,1),(314,33,1,'2022-12-27','2022-12-27 00:22:46',NULL,NULL,'2022-12-27 08:30:18',2,1),(317,33,1,'2022-12-28','2022-12-28 00:25:18',NULL,NULL,'2022-12-28 08:39:51',2,1),(320,33,1,'2022-12-29','2022-12-29 02:05:50',NULL,NULL,'2022-12-29 08:29:20',2,1),(322,33,1,'2022-12-30','2022-12-30 00:33:10',NULL,NULL,'2022-12-30 08:35:13',2,1),(325,23,1,'2022-12-31','2022-12-31 00:30:30',NULL,NULL,'2022-12-31 09:20:11',2,1),(328,23,1,'2023-01-01','2023-01-01 00:24:27',NULL,NULL,'2023-01-01 08:30:03',2,1),(331,23,1,'2023-01-02','2023-01-02 00:31:05',NULL,NULL,'2023-01-02 09:06:52',2,1),(334,23,1,'2023-01-03','2023-01-03 00:34:29',NULL,NULL,'2023-01-03 08:46:36',2,1),(337,23,1,'2023-01-04','2023-01-04 00:30:51',NULL,NULL,'2023-01-04 08:30:13',2,1),(340,23,1,'2023-01-05','2023-01-05 00:42:31',NULL,NULL,'2023-01-05 08:45:37',2,1),(342,23,1,'2023-01-06','2023-01-06 00:30:38',NULL,NULL,'2023-01-06 08:49:43',2,1),(345,26,1,'2023-01-07','2023-01-07 00:44:01',NULL,NULL,'2023-01-07 08:50:46',2,1),(348,26,1,'2023-01-08','2023-01-08 00:41:19',NULL,NULL,'2023-01-08 08:36:59',2,1),(351,26,1,'2023-01-09','2023-01-09 00:39:40',NULL,NULL,'2023-01-09 08:32:02',2,1),(354,26,1,'2023-01-10','2023-01-10 00:44:01',NULL,NULL,'2023-01-10 08:36:35',2,1),(357,26,1,'2023-01-11','2023-01-11 00:41:03',NULL,NULL,'2023-01-11 05:31:48',2,1),(360,26,1,'2023-01-12','2023-01-12 00:51:47',NULL,NULL,'2023-01-12 08:39:59',2,1),(362,26,1,'2023-01-13','2023-01-12 22:47:19',NULL,NULL,'2023-01-13 08:32:17',2,1),(365,24,1,'2023-01-14','2023-01-14 00:58:31',NULL,NULL,'2023-01-14 09:36:18',2,1),(368,24,1,'2023-01-15','2023-01-15 00:35:00',NULL,NULL,'2023-01-15 08:53:14',2,1),(371,24,1,'2023-01-16','2023-01-16 00:32:02',NULL,NULL,'2023-01-16 09:04:26',2,1),(374,24,1,'2023-01-17','2023-01-17 00:33:16',NULL,NULL,'2023-01-17 08:36:55',2,1),(377,24,1,'2023-01-18','2023-01-18 00:36:09',NULL,NULL,'2023-01-18 10:13:48',2,1),(380,24,1,'2023-01-19','2023-01-19 00:30:26',NULL,NULL,'2023-01-19 09:29:33',2,1),(382,24,1,'2023-01-20','2023-01-20 00:45:39',NULL,NULL,'2023-01-20 10:04:25',2,1),(385,33,1,'2023-01-21','2023-01-21 00:34:11',NULL,NULL,'2023-01-21 08:30:10',2,1),(388,33,1,'2023-01-22','2023-01-22 00:25:32',NULL,NULL,'2023-01-22 08:25:06',2,1),(391,33,1,'2023-01-23','2023-01-23 00:12:41',NULL,NULL,'2023-01-23 09:15:15',2,1),(394,33,1,'2023-01-24','2023-01-24 00:08:11',NULL,NULL,'2023-01-24 08:59:26',2,1),(397,33,1,'2023-01-25','2023-01-25 00:21:40',NULL,NULL,'2023-01-25 08:30:07',2,1),(400,33,1,'2023-01-26','2023-01-26 00:38:08',NULL,NULL,'2023-01-26 08:30:54',2,1),(402,33,1,'2023-01-27','2023-01-27 00:27:12',NULL,NULL,'2023-01-27 08:57:49',2,1),(405,23,1,'2023-01-28','2023-01-28 00:31:18',NULL,NULL,'2023-01-28 09:00:52',2,1),(408,23,1,'2023-01-29','2023-01-29 00:31:41',NULL,NULL,'2023-01-29 08:40:03',2,1),(411,23,1,'2023-01-30','2023-01-30 00:30:33',NULL,NULL,'2023-01-30 08:59:52',2,1),(415,23,1,'2023-01-31','2023-01-31 00:31:05',NULL,NULL,'2023-01-31 08:45:50',2,1),(418,23,1,'2023-02-01','2023-02-01 00:30:06',NULL,NULL,'2023-02-01 08:41:22',2,1),(421,23,1,'2023-02-02','2023-02-02 00:31:14',NULL,NULL,'2023-02-02 08:38:58',2,1),(423,23,1,'2023-02-03','2023-02-03 00:30:20',NULL,NULL,'2023-02-03 08:43:44',2,1),(426,26,1,'2023-02-04','2023-02-04 00:44:45',NULL,NULL,'2023-02-04 08:34:32',2,1),(429,26,1,'2023-02-05','2023-02-05 00:28:53',NULL,NULL,'2023-02-05 08:49:31',2,1),(432,26,1,'2023-02-06','2023-02-06 00:40:37',NULL,NULL,'2023-02-06 08:48:00',2,1),(435,26,1,'2023-02-07','2023-02-07 00:42:26',NULL,NULL,'2023-02-07 08:41:58',2,1),(438,26,1,'2023-02-08','2023-02-08 00:43:47',NULL,NULL,'2023-02-08 08:30:42',2,1),(441,26,1,'2023-02-09','2023-02-09 00:45:03',NULL,NULL,'2023-02-09 08:34:14',2,1),(443,26,1,'2023-02-10','2023-02-10 00:39:33',NULL,NULL,'2023-02-10 08:52:42',2,1),(446,24,1,'2023-02-11','2023-02-11 00:30:51',NULL,NULL,'2023-02-11 08:48:15',2,1),(449,24,1,'2023-02-12','2023-02-12 00:31:14',NULL,NULL,'2023-02-12 08:32:21',2,1),(452,24,1,'2023-02-13','2023-02-13 00:28:00',NULL,NULL,'2023-02-13 08:52:23',2,1),(455,24,1,'2023-02-14','2023-02-14 00:36:55',NULL,NULL,'2023-02-14 09:43:18',2,1),(458,24,1,'2023-02-15','2023-02-15 00:36:50',NULL,NULL,'2023-02-15 09:00:40',2,1),(461,24,1,'2023-02-16','2023-02-16 00:48:30',NULL,NULL,'2023-02-16 09:20:15',2,1),(463,24,1,'2023-02-17','2023-02-17 00:27:48',NULL,NULL,'2023-02-17 08:59:15',2,1),(466,33,1,'2023-02-18','2023-02-18 00:23:42',NULL,NULL,'2023-02-18 08:31:04',2,1),(469,33,1,'2023-02-19','2023-02-19 00:37:12',NULL,NULL,'2023-02-19 08:43:02',2,1),(472,33,1,'2023-02-20','2023-02-20 00:28:11',NULL,NULL,'2023-02-20 08:45:00',2,1),(475,33,1,'2023-02-21','2023-02-21 00:24:25',NULL,NULL,'2023-02-21 08:25:44',2,1),(478,33,1,'2023-02-22','2023-02-22 00:13:36',NULL,NULL,'2023-02-22 08:45:39',2,1),(481,33,1,'2023-02-23','2023-02-23 00:20:19',NULL,NULL,'2023-02-23 10:04:43',2,1),(483,33,1,'2023-02-24','2023-02-24 00:24:43',NULL,NULL,'2023-02-24 09:15:55',2,1),(486,23,1,'2023-02-25','2023-02-25 00:30:24',NULL,NULL,'2023-02-25 09:09:55',2,1),(489,23,1,'2023-02-26','2023-02-26 00:31:41',NULL,NULL,'2023-02-26 08:36:40',2,1),(492,23,1,'2023-02-27','2023-02-27 00:30:37',NULL,NULL,'2023-02-27 08:58:33',2,1),(495,23,1,'2023-02-28','2023-02-28 00:10:55',NULL,NULL,'2023-02-28 08:57:51',2,1),(498,23,1,'2023-03-01','2023-03-01 00:32:06',NULL,NULL,'2023-03-01 08:55:53',2,1),(501,23,1,'2023-03-02','2023-03-02 00:30:21',NULL,NULL,'2023-03-02 09:00:07',2,1),(503,23,1,'2023-03-03','2023-03-03 00:31:09',NULL,NULL,'2023-03-03 08:37:21',2,1),(506,26,1,'2023-03-04','2023-03-04 00:33:34',NULL,NULL,'2023-03-04 08:38:18',2,1),(509,26,1,'2023-03-05','2023-03-05 00:44:30',NULL,NULL,'2023-03-05 08:35:18',2,1),(512,26,1,'2023-03-06','2023-03-06 00:38:34',NULL,NULL,'2023-03-06 08:36:13',2,1),(514,26,1,'2023-03-07','2023-03-07 00:37:55',NULL,NULL,'2023-03-07 08:40:20',2,1),(516,26,1,'2023-03-08','2023-03-08 00:44:50',NULL,NULL,'2023-03-08 08:35:00',2,1),(519,26,1,'2023-03-09','2023-03-09 00:45:42',NULL,NULL,'2023-03-09 08:44:34',2,1),(521,26,1,'2023-03-10','2023-03-10 00:46:22',NULL,NULL,'2023-03-10 08:55:20',2,1),(523,24,1,'2023-03-11','2023-03-11 00:29:01',NULL,NULL,'2023-03-11 09:08:44',2,1),(525,24,1,'2023-03-12','2023-03-12 00:42:26',NULL,NULL,'2023-03-12 10:10:57',2,1),(527,24,1,'2023-03-13','2023-03-13 00:18:38',NULL,NULL,'2023-03-13 09:54:56',2,1),(530,24,1,'2023-03-14','2023-03-14 00:37:13',NULL,NULL,'2023-03-14 09:22:05',2,1),(533,24,1,'2023-03-15','2023-03-15 00:26:45',NULL,NULL,'2023-03-15 09:41:51',2,1),(536,24,1,'2023-03-16','2023-03-16 00:38:29',NULL,NULL,'2023-03-16 09:00:18',2,1),(538,24,1,'2023-03-17','2023-03-17 00:47:39',NULL,NULL,'2023-03-17 09:05:51',2,1),(541,33,1,'2023-03-18','2023-03-18 00:29:42',NULL,NULL,'2023-03-18 09:09:10',2,1),(544,33,1,'2023-03-19','2023-03-19 00:38:00',NULL,NULL,'2023-03-19 08:34:40',2,1),(547,33,1,'2023-03-20','2023-03-20 00:15:45',NULL,NULL,'2023-03-20 08:32:23',2,1),(549,33,1,'2023-03-21','2023-03-21 01:02:15',NULL,NULL,'2023-03-21 08:35:59',2,1),(551,33,1,'2023-03-22','2023-03-22 00:26:06',NULL,NULL,'2023-03-22 08:48:03',2,1),(554,33,1,'2023-03-23','2023-03-23 00:20:58',NULL,NULL,'2023-03-23 09:25:24',2,1),(556,33,1,'2023-03-24','2023-03-24 00:16:16',NULL,NULL,'2023-03-24 08:26:42',2,1),(558,23,1,'2023-03-25','2023-03-25 00:30:38',NULL,NULL,'2023-03-25 08:52:54',2,1),(560,23,1,'2023-03-26','2023-03-26 01:35:00',NULL,NULL,'2023-03-26 09:33:16',2,1),(562,23,1,'2023-03-27','2023-03-27 01:30:23',NULL,NULL,'2023-03-27 09:42:43',2,1),(564,23,1,'2023-03-28','2023-03-28 01:31:47',NULL,NULL,'2023-03-28 09:37:56',2,1),(566,23,1,'2023-03-29','2023-03-29 01:30:15',NULL,NULL,'2023-03-29 09:56:51',2,1),(569,23,1,'2023-03-30','2023-03-30 01:30:53',NULL,NULL,'2023-03-30 10:09:38',2,1),(571,23,1,'2023-03-31','2023-03-31 01:31:53',NULL,NULL,'2023-03-31 10:03:20',2,1),(573,33,1,'2023-04-01','2023-04-01 01:28:09',NULL,NULL,'2023-04-01 09:53:22',2,1),(575,33,1,'2023-04-02','2023-04-02 01:39:03',NULL,NULL,'2023-04-02 10:03:48',2,1),(577,23,1,'2023-04-03','2023-04-03 01:31:02',NULL,NULL,'2023-04-03 09:40:00',2,1),(584,23,1,'2023-04-04','2023-04-04 01:30:31',NULL,NULL,'2023-04-04 10:03:41',2,1),(586,23,1,'2023-04-05','2023-04-05 01:30:46',NULL,NULL,'2023-04-05 09:45:03',2,1),(589,23,1,'2023-04-06','2023-04-06 01:36:00',NULL,NULL,'2023-04-06 09:48:39',2,1),(591,23,1,'2023-04-07','2023-04-07 00:30:33',NULL,NULL,'2023-04-07 08:59:52',2,1),(593,24,1,'2023-04-08','2023-04-08 00:43:55',NULL,NULL,'2023-04-08 09:02:05',2,1),(595,24,1,'2023-04-09','2023-04-09 01:11:36',NULL,NULL,'2023-04-09 09:04:21',2,1),(597,24,1,'2023-04-10','2023-04-10 00:24:35',NULL,NULL,'2023-04-10 09:43:04',2,1),(600,24,1,'2023-04-11','2023-04-11 00:28:50',NULL,NULL,'2023-04-11 08:34:40',2,1),(603,24,1,'2023-04-12','2023-04-12 00:26:53',NULL,NULL,'2023-04-12 08:54:22',2,1),(606,24,1,'2023-04-13','2023-04-13 00:41:20',NULL,NULL,'2023-04-13 10:04:44',2,1),(608,24,1,'2023-04-14','2023-04-14 00:30:31',NULL,NULL,'2023-04-14 09:54:09',2,1),(611,33,1,'2023-04-15','2023-04-15 00:10:42',NULL,NULL,'2023-04-15 08:32:18',2,1),(614,33,1,'2023-04-16','2023-04-16 00:24:50',NULL,NULL,'2023-04-16 09:11:27',2,1),(617,33,1,'2023-04-17','2023-04-17 01:35:49',NULL,NULL,'2023-04-17 09:02:13',2,1),(620,33,1,'2023-04-18','2023-04-18 00:48:04',NULL,NULL,'2023-04-18 08:45:28',2,1),(623,33,1,'2023-04-19','2023-04-19 00:23:16',NULL,NULL,'2023-04-19 08:52:05',2,1),(626,33,1,'2023-04-20','2023-04-20 00:22:05',NULL,NULL,'2023-04-20 08:39:15',2,1),(629,33,1,'2023-04-21','2023-04-21 00:22:07',NULL,NULL,'2023-04-21 09:18:07',2,1),(632,23,1,'2023-04-22','2023-04-22 00:32:45',NULL,NULL,'2023-04-22 09:00:20',2,1),(635,23,1,'2023-04-23','2023-04-23 00:29:54',NULL,NULL,'2023-04-23 08:46:18',2,1),(638,23,1,'2023-04-24','2023-04-24 00:29:42',NULL,NULL,'2023-04-24 08:33:02',2,1),(642,23,1,'2023-04-25','2023-04-25 00:29:29',NULL,NULL,'2023-04-25 08:40:06',2,1),(645,23,1,'2023-04-26','2023-04-26 00:29:40',NULL,NULL,'2023-04-26 09:09:34',2,1),(648,23,1,'2023-04-27','2023-04-27 00:30:39',NULL,NULL,'2023-04-27 08:36:24',2,1),(650,23,1,'2023-04-28','2023-04-28 00:30:25',NULL,NULL,'2023-04-28 08:37:40',2,1),(653,26,1,'2023-04-29','2023-04-29 00:35:23',NULL,NULL,'2023-04-29 08:37:12',2,1),(656,26,1,'2023-04-30','2023-04-30 01:19:40',NULL,NULL,'2023-04-30 08:33:02',2,1),(659,26,1,'2023-05-01','2023-05-01 01:06:44',NULL,NULL,'2023-05-01 08:32:32',2,1),(662,26,1,'2023-05-02','2023-05-02 00:33:38',NULL,NULL,'2023-05-02 08:36:44',2,1),(665,26,1,'2023-05-03','2023-05-03 00:39:57',NULL,NULL,'2023-05-03 08:39:06',2,1),(668,26,1,'2023-05-04','2023-05-04 01:43:21',NULL,NULL,'2023-05-04 08:45:53',2,1),(670,26,1,'2023-05-05','2023-05-05 00:57:26',NULL,NULL,'2023-05-05 08:32:35',2,1),(673,24,1,'2023-05-06','2023-05-06 00:32:50',NULL,NULL,'2023-05-06 08:55:26',2,1),(676,24,1,'2023-05-07','2023-05-07 00:33:18',NULL,NULL,'2023-05-07 08:50:57',2,1),(679,24,1,'2023-05-08','2023-05-08 00:32:24',NULL,NULL,'2023-05-08 09:29:03',2,1),(682,24,1,'2023-05-09','2023-05-09 00:35:33',NULL,NULL,'2023-05-09 09:17:05',2,1),(685,24,1,'2023-05-10','2023-05-10 00:29:48','2023-05-10 03:00:04','2023-05-10 04:41:28','2023-05-10 09:24:42',2,1),(688,24,1,'2023-05-11','2023-05-11 00:36:39','2023-05-11 03:00:16','2023-05-11 03:57:50','2023-05-11 09:51:55',2,1),(690,24,1,'2023-05-12','2023-05-12 00:19:56','2023-05-12 05:20:50','2023-05-12 06:03:23','2023-05-12 10:18:55',2,1),(693,33,1,'2023-05-13','2023-05-13 00:23:06',NULL,NULL,'2023-05-13 08:33:17',2,1),(696,33,1,'2023-05-14','2023-05-14 00:29:56',NULL,NULL,'2023-05-14 08:35:52',2,1),(699,33,1,'2023-05-15','2023-05-15 00:34:04',NULL,NULL,'2023-05-15 08:38:08',2,1),(702,33,1,'2023-05-16','2023-05-16 00:29:48','2023-05-16 08:41:18','2023-05-16 09:32:52','2023-05-16 09:33:02',2,1),(705,33,1,'2023-05-17','2023-05-17 00:16:07','2023-05-17 08:27:33','2023-05-17 08:42:15','2023-05-17 09:44:10',2,1),(708,33,1,'2023-05-18','2023-05-18 00:16:55','2023-05-18 08:35:23','2023-05-18 09:30:23','2023-05-18 09:30:25',2,1),(710,33,1,'2023-05-19','2023-05-19 00:16:45','2023-05-19 08:19:43','2023-05-19 08:49:44','2023-05-19 09:49:54',2,1),(713,23,1,'2023-05-20','2023-05-20 00:28:58','2023-05-20 01:25:43','2023-05-20 01:25:44','2023-05-20 08:41:27',2,1),(716,23,1,'2023-05-21','2023-05-21 00:30:35','2023-05-21 02:39:20','2023-05-21 02:39:21','2023-05-21 08:50:20',2,1),(719,23,1,'2023-05-22','2023-05-22 00:30:06','2023-05-22 02:34:31','2023-05-22 02:34:33','2023-05-22 08:43:41',2,1),(722,23,1,'2023-05-23','2023-05-23 00:31:20','2023-05-23 01:07:07','2023-05-23 02:22:09','2023-05-23 08:38:50',2,1),(725,23,1,'2023-05-24','2023-05-24 00:30:09','2023-05-24 07:08:57','2023-05-24 07:08:58','2023-05-24 08:36:30',2,1),(731,23,1,'2023-05-25','2023-05-25 00:30:36','2023-05-25 00:58:43','2023-05-25 01:15:39','2023-05-25 08:46:16',2,1),(734,23,1,'2023-05-26','2023-05-26 00:29:57','2023-05-26 02:26:06','2023-05-26 02:26:06','2023-05-26 09:08:43',2,0),(736,33,1,'2023-05-27','2023-05-27 00:57:06','2023-05-27 09:03:56','2023-05-27 09:11:24','2023-05-27 09:11:32',2,1),(738,33,1,'2023-05-28','2023-05-28 00:25:06','2023-05-28 08:32:43','2023-05-28 09:05:43','2023-05-28 09:05:56',2,1),(740,26,1,'2023-05-29','2023-05-29 03:01:20',NULL,NULL,'2023-05-29 08:31:53',2,1),(742,26,1,'2023-05-30','2023-05-30 00:29:29',NULL,NULL,'2023-05-30 08:46:38',2,1),(745,26,1,'2023-05-31','2023-05-31 00:28:18','2023-05-31 08:37:47','2023-05-31 08:37:58','2023-05-31 08:38:00',2,1),(748,26,1,'2023-06-01','2023-06-01 00:49:19','2023-06-01 07:55:40','2023-06-01 08:30:39','2023-06-01 08:39:10',2,1),(751,26,1,'2023-06-02','2023-06-02 00:30:54',NULL,NULL,'2023-06-02 13:44:57',2,1),(754,24,1,'2023-06-03','2023-06-03 00:22:28','2023-06-03 07:19:59','2023-06-03 08:00:47','2023-06-03 10:04:57',2,1),(756,24,1,'2023-06-04','2023-06-04 00:17:09','2023-06-04 03:02:07','2023-06-04 04:00:36','2023-06-04 09:37:58',2,1),(758,24,1,'2023-06-05','2023-06-05 00:15:54','2023-06-05 03:48:59','2023-06-05 06:03:59','2023-06-05 09:41:35',2,1),(761,24,1,'2023-06-06','2023-06-06 00:22:57','2023-06-06 04:17:36','2023-06-06 05:05:35','2023-06-06 10:17:04',2,1),(764,24,1,'2023-06-07','2023-06-07 00:10:48','2023-06-07 03:08:28','2023-06-07 04:00:07','2023-06-07 09:33:10',2,1),(767,24,1,'2023-06-08','2023-06-08 00:23:45','2023-06-08 04:27:20','2023-06-08 05:04:00','2023-06-08 09:34:04',2,1),(770,24,1,'2023-06-09','2023-06-09 00:21:43','2023-06-09 04:09:26','2023-06-09 05:00:38','2023-06-09 09:55:57',2,1),(773,33,1,'2023-06-10','2023-06-10 00:23:50',NULL,NULL,'2023-06-10 08:33:47',2,1),(775,33,1,'2023-06-11','2023-06-11 00:24:47',NULL,NULL,'2023-06-11 08:34:22',2,1),(777,33,1,'2023-06-12','2023-06-12 00:22:26',NULL,NULL,'2023-06-12 08:41:55',2,1),(780,33,1,'2023-06-13','2023-06-13 00:22:51',NULL,NULL,'2023-06-13 08:40:01',2,1),(782,33,1,'2023-06-14','2023-06-14 00:29:25',NULL,NULL,'2023-06-14 08:42:09',2,1),(785,33,1,'2023-06-15','2023-06-15 00:24:02',NULL,NULL,'2023-06-15 08:38:33',2,1),(788,33,1,'2023-06-16','2023-06-16 00:20:48',NULL,NULL,'2023-06-16 08:30:05',2,1),(791,23,1,'2023-06-17','2023-06-17 00:30:23',NULL,NULL,'2023-06-17 08:47:08',2,1),(794,23,1,'2023-06-18','2023-06-18 00:31:29',NULL,NULL,'2023-06-18 08:54:50',2,1),(802,23,1,'2023-06-19','2023-06-19 00:29:52',NULL,NULL,'2023-06-19 08:44:25',2,1),(806,23,1,'2023-06-20','2023-06-20 00:29:44',NULL,NULL,'2023-06-20 08:50:37',2,1),(809,23,1,'2023-06-21','2023-06-21 00:31:06',NULL,NULL,'2023-06-21 08:46:17',2,1),(814,23,1,'2023-06-22','2023-06-22 00:30:45',NULL,NULL,'2023-06-22 08:50:22',2,1),(816,23,1,'2023-06-23','2023-06-23 00:29:27',NULL,NULL,'2023-06-23 08:59:26',2,1),(819,43,1,'2023-06-24','2023-06-24 00:27:40',NULL,NULL,'2023-06-24 09:32:59',2,1),(821,43,1,'2023-06-25','2023-06-25 00:23:36',NULL,NULL,'2023-06-25 08:31:15',2,1),(824,43,1,'2023-06-26','2023-06-26 00:23:39',NULL,NULL,'2023-06-26 09:17:57',2,1),(827,43,1,'2023-06-27','2023-06-27 00:29:45',NULL,NULL,'2023-06-27 08:45:11',2,1),(830,43,1,'2023-06-28','2023-06-28 00:29:36',NULL,NULL,'2023-06-28 08:47:02',2,1),(833,43,1,'2023-06-29','2023-06-29 00:23:52',NULL,NULL,'2023-06-29 09:09:18',2,1),(835,43,1,'2023-06-30','2023-06-30 00:28:44',NULL,NULL,'2023-06-30 08:35:38',2,1),(838,24,1,'2023-07-01','2023-07-01 00:15:17',NULL,NULL,'2023-07-01 08:57:22',2,1),(841,24,1,'2023-07-02','2023-07-02 00:18:50',NULL,NULL,'2023-07-02 08:52:22',2,1),(844,24,1,'2023-07-03','2023-07-03 00:32:38',NULL,NULL,'2023-07-03 09:07:54',2,1),(847,24,1,'2023-07-04','2023-07-04 00:14:23',NULL,NULL,'2023-07-04 10:36:19',2,1),(850,24,1,'2023-07-05','2023-07-05 00:19:46',NULL,NULL,'2023-07-05 09:18:51',2,1),(853,24,1,'2023-07-06','2023-07-06 00:14:08',NULL,NULL,'2023-07-06 10:12:49',2,1),(855,24,1,'2023-07-07','2023-07-07 00:22:46',NULL,NULL,'2023-07-07 09:03:19',2,1),(858,33,1,'2023-07-08','2023-07-08 00:05:21',NULL,NULL,'2023-07-08 09:08:27',2,1),(861,33,1,'2023-07-09','2023-07-09 00:08:14',NULL,NULL,'2023-07-09 08:41:09',2,1),(864,33,1,'2023-07-10','2023-07-10 00:13:02',NULL,NULL,'2023-07-10 08:39:59',2,1),(866,33,1,'2023-07-11','2023-07-11 00:12:59',NULL,NULL,'2023-07-11 08:39:01',2,1),(868,33,1,'2023-07-12','2023-07-12 00:18:19',NULL,NULL,'2023-07-12 08:49:42',2,1),(871,33,1,'2023-07-13','2023-07-13 00:24:38',NULL,NULL,'2023-07-13 08:33:42',2,1),(873,33,1,'2023-07-14','2023-07-14 00:26:06',NULL,NULL,'2023-07-14 09:19:14',2,1),(875,23,1,'2023-07-15','2023-07-15 00:29:09',NULL,NULL,'2023-07-15 08:51:47',2,1),(877,23,1,'2023-07-16','2023-07-16 00:29:59',NULL,NULL,'2023-07-16 08:37:36',2,1),(879,23,1,'2023-07-17','2023-07-17 00:29:57',NULL,NULL,'2023-07-17 09:07:55',2,1),(882,23,1,'2023-07-18','2023-07-18 00:30:07',NULL,NULL,'2023-07-18 08:34:30',2,1),(885,23,1,'2023-07-19','2023-07-19 00:28:27',NULL,NULL,'2023-07-19 08:41:20',2,1),(888,23,1,'2023-07-20','2023-07-20 00:29:09',NULL,NULL,'2023-07-20 08:51:28',2,1),(890,23,1,'2023-07-21','2023-07-21 00:30:20',NULL,NULL,'2023-07-21 08:39:49',2,1),(893,43,1,'2023-07-22','2023-07-22 00:26:38',NULL,NULL,'2023-07-22 08:50:13',2,1),(896,43,1,'2023-07-23','2023-07-23 00:21:23',NULL,NULL,'2023-07-23 08:42:52',2,1),(899,43,1,'2023-07-24','2023-07-24 00:24:09',NULL,NULL,'2023-07-24 08:37:51',2,1),(902,43,1,'2023-07-25','2023-07-25 00:24:24','2023-07-25 09:08:23','2023-07-25 09:08:25','2023-07-25 09:08:26',2,1),(905,43,1,'2023-07-26','2023-07-26 00:24:05',NULL,NULL,'2023-07-26 08:30:37',2,1),(908,43,1,'2023-07-27','2023-07-27 00:29:11',NULL,NULL,'2023-07-27 09:25:33',2,1),(910,43,1,'2023-07-28','2023-07-28 00:21:37',NULL,NULL,'2023-07-28 08:35:15',2,1),(913,24,1,'2023-07-29','2023-07-29 00:24:28',NULL,NULL,'2023-07-29 09:00:25',2,1),(916,24,1,'2023-07-30','2023-07-30 00:23:18',NULL,NULL,'2023-07-30 08:33:40',2,1),(919,24,1,'2023-07-31','2023-07-31 02:18:06',NULL,NULL,'2023-07-31 08:38:32',2,1),(922,24,1,'2023-08-01','2023-08-01 00:21:30',NULL,NULL,'2023-08-01 09:02:25',2,1),(925,24,1,'2023-08-02','2023-08-02 00:13:04',NULL,NULL,'2023-08-02 09:42:49',2,1),(928,24,1,'2023-08-03','2023-08-03 00:15:04',NULL,NULL,'2023-08-03 09:34:57',2,1),(930,24,1,'2023-08-04','2023-08-04 00:19:17',NULL,NULL,'2023-08-04 10:04:37',2,1),(933,33,1,'2023-08-05','2023-08-05 00:23:17',NULL,NULL,'2023-08-05 09:07:15',2,1),(936,33,1,'2023-08-06','2023-08-06 00:28:21',NULL,NULL,'2023-08-06 08:40:15',2,1),(939,33,1,'2023-08-07','2023-08-07 00:09:11',NULL,NULL,'2023-08-07 09:06:43',2,1),(942,33,1,'2023-08-08','2023-08-08 00:25:16',NULL,NULL,'2023-08-08 08:29:16',2,1),(945,33,1,'2023-08-09','2023-08-09 00:25:49',NULL,NULL,'2023-08-09 09:22:37',2,1),(948,33,1,'2023-08-10','2023-08-10 00:22:57',NULL,NULL,'2023-08-10 08:36:11',2,1),(950,33,1,'2023-08-11','2023-08-11 00:25:09',NULL,NULL,'2023-08-11 08:59:18',2,1),(953,23,1,'2023-08-12','2023-08-12 00:32:28',NULL,NULL,'2023-08-12 08:51:52',2,1),(956,23,1,'2023-08-13','2023-08-13 00:28:56',NULL,NULL,'2023-08-13 08:37:16',2,1),(959,23,1,'2023-08-14','2023-08-14 00:39:17',NULL,NULL,'2023-08-14 08:43:07',2,1),(962,23,1,'2023-08-15','2023-08-15 00:30:41',NULL,NULL,'2023-08-15 08:42:28',2,1),(965,23,1,'2023-08-16','2023-08-16 00:32:29',NULL,NULL,'2023-08-16 08:43:50',2,1),(968,23,1,'2023-08-17','2023-08-17 00:41:51',NULL,NULL,'2023-08-17 08:31:11',2,1),(970,23,1,'2023-08-18','2023-08-18 00:31:01',NULL,NULL,'2023-08-18 08:42:44',2,1),(973,43,1,'2023-08-19','2023-08-19 00:25:31',NULL,NULL,'2023-08-19 09:41:43',2,1),(977,43,1,'2023-08-20','2023-08-20 00:23:11',NULL,NULL,'2023-08-20 08:33:59',2,1),(980,43,1,'2023-08-21','2023-08-21 00:20:16',NULL,NULL,'2023-08-21 08:58:37',2,1),(983,43,1,'2023-08-22','2023-08-22 00:27:38',NULL,NULL,'2023-08-22 10:16:31',2,1),(986,43,1,'2023-08-23','2023-08-23 00:15:43',NULL,NULL,'2023-08-23 08:48:07',2,1),(989,43,1,'2023-08-24','2023-08-24 00:21:29',NULL,NULL,'2023-08-24 09:34:37',2,1),(991,43,1,'2023-08-25','2023-08-25 00:10:43',NULL,NULL,'2023-08-25 08:54:40',2,1),(994,24,1,'2023-08-26','2023-08-26 00:20:24',NULL,NULL,'2023-08-26 08:44:15',2,0),(997,24,1,'2023-08-27','2023-08-27 00:09:01',NULL,NULL,'2023-08-27 09:11:56',2,0),(1000,24,1,'2023-08-28','2023-08-28 00:17:53',NULL,NULL,'2023-08-28 09:00:51',2,0),(1003,24,1,'2023-08-29','2023-08-29 00:18:44',NULL,NULL,'2023-08-29 10:15:59',2,1),(1006,24,1,'2023-08-30','2023-08-30 00:17:48',NULL,NULL,'2023-08-30 08:54:33',2,1),(1009,24,1,'2023-08-31','2023-08-31 00:16:51',NULL,NULL,'2023-08-31 09:22:36',2,1),(1011,24,1,'2023-09-01','2023-09-01 00:31:59',NULL,NULL,'2023-09-01 09:18:26',2,1),(1014,33,1,'2023-09-02','2023-09-02 00:21:22',NULL,NULL,'2023-09-02 08:55:10',2,1),(1017,33,1,'2023-09-03','2023-09-03 00:14:44',NULL,NULL,'2023-09-03 08:38:16',2,1),(1020,33,1,'2023-09-04','2023-09-04 00:29:44',NULL,NULL,'2023-09-04 09:11:29',2,1),(1022,33,1,'2023-09-05','2023-09-05 00:28:17',NULL,NULL,'2023-09-05 08:35:42',2,1),(1024,33,1,'2023-09-06','2023-09-06 00:26:47',NULL,NULL,'2023-09-06 08:42:35',2,1),(1027,33,1,'2023-09-07','2023-09-07 00:26:38',NULL,NULL,'2023-09-07 09:02:29',2,1),(1029,33,1,'2023-09-08','2023-09-08 00:26:26',NULL,NULL,'2023-09-08 08:41:03',2,1),(1032,23,1,'2023-09-09','2023-09-09 00:30:16',NULL,NULL,'2023-09-09 08:31:43',2,1),(1035,23,1,'2023-09-10','2023-09-10 00:29:03',NULL,NULL,'2023-09-10 08:36:12',2,1),(1038,23,1,'2023-09-11','2023-09-11 00:30:19',NULL,NULL,'2023-09-11 08:36:25',2,1),(1041,23,1,'2023-09-12','2023-09-12 00:30:09',NULL,NULL,'2023-09-12 08:35:44',2,1),(1044,23,1,'2023-09-13','2023-09-13 00:31:45',NULL,NULL,'2023-09-13 08:55:47',2,1),(1047,23,1,'2023-09-14','2023-09-14 00:35:18',NULL,NULL,'2023-09-14 09:05:33',2,1),(1049,23,1,'2023-09-15','2023-09-15 00:29:49',NULL,NULL,'2023-09-15 09:06:58',2,1),(1052,43,1,'2023-09-16','2023-09-16 00:24:01',NULL,NULL,'2023-09-16 08:38:48',2,1),(1055,43,1,'2023-09-17','2023-09-17 00:19:55',NULL,NULL,'2023-09-17 08:45:30',2,1),(1058,43,1,'2023-09-18','2023-09-18 00:28:45',NULL,NULL,'2023-09-18 08:36:34',2,1),(1061,43,1,'2023-09-19','2023-09-19 00:22:05',NULL,NULL,'2023-09-19 08:54:19',2,1),(1065,43,1,'2023-09-20','2023-09-20 00:42:15',NULL,NULL,'2023-09-20 08:43:02',2,1),(1076,43,1,'2023-09-21','2023-09-21 00:23:15',NULL,NULL,'2023-09-21 08:50:22',2,1),(1078,43,1,'2023-09-22','2023-09-22 00:23:50',NULL,NULL,'2023-09-22 08:54:02',2,1),(1081,24,1,'2023-09-23','2023-09-23 00:18:10',NULL,NULL,'2023-09-23 08:53:23',2,1),(1084,24,1,'2023-09-24','2023-09-24 00:01:19',NULL,NULL,'2023-09-24 08:32:23',2,1),(1087,24,1,'2023-09-25','2023-09-25 00:06:19',NULL,NULL,'2023-09-25 09:00:23',2,1),(1090,24,1,'2023-09-26','2023-09-26 00:17:50',NULL,NULL,'2023-09-26 08:59:41',2,1),(1093,24,1,'2023-09-27','2023-09-27 00:07:00',NULL,NULL,'2023-09-27 08:54:33',2,1),(1096,24,1,'2023-09-28','2023-09-28 00:10:47',NULL,NULL,'2023-09-28 10:14:48',2,1),(1098,24,1,'2023-09-29','2023-09-29 00:13:27',NULL,NULL,'2023-09-29 10:50:19',2,1),(1101,33,1,'2023-09-30','2023-09-30 00:25:38',NULL,NULL,'2023-09-30 09:13:50',2,1),(1104,33,1,'2023-10-01','2023-10-01 00:29:40',NULL,NULL,'2023-10-01 08:59:52',2,1),(1107,33,1,'2023-10-02','2023-10-02 00:17:53',NULL,NULL,'2023-10-02 08:46:54',2,1),(1110,33,1,'2023-10-03','2023-10-03 00:26:11',NULL,NULL,'2023-10-03 08:44:49',2,1),(1113,33,1,'2023-10-04','2023-10-04 00:23:20',NULL,NULL,'2023-10-04 08:34:54',2,1),(1116,33,1,'2023-10-05','2023-10-05 00:10:55',NULL,NULL,'2023-10-05 08:36:50',2,1),(1118,33,1,'2023-10-06','2023-10-06 00:13:25',NULL,NULL,'2023-10-06 08:32:49',2,1),(1121,23,1,'2023-10-07','2023-10-07 00:30:17',NULL,NULL,'2023-10-07 08:59:59',2,1),(1124,23,1,'2023-10-08','2023-10-08 00:29:30',NULL,NULL,'2023-10-08 08:31:30',2,1),(1127,23,1,'2023-10-09','2023-10-09 00:29:55',NULL,NULL,'2023-10-09 08:53:26',2,1),(1129,23,1,'2023-10-10','2023-10-10 00:29:10',NULL,NULL,'2023-10-10 08:47:09',2,1),(1131,23,1,'2023-10-11','2023-10-11 00:29:27',NULL,NULL,'2023-10-11 08:53:17',2,1),(1134,23,1,'2023-10-12','2023-10-12 00:29:43',NULL,NULL,'2023-10-12 08:53:30',2,1),(1136,23,1,'2023-10-13','2023-10-13 00:29:33',NULL,NULL,'2023-10-13 08:39:38',2,1),(1140,43,1,'2023-10-14','2023-10-14 00:24:01',NULL,NULL,'2023-10-14 08:50:26',2,1),(1142,43,1,'2023-10-15','2023-10-15 00:23:23',NULL,NULL,'2023-10-15 08:51:33',2,1),(1144,43,1,'2023-10-16','2023-10-16 00:25:45',NULL,NULL,'2023-10-16 08:35:11',2,1),(1146,43,1,'2023-10-17','2023-10-17 00:21:10',NULL,NULL,'2023-10-17 08:35:39',2,1),(1148,43,1,'2023-10-18','2023-10-18 00:24:02',NULL,NULL,'2023-10-18 08:53:47',2,1),(1151,43,1,'2023-10-19','2023-10-19 00:23:13',NULL,NULL,'2023-10-19 09:03:39',2,1),(1153,43,1,'2023-10-20','2023-10-20 00:22:49',NULL,NULL,'2023-10-20 09:27:10',2,1),(1155,24,1,'2023-10-21','2023-10-21 00:03:02',NULL,NULL,'2023-10-21 09:30:08',2,1),(1157,24,1,'2023-10-22','2023-10-22 00:07:38',NULL,NULL,'2023-10-22 08:58:54',2,1),(1159,24,1,'2023-10-23','2023-10-23 00:05:49',NULL,NULL,'2023-10-23 08:42:06',2,1),(1162,24,1,'2023-10-24','2023-10-24 00:14:34',NULL,NULL,'2023-10-24 08:56:08',2,1),(1165,24,1,'2023-10-25','2023-10-25 00:05:38',NULL,NULL,'2023-10-25 08:52:08',2,1),(1168,24,1,'2023-10-26','2023-10-26 00:03:57',NULL,NULL,'2023-10-26 08:34:57',2,1),(1170,24,1,'2023-10-27','2023-10-27 00:13:20',NULL,NULL,'2023-10-27 08:53:27',2,1),(1173,33,1,'2023-10-28','2023-10-28 00:28:54',NULL,NULL,'2023-10-28 08:45:37',2,1),(1176,33,1,'2023-10-29','2023-10-28 23:03:49',NULL,NULL,'2023-10-29 07:41:21',2,1),(1179,33,1,'2023-10-30','2023-10-29 23:24:37',NULL,NULL,'2023-10-30 07:33:54',2,1),(1181,33,1,'2023-10-31','2023-10-30 23:26:30',NULL,NULL,'2023-10-31 07:33:00',2,1),(1183,33,1,'2023-11-01','2023-10-31 23:29:47',NULL,NULL,'2023-11-01 07:31:48',2,1),(1186,33,1,'2023-11-02','2023-11-01 23:29:29',NULL,NULL,'2023-11-02 08:06:34',2,1),(1188,33,1,'2023-11-03','2023-11-02 23:28:52',NULL,NULL,'2023-11-03 07:31:58',2,1),(1190,23,1,'2023-11-04','2023-11-03 23:28:33',NULL,NULL,'2023-11-04 07:35:25',2,1),(1192,23,1,'2023-11-05','2023-11-04 23:28:08',NULL,NULL,'2023-11-05 07:40:34',2,1),(1194,23,1,'2023-11-06','2023-11-05 23:29:17',NULL,NULL,'2023-11-06 07:42:13',2,1),(1197,23,1,'2023-11-07','2023-11-06 23:28:44',NULL,NULL,'2023-11-07 07:45:47',2,1),(1200,23,1,'2023-11-08','2023-11-07 23:31:20',NULL,NULL,'2023-11-08 07:47:11',2,1),(1203,23,1,'2023-11-09','2023-11-09 00:32:48',NULL,NULL,'2023-11-09 09:05:12',2,1),(1205,23,1,'2023-11-10','2023-11-10 01:10:36','2023-11-10 08:43:43',NULL,'2023-11-10 08:43:45',2,1),(1208,43,1,'2023-11-11','2023-11-11 00:26:51',NULL,NULL,'2023-11-11 08:46:33',2,1),(1211,43,1,'2023-11-12','2023-11-12 00:22:27',NULL,NULL,'2023-11-12 08:46:01',2,1),(1214,43,1,'2023-11-13','2023-11-13 00:26:07',NULL,NULL,'2023-11-13 08:43:10',2,1),(1217,43,1,'2023-11-14','2023-11-14 00:24:30',NULL,NULL,'2023-11-14 08:41:56',2,1),(1220,43,1,'2023-11-15','2023-11-15 00:24:00',NULL,NULL,'2023-11-15 09:54:18',2,1),(1223,43,1,'2023-11-16','2023-11-16 00:25:03',NULL,NULL,'2023-11-16 09:01:09',2,1),(1225,43,1,'2023-11-17','2023-11-17 00:26:48',NULL,NULL,'2023-11-17 08:56:59',2,1),(1228,24,1,'2023-11-18','2023-11-18 00:15:10',NULL,NULL,'2023-11-18 08:41:28',2,1),(1231,24,1,'2023-11-19','2023-11-19 00:18:02',NULL,NULL,'2023-11-19 08:36:55',2,1),(1234,24,1,'2023-11-20','2023-11-20 00:11:29',NULL,NULL,'2023-11-20 08:51:20',2,1),(1237,24,1,'2023-11-21','2023-11-21 00:22:38',NULL,NULL,'2023-11-21 09:17:08',2,1),(1240,24,1,'2023-11-22','2023-11-22 00:15:19',NULL,NULL,'2023-11-22 09:11:05',2,1),(1243,24,1,'2023-11-23','2023-11-23 00:08:41',NULL,NULL,'2023-11-23 08:41:19',2,1),(1245,24,1,'2023-11-24','2023-11-24 00:13:19',NULL,NULL,'2023-11-24 08:38:35',2,1),(1248,33,1,'2023-11-25','2023-11-25 00:12:54',NULL,NULL,'2023-11-25 09:00:57',2,1),(1251,33,1,'2023-11-26','2023-11-26 00:20:30',NULL,NULL,'2023-11-26 08:42:59',2,1),(1254,33,1,'2023-11-27','2023-11-27 00:14:05',NULL,NULL,'2023-11-27 08:50:36',2,1),(1257,33,1,'2023-11-28','2023-11-28 00:21:03',NULL,NULL,'2023-11-28 08:56:11',2,1),(1260,33,1,'2023-11-29','2023-11-29 00:17:27',NULL,NULL,'2023-11-29 09:11:35',2,1),(1263,33,1,'2023-11-30','2023-11-30 00:29:35',NULL,NULL,'2023-11-30 09:04:42',2,1),(1265,33,1,'2023-12-01','2023-12-01 00:27:04',NULL,NULL,'2023-12-01 08:56:29',2,1),(1268,23,1,'2023-12-02','2023-12-02 00:29:11',NULL,NULL,'2023-12-02 08:30:49',2,1),(1271,23,1,'2023-12-03','2023-12-03 00:29:29',NULL,NULL,'2023-12-03 08:47:36',2,1),(1274,23,1,'2023-12-04','2023-12-04 00:32:31',NULL,NULL,'2023-12-04 08:45:26',2,1),(1277,23,1,'2023-12-05','2023-12-05 00:28:52',NULL,NULL,'2023-12-05 08:55:45',2,1),(1280,23,1,'2023-12-06','2023-12-06 00:30:21',NULL,NULL,'2023-12-06 08:36:25',2,1),(1283,23,1,'2023-12-07','2023-12-07 00:29:20',NULL,NULL,'2023-12-07 08:39:00',2,1),(1285,23,1,'2023-12-08','2023-12-08 00:35:42',NULL,NULL,'2023-12-08 08:39:35',2,1),(1288,43,1,'2023-12-09','2023-12-09 00:24:39',NULL,NULL,'2023-12-09 08:56:06',2,1),(1291,43,1,'2023-12-10','2023-12-10 00:22:10',NULL,NULL,'2023-12-10 08:54:16',2,1),(1294,43,1,'2023-12-11','2023-12-11 00:27:49',NULL,NULL,'2023-12-11 08:35:20',2,1),(1298,43,1,'2023-12-12','2023-12-12 00:34:42',NULL,NULL,'2023-12-12 08:33:54',2,1),(1305,43,1,'2023-12-13','2023-12-13 00:22:12',NULL,NULL,'2023-12-13 09:55:01',2,1),(1308,43,1,'2023-12-14','2023-12-14 00:27:48',NULL,NULL,'2023-12-14 09:21:58',2,1),(1310,43,1,'2023-12-15','2023-12-15 00:23:49',NULL,NULL,'2023-12-15 09:05:44',2,1),(1313,24,1,'2023-12-16','2023-12-16 00:14:19',NULL,NULL,'2023-12-16 08:33:52',2,1),(1316,24,1,'2023-12-17','2023-12-17 00:13:44',NULL,NULL,'2023-12-17 08:57:50',2,1),(1319,24,1,'2023-12-18','2023-12-18 00:33:21',NULL,NULL,'2023-12-18 08:31:12',2,1),(1322,24,1,'2023-12-19','2023-12-19 00:06:52',NULL,NULL,'2023-12-19 08:40:25',2,1),(1325,24,1,'2023-12-20','2023-12-20 00:08:18',NULL,NULL,'2023-12-20 08:33:25',2,1),(1328,24,1,'2023-12-21','2023-12-21 00:05:14',NULL,NULL,'2023-12-21 09:03:42',2,1),(1330,24,1,'2023-12-22','2023-12-22 00:12:18',NULL,NULL,'2023-12-22 09:01:47',2,1),(1333,33,1,'2023-12-23','2023-12-23 00:28:40',NULL,NULL,'2023-12-23 08:34:02',2,1),(1336,33,1,'2023-12-24','2023-12-24 00:26:38',NULL,NULL,'2023-12-24 08:52:36',2,1),(1339,33,1,'2023-12-25','2023-12-25 00:28:06',NULL,NULL,'2023-12-25 08:46:34',2,1),(1342,33,1,'2023-12-26','2023-12-26 00:24:27',NULL,NULL,'2023-12-26 08:32:19',2,1),(1345,33,1,'2023-12-27','2023-12-27 00:27:48',NULL,NULL,'2023-12-27 09:00:34',2,1),(1348,33,1,'2023-12-28','2023-12-28 00:29:39',NULL,NULL,'2023-12-28 08:35:38',2,1),(1350,33,1,'2023-12-29','2023-12-29 00:29:48',NULL,NULL,'2023-12-29 08:33:58',2,1),(1353,23,1,'2023-12-30','2023-12-30 00:29:43',NULL,NULL,'2023-12-30 09:04:08',2,1),(1356,23,1,'2023-12-31','2023-12-31 00:29:13',NULL,NULL,'2023-12-31 08:46:30',2,1),(1359,23,1,'2024-01-01','2024-01-01 00:30:17',NULL,NULL,'2024-01-01 08:34:56',2,1),(1362,23,1,'2024-01-02','2024-01-02 00:29:49',NULL,NULL,'2024-01-02 08:46:29',2,1),(1365,23,1,'2024-01-03','2024-01-03 00:29:17',NULL,NULL,'2024-01-03 08:54:38',2,1),(1368,23,1,'2024-01-04','2024-01-04 00:31:56',NULL,NULL,'2024-01-04 08:39:34',2,1),(1370,23,1,'2024-01-05','2024-01-05 00:30:41',NULL,NULL,'2024-01-05 08:35:24',2,1),(1373,43,1,'2024-01-06','2024-01-06 00:25:44',NULL,NULL,'2024-01-06 08:32:11',2,1),(1376,43,1,'2024-01-07','2024-01-07 00:25:14',NULL,NULL,'2024-01-07 08:32:26',2,1),(1379,43,1,'2024-01-08','2024-01-08 00:27:34',NULL,NULL,'2024-01-08 08:40:02',2,1),(1382,43,1,'2024-01-09','2024-01-09 00:25:59',NULL,NULL,'2024-01-09 08:34:36',2,1),(1385,43,1,'2024-01-10','2024-01-10 00:26:32',NULL,NULL,'2024-01-10 08:33:00',2,1),(1388,43,1,'2024-01-11','2024-01-11 00:27:49',NULL,NULL,'2024-01-11 09:24:44',2,1),(1390,43,1,'2024-01-12','2024-01-12 00:26:55',NULL,NULL,'2024-01-12 08:35:31',2,1),(1393,24,1,'2024-01-13','2024-01-13 00:14:24',NULL,NULL,'2024-01-13 08:44:32',2,1),(1396,24,1,'2024-01-14','2024-01-14 00:14:11',NULL,NULL,'2024-01-14 09:19:50',2,1),(1399,24,1,'2024-01-15','2024-01-15 00:00:37',NULL,NULL,'2024-01-15 08:35:37',2,1),(1402,24,1,'2024-01-16','2024-01-16 00:10:20',NULL,NULL,'2024-01-16 08:52:26',2,1),(1405,24,1,'2024-01-17','2024-01-17 00:11:58',NULL,NULL,'2024-01-17 08:33:46',2,1),(1408,24,1,'2024-01-18','2024-01-18 00:11:08',NULL,NULL,'2024-01-18 09:12:09',2,1),(1410,24,1,'2024-01-19','2024-01-19 00:17:30',NULL,NULL,'2024-01-19 11:12:56',2,1),(1413,33,1,'2024-01-20','2024-01-20 00:10:00',NULL,NULL,'2024-01-20 08:40:46',2,1),(1416,33,1,'2024-01-21','2024-01-21 00:12:05',NULL,NULL,'2024-01-21 09:01:40',2,1),(1419,33,1,'2024-01-22','2024-01-22 01:19:11',NULL,NULL,'2024-01-22 09:22:14',2,1),(1422,33,1,'2024-01-23','2024-01-23 00:12:28',NULL,NULL,'2024-01-23 08:36:28',2,1),(1425,33,1,'2024-01-24','2024-01-24 00:04:25',NULL,NULL,'2024-01-24 08:44:12',2,1),(1428,33,1,'2024-01-25','2024-01-25 00:26:37',NULL,NULL,'2024-01-25 08:36:43',2,1),(1430,33,1,'2024-01-26','2024-01-26 00:21:30',NULL,NULL,'2024-01-26 08:45:17',2,1),(1433,23,1,'2024-01-27','2024-01-27 00:29:34',NULL,NULL,'2024-01-27 08:37:53',2,1),(1436,23,1,'2024-01-28','2024-01-28 00:31:07',NULL,NULL,'2024-01-28 08:33:39',2,1),(1439,23,1,'2024-01-29','2024-01-29 00:32:03',NULL,NULL,'2024-01-29 08:35:46',2,1),(1442,23,1,'2024-01-30','2024-01-30 00:30:41',NULL,NULL,'2024-01-30 08:49:02',2,1),(1445,23,1,'2024-01-31','2024-01-31 00:30:18',NULL,NULL,'2024-01-31 14:10:37',2,1),(1448,23,1,'2024-02-01','2024-02-01 00:30:55',NULL,NULL,'2024-02-01 08:48:50',2,1),(1450,23,1,'2024-02-02','2024-02-02 00:29:19',NULL,NULL,'2024-02-02 08:41:39',2,1),(1453,43,1,'2024-02-03','2024-02-03 00:23:47',NULL,NULL,'2024-02-03 08:39:15',2,1),(1456,43,1,'2024-02-04','2024-02-04 00:23:35',NULL,NULL,'2024-02-04 08:48:34',2,1),(1459,43,1,'2024-02-05','2024-02-05 00:24:43',NULL,NULL,'2024-02-05 08:35:06',2,1),(1462,43,1,'2024-02-06','2024-02-06 00:18:29',NULL,NULL,'2024-02-06 08:33:47',2,1),(1465,43,1,'2024-02-07','2024-02-07 00:24:51',NULL,NULL,'2024-02-07 08:36:05',2,1),(1468,43,1,'2024-02-08','2024-02-08 00:26:55',NULL,NULL,'2024-02-08 10:33:24',2,1),(1470,43,1,'2024-02-09','2024-02-09 00:25:51',NULL,NULL,'2024-02-09 09:13:57',2,1),(1473,24,1,'2024-02-10','2024-02-10 00:13:44',NULL,NULL,'2024-02-10 09:02:58',2,1),(1476,24,1,'2024-02-11','2024-02-11 00:12:26',NULL,NULL,'2024-02-11 08:54:51',2,1),(1479,24,1,'2024-02-12','2024-02-12 00:03:41',NULL,NULL,'2024-02-12 08:55:56',2,1),(1482,24,1,'2024-02-13','2024-02-13 00:13:49',NULL,NULL,'2024-02-13 08:50:43',2,1),(1485,24,1,'2024-02-14','2024-02-14 00:25:10',NULL,NULL,'2024-02-14 08:34:12',2,1),(1488,24,1,'2024-02-15','2024-02-15 00:16:29',NULL,NULL,'2024-02-15 08:49:47',2,1),(1490,24,1,'2024-02-16','2024-02-16 00:08:42',NULL,NULL,'2024-02-16 08:32:37',2,1),(1493,33,1,'2024-02-17','2024-02-17 00:08:44',NULL,NULL,'2024-02-17 08:55:23',2,1),(1496,33,1,'2024-02-18','2024-02-18 00:26:34',NULL,NULL,'2024-02-18 08:38:39',2,1),(1499,33,1,'2024-02-19','2024-02-19 00:25:02',NULL,NULL,'2024-02-19 08:46:30',2,1),(1501,33,1,'2024-02-20','2024-02-20 00:22:03',NULL,NULL,'2024-02-20 09:03:47',2,1),(1503,33,1,'2024-02-21','2024-02-21 00:18:53',NULL,NULL,'2024-02-21 08:42:09',2,1),(1506,33,1,'2024-02-22','2024-02-22 00:24:51',NULL,NULL,'2024-02-22 08:38:24',2,1),(1508,33,1,'2024-02-23','2024-02-23 00:07:50',NULL,NULL,'2024-02-23 08:54:48',2,1),(1511,23,1,'2024-02-24','2024-02-24 00:29:07',NULL,NULL,'2024-02-24 08:31:27',2,1),(1514,23,1,'2024-02-25','2024-02-25 00:29:25',NULL,NULL,'2024-02-25 08:30:22',2,1),(1517,23,1,'2024-02-26','2024-02-26 00:29:50',NULL,NULL,'2024-02-26 08:35:22',2,1),(1520,23,1,'2024-02-27','2024-02-27 00:29:16',NULL,NULL,'2024-02-27 08:39:00',2,1),(1523,23,1,'2024-02-28','2024-02-28 00:29:01',NULL,NULL,'2024-02-28 08:41:25',2,1),(1526,23,1,'2024-02-29','2024-02-29 00:30:39',NULL,NULL,'2024-02-29 08:48:37',2,1),(1528,23,1,'2024-03-01','2024-03-01 00:29:20',NULL,NULL,'2024-03-01 08:37:56',2,1),(1531,43,1,'2024-03-02','2024-03-02 00:29:19',NULL,NULL,'2024-03-02 09:07:36',2,1),(1534,43,1,'2024-03-03','2024-03-03 00:23:36',NULL,NULL,'2024-03-03 08:37:11',2,1),(1537,43,1,'2024-03-04','2024-03-04 00:25:42',NULL,NULL,'2024-03-04 08:32:15',2,1),(1540,43,1,'2024-03-05','2024-03-05 00:29:19',NULL,NULL,'2024-03-05 08:33:24',2,1),(1543,43,1,'2024-03-06','2024-03-06 00:23:26',NULL,NULL,'2024-03-06 09:11:18',2,1),(1546,43,1,'2024-03-07','2024-03-07 00:23:53',NULL,NULL,'2024-03-07 08:34:52',2,1),(1548,43,1,'2024-03-08','2024-03-08 00:23:50',NULL,NULL,'2024-03-08 08:32:09',2,1),(1551,24,1,'2024-03-09','2024-03-09 00:08:19',NULL,NULL,'2024-03-09 09:23:24',2,1),(1554,24,1,'2024-03-10','2024-03-10 00:13:06',NULL,NULL,'2024-03-10 09:01:10',2,1),(1557,24,1,'2024-03-11','2024-03-11 00:26:46',NULL,NULL,'2024-03-11 09:30:22',2,1),(1560,24,1,'2024-03-12','2024-03-12 00:18:05',NULL,NULL,'2024-03-12 08:35:18',2,1),(1563,24,1,'2024-03-13','2024-03-13 00:14:17',NULL,NULL,'2024-03-13 08:35:35',2,1),(1566,24,1,'2024-03-14','2024-03-14 00:23:19',NULL,NULL,'2024-03-14 08:52:50',2,1),(1568,24,1,'2024-03-15','2024-03-15 00:18:36',NULL,NULL,'2024-03-15 08:49:12',2,1),(1571,33,1,'2024-03-16','2024-03-16 00:12:34',NULL,NULL,'2024-03-16 09:10:52',2,1),(1574,33,1,'2024-03-17','2024-03-17 00:09:01',NULL,NULL,'2024-03-17 08:50:27',2,1),(1577,33,1,'2024-03-18','2024-03-18 00:28:41',NULL,NULL,'2024-03-18 08:43:17',2,1),(1580,33,1,'2024-03-19','2024-03-19 00:22:57',NULL,NULL,'2024-03-19 08:48:11',2,1),(1583,33,1,'2024-03-20','2024-03-20 00:29:12',NULL,NULL,'2024-03-20 08:51:17',2,1),(1586,33,1,'2024-03-21','2024-03-21 00:18:13',NULL,NULL,'2024-03-21 09:19:52',2,1),(1588,33,1,'2024-03-22','2024-03-22 00:22:26',NULL,NULL,'2024-03-22 08:46:13',2,1),(1591,23,1,'2024-03-23','2024-03-23 00:29:40',NULL,NULL,'2024-03-23 08:39:34',2,1),(1594,23,1,'2024-03-24','2024-03-24 00:29:59',NULL,NULL,'2024-03-24 08:36:08',2,1),(1597,23,1,'2024-03-25','2024-03-25 00:28:34',NULL,NULL,'2024-03-25 08:32:30',2,1),(1599,23,1,'2024-03-26','2024-03-26 00:29:13',NULL,NULL,'2024-03-26 08:32:32',2,1),(1600,23,1,'2024-03-27','2024-03-27 00:30:14',NULL,NULL,'2024-03-27 08:33:45',2,1),(1603,23,1,'2024-03-28','2024-03-28 00:29:16',NULL,NULL,'2024-03-28 08:35:43',2,1),(1605,23,1,'2024-03-29','2024-03-29 00:30:37',NULL,NULL,'2024-03-29 08:36:40',2,1),(1607,43,1,'2024-03-30','2024-03-30 00:24:15',NULL,NULL,'2024-03-30 08:31:44',2,1),(1609,43,1,'2024-03-31','2024-03-31 01:23:43',NULL,NULL,'2024-03-31 09:33:04',2,1),(1611,43,1,'2024-04-01','2024-04-01 00:26:17',NULL,NULL,'2024-04-01 09:57:03',2,1),(1614,43,1,'2024-04-02','2024-04-02 00:24:12',NULL,NULL,'2024-04-02 09:08:05',2,1),(1617,43,1,'2024-04-03','2024-04-03 00:24:50',NULL,NULL,'2024-04-03 08:43:39',2,1),(1620,43,1,'2024-04-04','2024-04-04 00:22:15',NULL,NULL,'2024-04-04 08:47:09',2,1),(1622,43,1,'2024-04-05','2024-04-05 00:27:16',NULL,NULL,'2024-04-05 08:39:59',2,1),(1625,24,1,'2024-04-06','2024-04-06 00:22:46',NULL,NULL,'2024-04-06 08:41:17',2,1),(1628,24,1,'2024-04-07','2024-04-07 00:23:18',NULL,NULL,'2024-04-07 08:43:42',2,1),(1631,24,1,'2024-04-08','2024-04-08 00:22:17',NULL,NULL,'2024-04-08 09:11:39',2,1),(1634,24,1,'2024-04-09','2024-04-09 00:10:45',NULL,NULL,'2024-04-09 08:34:47',2,1),(1637,24,1,'2024-04-10','2024-04-10 00:07:58',NULL,NULL,'2024-04-10 08:40:03',2,1),(1640,24,1,'2024-04-11','2024-04-11 00:08:55',NULL,NULL,'2024-04-11 08:56:37',2,1),(1642,24,1,'2024-04-12','2024-04-12 00:06:53',NULL,NULL,'2024-04-12 08:44:31',2,1),(1645,33,1,'2024-04-13','2024-04-13 00:09:03',NULL,NULL,'2024-04-13 08:51:41',2,1),(1648,33,1,'2024-04-14','2024-04-14 00:22:59',NULL,NULL,'2024-04-14 08:43:04',2,1),(1651,33,1,'2024-04-15','2024-04-15 00:26:02',NULL,NULL,'2024-04-15 08:55:02',2,1),(1653,33,1,'2024-04-16','2024-04-15 23:50:34',NULL,NULL,'2024-04-16 08:59:42',2,1),(1655,33,1,'2024-04-17','2024-04-17 00:19:28',NULL,NULL,'2024-04-17 09:04:50',2,1),(1658,43,1,'2024-04-18','2024-04-18 00:24:35',NULL,NULL,'2024-04-18 09:00:57',2,1),(1660,43,1,'2024-04-19','2024-04-19 00:24:57',NULL,NULL,'2024-04-19 09:42:50',2,1),(1663,23,1,'2024-04-20','2024-04-20 00:29:31',NULL,NULL,'2024-04-20 08:32:16',2,1),(1666,23,1,'2024-04-21','2024-04-21 00:28:30',NULL,NULL,'2024-04-21 08:31:02',2,1),(1669,23,1,'2024-04-22','2024-04-22 00:30:13',NULL,NULL,'2024-04-22 08:39:52',2,1),(1672,23,1,'2024-04-23','2024-04-23 00:29:35',NULL,NULL,'2024-04-23 08:32:28',2,1),(1675,23,1,'2024-04-24','2024-04-24 00:29:14',NULL,NULL,'2024-04-24 08:39:20',2,1),(1678,23,1,'2024-04-25','2024-04-25 00:29:47',NULL,NULL,'2024-04-25 08:39:21',2,1),(1680,23,1,'2024-04-26','2024-04-26 00:29:08',NULL,NULL,'2024-04-26 08:47:20',2,1),(1683,43,1,'2024-04-27','2024-04-27 00:21:57',NULL,NULL,'2024-04-27 09:28:11',2,1),(1686,43,1,'2024-04-28','2024-04-28 00:30:59',NULL,NULL,'2024-04-28 08:37:14',2,1),(1689,43,1,'2024-04-29','2024-04-29 00:27:18',NULL,NULL,'2024-04-29 08:32:25',2,1),(1692,43,1,'2024-04-30','2024-04-30 00:25:49',NULL,NULL,'2024-04-30 08:32:50',2,1),(1695,43,1,'2024-05-01','2024-05-01 00:23:38',NULL,NULL,'2024-05-01 08:38:35',2,1),(1698,43,1,'2024-05-02','2024-05-02 00:21:14',NULL,NULL,'2024-05-02 08:35:21',2,1),(1700,43,1,'2024-05-03','2024-05-03 00:27:45',NULL,NULL,NULL,1,0),(1703,24,1,'2024-05-04','2024-05-04 00:22:43',NULL,NULL,'2024-05-04 08:32:23',2,1),(1706,24,1,'2024-05-05','2024-05-05 00:22:40',NULL,NULL,'2024-05-05 08:33:41',2,1),(1709,24,1,'2024-05-06','2024-05-06 00:10:29',NULL,NULL,'2024-05-06 08:46:33',2,1),(1712,24,1,'2024-05-07','2024-05-07 00:19:47',NULL,NULL,'2024-05-07 09:27:52',2,1),(1715,24,1,'2024-05-08','2024-05-08 00:22:47',NULL,NULL,'2024-05-08 08:43:14',2,1),(1718,24,1,'2024-05-09','2024-05-09 00:05:19',NULL,NULL,'2024-05-09 09:09:38',2,1),(1720,24,1,'2024-05-10','2024-05-10 00:12:30',NULL,NULL,'2024-05-10 08:48:17',2,1),(1723,24,1,'2024-05-11','2024-05-11 00:10:40',NULL,NULL,'2024-05-11 08:42:49',2,1),(1726,24,1,'2024-05-12','2024-05-12 00:10:54',NULL,NULL,'2024-05-12 09:10:31',2,1),(1729,33,1,'2024-05-13','2024-05-13 00:25:14',NULL,NULL,'2024-05-13 08:54:20',2,1),(1732,33,1,'2024-05-14','2024-05-14 00:02:59',NULL,NULL,'2024-05-14 08:48:02',2,1),(1735,33,1,'2024-05-15','2024-05-15 00:11:58',NULL,NULL,'2024-05-15 08:38:55',2,1),(1738,33,1,'2024-05-16','2024-05-16 00:09:26',NULL,NULL,NULL,1,0),(1740,33,1,'2024-05-17','2024-05-17 00:16:30',NULL,NULL,'2024-05-17 09:25:32',2,1),(1743,23,1,'2024-05-18','2024-05-18 00:29:11',NULL,NULL,'2024-05-18 09:07:32',2,1),(1746,23,1,'2024-05-19','2024-05-19 00:30:15',NULL,NULL,'2024-05-19 08:45:21',2,1),(1749,23,1,'2024-05-20','2024-05-20 00:30:15',NULL,NULL,NULL,1,0),(1752,23,1,'2024-05-21','2024-05-21 00:29:50',NULL,NULL,'2024-05-21 08:39:21',2,1),(1755,23,1,'2024-05-22','2024-05-22 00:32:21',NULL,NULL,'2024-05-22 09:06:26',2,1),(1758,23,1,'2024-05-23','2024-05-23 00:28:25',NULL,NULL,'2024-05-23 08:45:55',2,1),(1760,23,1,'2024-05-24','2024-05-24 00:29:41',NULL,NULL,'2024-05-24 08:56:17',2,1),(1763,43,1,'2024-05-25','2024-05-25 00:22:19',NULL,NULL,'2024-05-25 09:16:52',2,1),(1766,43,1,'2024-05-26','2024-05-26 00:23:11',NULL,NULL,'2024-05-26 08:31:27',2,1),(1769,43,1,'2024-05-27','2024-05-27 00:25:28',NULL,NULL,'2024-05-27 08:37:03',2,1),(1772,43,1,'2024-05-28','2024-05-28 00:23:16',NULL,NULL,'2024-05-28 08:38:12',2,1),(1775,43,1,'2024-05-29','2024-05-29 00:22:33',NULL,NULL,'2024-05-29 08:41:23',2,1),(1778,43,1,'2024-05-30','2024-05-30 00:24:43',NULL,NULL,'2024-05-30 08:40:17',2,1),(1780,43,1,'2024-05-31','2024-05-31 00:23:18',NULL,NULL,'2024-05-31 08:31:35',2,1),(1783,24,1,'2024-06-01','2024-06-01 00:21:12',NULL,NULL,'2024-06-01 08:56:10',2,1),(1786,24,1,'2024-06-02','2024-06-02 00:12:23',NULL,NULL,'2024-06-02 09:37:24',2,1),(1789,24,1,'2024-06-03','2024-06-03 00:05:59',NULL,NULL,'2024-06-03 08:57:05',2,1),(1791,24,1,'2024-06-04','2024-06-04 00:08:53',NULL,NULL,'2024-06-04 09:05:22',2,1),(1793,24,1,'2024-06-05','2024-06-05 00:27:41',NULL,NULL,'2024-06-05 08:35:13',2,1),(1796,24,1,'2024-06-06','2024-06-06 00:16:56',NULL,NULL,'2024-06-06 08:37:18',2,1),(1798,24,1,'2024-06-07','2024-06-07 00:12:32',NULL,NULL,'2024-06-07 08:51:19',2,1),(1800,33,1,'2024-06-08','2024-06-08 00:29:24',NULL,NULL,'2024-06-08 08:42:13',2,1),(1802,33,1,'2024-06-09','2024-06-09 00:17:20',NULL,NULL,'2024-06-09 09:03:06',2,1),(1804,33,1,'2024-06-10','2024-06-10 00:30:12',NULL,NULL,'2024-06-10 08:52:25',2,1),(1807,33,1,'2024-06-11','2024-06-11 00:29:48',NULL,NULL,'2024-06-11 09:27:49',2,1),(1810,33,1,'2024-06-12','2024-06-12 00:27:56',NULL,NULL,'2024-06-12 09:13:38',2,1),(1813,33,1,'2024-06-13','2024-06-13 00:28:54',NULL,NULL,'2024-06-13 08:58:51',2,1),(1815,33,1,'2024-06-14','2024-06-14 00:40:26',NULL,NULL,'2024-06-14 08:38:20',2,1),(1818,23,1,'2024-06-15','2024-06-15 00:29:15',NULL,NULL,'2024-06-15 08:33:53',2,1),(1821,23,1,'2024-06-16','2024-06-16 00:29:19',NULL,NULL,'2024-06-16 08:35:42',2,1),(1824,23,1,'2024-06-17','2024-06-17 00:29:14',NULL,NULL,'2024-06-17 08:46:02',2,1),(1827,23,1,'2024-06-18','2024-06-18 00:30:22',NULL,NULL,'2024-06-18 08:55:15',2,1),(1830,23,1,'2024-06-19','2024-06-19 00:28:11',NULL,NULL,'2024-06-19 08:39:15',2,1),(1833,23,1,'2024-06-20','2024-06-20 00:28:35',NULL,NULL,'2024-06-20 08:32:51',2,1),(1835,23,1,'2024-06-21','2024-06-21 00:30:13',NULL,NULL,'2024-06-21 08:35:37',2,1),(1838,43,1,'2024-06-22','2024-06-22 00:24:19',NULL,NULL,'2024-06-22 08:31:08',2,1),(1841,43,1,'2024-06-23','2024-06-23 00:21:50',NULL,NULL,'2024-06-23 08:31:45',2,1),(1844,43,1,'2024-06-24','2024-06-24 00:24:50',NULL,NULL,'2024-06-24 08:51:28',2,1),(1847,43,1,'2024-06-25','2024-06-25 00:21:33',NULL,NULL,'2024-06-25 08:30:49',2,1),(1850,43,1,'2024-06-26','2024-06-26 00:22:30',NULL,NULL,'2024-06-26 08:31:24',2,1),(1853,43,1,'2024-06-27','2024-06-27 00:22:08',NULL,NULL,'2024-06-27 09:18:57',2,1),(1855,43,1,'2024-06-28','2024-06-28 00:21:48',NULL,NULL,'2024-06-28 08:31:31',2,1),(1858,24,1,'2024-06-29','2024-06-29 00:12:34',NULL,NULL,'2024-06-29 08:37:54',2,1),(1861,24,1,'2024-06-30','2024-06-30 00:13:29',NULL,NULL,'2024-06-30 09:09:42',2,1),(1864,24,1,'2024-07-01','2024-07-01 00:14:22',NULL,NULL,'2024-07-01 08:56:24',2,1),(1867,24,1,'2024-07-02','2024-07-02 00:08:30',NULL,NULL,'2024-07-02 08:49:00',2,1),(1870,24,1,'2024-07-03','2024-07-03 00:15:36',NULL,NULL,'2024-07-03 09:09:09',2,1),(1873,24,1,'2024-07-04','2024-07-04 00:18:06',NULL,NULL,'2024-07-04 09:12:33',2,1),(1875,24,1,'2024-07-05','2024-07-05 00:17:02',NULL,NULL,'2024-07-05 10:13:41',2,1),(1878,33,1,'2024-07-06','2024-07-06 00:10:12',NULL,NULL,'2024-07-06 08:37:03',2,1),(1881,33,1,'2024-07-07','2024-07-07 00:23:15',NULL,NULL,'2024-07-07 09:20:39',2,1),(1884,33,1,'2024-07-08','2024-07-08 00:10:20',NULL,NULL,'2024-07-08 08:54:21',2,1),(1887,33,1,'2024-07-09','2024-07-09 00:18:52',NULL,NULL,'2024-07-09 09:35:44',2,1),(1890,33,1,'2024-07-10','2024-07-10 00:29:51',NULL,NULL,'2024-07-10 09:02:08',2,1),(1893,33,1,'2024-07-11','2024-07-11 00:13:23',NULL,NULL,'2024-07-11 09:50:58',2,1),(1895,33,1,'2024-07-12','2024-07-12 00:26:36',NULL,NULL,'2024-07-12 09:09:14',2,1),(1898,23,1,'2024-07-13','2024-07-13 00:29:13',NULL,NULL,'2024-07-13 08:37:39',2,1),(1901,23,1,'2024-07-14','2024-07-14 00:29:05',NULL,NULL,'2024-07-14 08:32:55',2,1),(1904,23,1,'2024-07-15','2024-07-15 00:28:04',NULL,NULL,'2024-07-15 08:38:03',2,1),(1907,23,1,'2024-07-16','2024-07-16 00:28:12',NULL,NULL,'2024-07-16 08:48:08',2,1),(1910,23,1,'2024-07-17','2024-07-17 00:28:59',NULL,NULL,'2024-07-17 08:48:01',2,1),(1912,23,1,'2024-07-18','2024-07-18 00:28:41',NULL,NULL,'2024-07-18 09:33:44',2,1),(1914,23,1,'2024-07-19','2024-07-19 00:28:29',NULL,NULL,'2024-07-19 08:41:31',2,1),(1917,43,1,'2024-07-20','2024-07-20 00:24:06',NULL,NULL,'2024-07-20 08:32:02',2,1),(1920,43,1,'2024-07-21','2024-07-21 00:21:34',NULL,NULL,'2024-07-21 09:19:45',2,1),(1923,43,1,'2024-07-22','2024-07-22 00:22:16',NULL,NULL,'2024-07-22 08:38:38',2,1),(1926,43,1,'2024-07-23','2024-07-23 00:23:37',NULL,NULL,'2024-07-23 08:33:35',2,1),(1929,43,1,'2024-07-24','2024-07-24 00:23:47',NULL,NULL,'2024-07-24 09:24:07',2,1),(1932,43,1,'2024-07-25','2024-07-25 00:23:14',NULL,NULL,'2024-07-25 09:07:53',2,1),(1934,43,1,'2024-07-26','2024-07-26 00:25:04',NULL,NULL,'2024-07-26 09:05:51',2,1),(1937,24,1,'2024-07-27','2024-07-27 00:21:28',NULL,NULL,'2024-07-27 08:47:03',2,1),(1940,24,1,'2024-07-28','2024-07-28 00:15:31',NULL,NULL,'2024-07-28 09:12:02',2,1),(1943,24,1,'2024-07-29','2024-07-29 00:05:49',NULL,NULL,'2024-07-29 08:52:55',2,1),(1946,24,1,'2024-07-30','2024-07-30 00:11:54',NULL,NULL,'2024-07-30 10:39:08',2,1),(1949,24,1,'2024-07-31','2024-07-31 00:18:15',NULL,NULL,'2024-07-31 09:30:09',2,1),(1952,24,1,'2024-08-01','2024-08-01 00:20:12',NULL,NULL,'2024-08-01 08:40:51',2,1),(1954,24,1,'2024-08-02','2024-08-02 00:06:39',NULL,NULL,'2024-08-02 08:57:29',2,1),(1957,33,1,'2024-08-03','2024-08-03 00:31:40',NULL,NULL,'2024-08-03 09:13:13',2,1),(1960,33,1,'2024-08-04','2024-08-04 00:31:18',NULL,NULL,'2024-08-04 08:33:51',2,1),(1963,33,1,'2024-08-05','2024-08-05 00:27:46',NULL,NULL,'2024-08-05 09:33:52',2,1),(1966,33,1,'2024-08-06','2024-08-06 00:31:52',NULL,NULL,'2024-08-06 08:40:40',2,1),(1969,33,1,'2024-08-07','2024-08-07 00:32:57',NULL,NULL,'2024-08-07 09:03:42',2,1),(1972,33,1,'2024-08-08','2024-08-08 00:25:34',NULL,NULL,'2024-08-08 08:55:26',2,1),(1974,33,1,'2024-08-09','2024-08-09 00:26:25',NULL,NULL,'2024-08-09 08:47:22',2,1),(1977,23,1,'2024-08-10','2024-08-10 00:29:20',NULL,NULL,'2024-08-10 08:41:47',2,1),(1980,23,1,'2024-08-11','2024-08-11 00:28:59',NULL,NULL,'2024-08-11 08:34:23',2,1),(1983,23,1,'2024-08-12','2024-08-12 00:29:37',NULL,NULL,'2024-08-12 08:46:57',2,1),(1986,23,1,'2024-08-13','2024-08-13 00:28:52',NULL,NULL,'2024-08-13 08:53:09',2,1),(1989,23,1,'2024-08-14','2024-08-14 00:28:22',NULL,NULL,'2024-08-14 08:32:41',2,1),(1992,23,1,'2024-08-15','2024-08-15 00:28:40',NULL,NULL,'2024-08-15 08:55:11',2,1),(1995,23,1,'2024-08-16','2024-08-16 00:28:30',NULL,NULL,'2024-08-16 08:36:15',2,1),(1998,43,1,'2024-08-17','2024-08-17 00:25:31',NULL,NULL,'2024-08-17 08:30:21',2,1),(2001,43,1,'2024-08-18','2024-08-18 00:22:47',NULL,NULL,'2024-08-18 08:33:38',2,1),(2004,43,1,'2024-08-19','2024-08-19 00:24:50',NULL,NULL,'2024-08-19 08:30:52',2,1),(2007,43,1,'2024-08-20','2024-08-20 00:27:32',NULL,NULL,'2024-08-20 08:40:06',2,1),(2010,43,1,'2024-08-21','2024-08-21 00:21:00',NULL,NULL,'2024-08-21 08:36:53',2,1),(2013,43,1,'2024-08-22','2024-08-22 00:21:52',NULL,NULL,'2024-08-22 09:03:14',2,1),(2015,43,1,'2024-08-23','2024-08-23 00:22:07',NULL,NULL,'2024-08-23 08:33:28',2,1),(2018,24,1,'2024-08-24','2024-08-24 00:03:14',NULL,NULL,'2024-08-24 08:49:36',2,1),(2021,24,1,'2024-08-25','2024-08-25 00:15:21',NULL,NULL,'2024-08-25 08:38:12',2,1),(2024,24,1,'2024-08-26','2024-08-26 00:08:29',NULL,NULL,'2024-08-26 09:55:34',2,1),(2027,24,1,'2024-08-27','2024-08-27 00:18:33',NULL,NULL,'2024-08-27 08:48:54',2,1),(2030,24,1,'2024-08-28','2024-08-28 00:18:58',NULL,NULL,'2024-08-28 08:50:00',2,1),(2033,24,1,'2024-08-29','2024-08-29 00:19:43',NULL,NULL,'2024-08-29 09:45:57',2,1),(2035,24,1,'2024-08-30','2024-08-30 00:01:11',NULL,NULL,'2024-08-30 09:21:15',2,1),(2038,33,1,'2024-08-31','2024-08-31 00:24:04',NULL,NULL,'2024-08-31 08:50:07',2,1),(2041,33,1,'2024-09-01','2024-09-01 00:30:47',NULL,NULL,'2024-09-01 08:38:26',2,1),(2044,33,1,'2024-09-02','2024-09-02 00:11:07',NULL,NULL,'2024-09-02 09:22:41',2,1),(2047,33,1,'2024-09-03','2024-09-03 00:30:19',NULL,NULL,'2024-09-03 08:50:06',2,1),(2049,33,1,'2024-09-04','2024-09-04 00:28:40',NULL,NULL,'2024-09-04 09:34:42',2,1),(2052,33,1,'2024-09-05','2024-09-05 00:23:59',NULL,NULL,'2024-09-05 08:49:03',2,1),(2054,33,1,'2024-09-06','2024-09-06 00:23:16',NULL,NULL,'2024-09-06 08:58:06',2,1),(2057,23,1,'2024-09-07','2024-09-07 00:28:07',NULL,NULL,'2024-09-07 08:57:07',2,1),(2060,23,1,'2024-09-08','2024-09-08 00:28:19',NULL,NULL,'2024-09-08 08:31:30',2,1),(2063,23,1,'2024-09-09','2024-09-09 00:29:17',NULL,NULL,'2024-09-09 08:38:14',2,1),(2066,23,1,'2024-09-10','2024-09-10 00:28:06',NULL,NULL,'2024-09-10 08:35:15',2,1),(2069,23,1,'2024-09-11','2024-09-11 00:29:10',NULL,NULL,'2024-09-11 08:35:57',2,1),(2072,23,1,'2024-09-12','2024-09-12 00:28:43',NULL,NULL,'2024-09-12 08:54:31',2,1),(2074,23,1,'2024-09-13','2024-09-13 00:29:25',NULL,NULL,'2024-09-13 09:03:28',2,1),(2077,43,1,'2024-09-14','2024-09-14 00:25:30',NULL,NULL,'2024-09-14 08:40:23',2,1),(2079,43,1,'2024-09-15','2024-09-15 00:20:59',NULL,NULL,'2024-09-15 08:31:09',2,1),(2081,43,1,'2024-09-16','2024-09-16 00:22:52',NULL,NULL,'2024-09-16 08:59:23',2,1),(2083,43,1,'2024-09-17','2024-09-17 00:24:32',NULL,NULL,'2024-09-17 11:18:50',2,1),(2085,43,1,'2024-09-18','2024-09-18 00:25:22',NULL,NULL,'2024-09-18 09:12:36',2,1),(2087,43,1,'2024-09-19','2024-09-19 00:21:17',NULL,NULL,'2024-09-19 09:15:04',2,1),(2089,43,1,'2024-09-20','2024-09-20 00:25:41',NULL,NULL,'2024-09-20 08:45:39',2,1),(2091,33,1,'2024-09-21','2024-09-21 00:19:31',NULL,NULL,'2024-09-21 09:27:55',2,1),(2093,33,1,'2024-09-22','2024-09-22 00:13:29',NULL,NULL,'2024-09-22 08:33:35',2,1),(2095,33,1,'2024-09-23','2024-09-23 00:24:53',NULL,NULL,'2024-09-23 09:00:03',2,1),(2097,33,1,'2024-09-24','2024-09-24 00:30:28',NULL,NULL,'2024-09-24 08:37:52',2,1),(2099,33,1,'2024-09-25','2024-09-25 00:33:05',NULL,NULL,'2024-09-25 08:42:20',2,1),(2101,33,1,'2024-09-26','2024-09-26 00:49:30',NULL,NULL,'2024-09-26 08:55:00',2,1),(2103,33,1,'2024-09-27','2024-09-27 00:03:18',NULL,NULL,'2024-09-27 08:53:20',2,1),(2105,23,1,'2024-09-28','2024-09-28 00:30:41',NULL,NULL,'2024-09-28 08:44:01',2,1),(2107,23,1,'2024-09-29','2024-09-29 00:28:56',NULL,NULL,'2024-09-29 08:45:16',2,1),(2109,23,1,'2024-09-30','2024-09-30 00:29:09',NULL,NULL,'2024-09-30 08:43:03',2,1),(2111,23,1,'2024-10-01','2024-10-01 00:29:42',NULL,NULL,'2024-10-01 08:35:46',2,1),(2113,23,1,'2024-10-02','2024-10-02 00:29:31',NULL,NULL,'2024-10-02 08:37:47',2,1),(2116,23,1,'2024-10-03','2024-10-03 00:27:50',NULL,NULL,'2024-10-03 08:36:06',2,1),(2118,23,1,'2024-10-04','2024-10-04 00:29:06',NULL,NULL,'2024-10-04 08:34:09',2,1),(2120,43,1,'2024-10-05','2024-10-05 00:22:52',NULL,NULL,'2024-10-05 08:31:41',2,1),(2122,43,1,'2024-10-06','2024-10-06 00:33:37',NULL,NULL,'2024-10-06 08:34:27',2,1),(2124,43,1,'2024-10-07','2024-10-07 00:23:13',NULL,NULL,'2024-10-07 08:47:19',2,1),(2126,43,1,'2024-10-08','2024-10-08 00:28:33',NULL,NULL,NULL,1,0),(2128,43,1,'2024-10-09','2024-10-09 00:26:44',NULL,NULL,'2024-10-09 08:39:50',2,1),(2131,43,1,'2024-10-10','2024-10-10 00:20:06',NULL,NULL,'2024-10-10 08:52:04',2,1),(2133,43,1,'2024-10-11','2024-10-11 00:24:25',NULL,NULL,'2024-10-11 08:32:14',2,1),(2135,33,1,'2024-10-12','2024-10-12 00:29:39',NULL,NULL,'2024-10-12 10:04:44',2,1),(2137,33,1,'2024-10-13','2024-10-13 00:31:03',NULL,NULL,'2024-10-13 09:25:07',2,1),(2139,33,1,'2024-10-14','2024-10-14 00:33:02',NULL,NULL,'2024-10-14 08:44:10',2,1),(2141,33,1,'2024-10-15','2024-10-15 00:28:20',NULL,NULL,'2024-10-15 08:37:33',2,1),(2143,33,1,'2024-10-16','2024-10-16 00:46:26',NULL,NULL,'2024-10-16 09:07:44',2,1),(2146,33,1,'2024-10-17','2024-10-16 23:58:26',NULL,NULL,'2024-10-17 08:50:32',2,1),(2148,33,1,'2024-10-18','2024-10-18 00:37:28',NULL,NULL,'2024-10-18 09:38:41',2,1),(2150,23,1,'2024-10-19','2024-10-19 00:28:11',NULL,NULL,'2024-10-19 08:43:13',2,1),(2152,23,1,'2024-10-20','2024-10-20 00:29:32',NULL,NULL,'2024-10-20 08:46:26',2,1),(2154,23,1,'2024-10-21','2024-10-21 00:28:12',NULL,NULL,'2024-10-21 09:00:08',2,1),(2156,23,1,'2024-10-22','2024-10-22 00:27:10',NULL,NULL,'2024-10-22 08:33:11',2,1),(2158,23,1,'2024-10-23','2024-10-23 00:28:56',NULL,NULL,'2024-10-23 08:49:37',2,1),(2161,23,1,'2024-10-24','2024-10-24 00:28:42',NULL,NULL,'2024-10-24 09:01:47',2,1),(2163,23,1,'2024-10-25','2024-10-25 00:28:02',NULL,NULL,'2024-10-25 09:50:19',2,1),(2165,43,1,'2024-10-26','2024-10-26 00:22:00',NULL,NULL,'2024-10-26 09:42:36',2,1),(2167,43,1,'2024-10-27','2024-10-26 23:22:15',NULL,NULL,'2024-10-27 07:47:25',2,1),(2169,43,1,'2024-10-28','2024-10-27 23:23:49',NULL,NULL,'2024-10-28 08:31:01',2,1),(2171,43,1,'2024-10-29','2024-10-29 00:25:53',NULL,NULL,'2024-10-29 08:37:55',2,1),(2173,43,1,'2024-10-30','2024-10-30 00:22:45',NULL,NULL,'2024-10-30 08:50:37',2,1),(2176,43,1,'2024-10-31','2024-10-31 00:16:22',NULL,NULL,'2024-10-31 09:23:40',2,1),(2178,43,1,'2024-11-01','2024-11-01 00:26:46',NULL,NULL,'2024-11-01 08:37:46',2,1),(2180,33,1,'2024-11-02','2024-11-02 00:29:46',NULL,NULL,'2024-11-02 09:39:28',2,1),(2182,33,1,'2024-11-03','2024-11-02 23:46:43',NULL,NULL,'2024-11-03 09:15:03',2,1),(2184,33,1,'2024-11-04','2024-11-04 00:27:17',NULL,NULL,'2024-11-04 10:00:04',2,1),(2186,33,1,'2024-11-05','2024-11-05 00:31:02',NULL,NULL,'2024-11-05 08:57:08',2,1),(2188,33,1,'2024-11-06','2024-11-06 00:29:06',NULL,NULL,'2024-11-06 10:00:05',2,1),(2191,33,1,'2024-11-07','2024-11-07 00:29:33',NULL,NULL,'2024-11-07 09:25:41',2,1),(2193,33,1,'2024-11-08','2024-11-08 00:23:08',NULL,NULL,'2024-11-08 09:12:01',2,1),(2195,23,1,'2024-11-09','2024-11-09 00:29:37',NULL,NULL,'2024-11-09 08:33:10',2,1),(2197,23,1,'2024-11-10','2024-11-10 00:30:45',NULL,NULL,'2024-11-10 08:42:36',2,1),(2199,23,1,'2024-11-11','2024-11-11 00:28:39',NULL,NULL,'2024-11-11 09:19:44',2,1),(2201,23,1,'2024-11-12','2024-11-12 00:29:02',NULL,NULL,'2024-11-12 09:23:01',2,1),(2203,23,1,'2024-11-13','2024-11-13 00:28:53',NULL,NULL,'2024-11-13 08:45:27',2,1),(2206,23,1,'2024-11-14','2024-11-14 00:29:03',NULL,NULL,'2024-11-14 09:05:12',2,1),(2208,23,1,'2024-11-15','2024-11-15 00:28:39',NULL,NULL,'2024-11-15 09:26:05',2,1),(2210,43,1,'2024-11-16','2024-11-16 00:24:57',NULL,NULL,'2024-11-16 08:32:50',2,1),(2212,43,1,'2024-11-17','2024-11-17 00:27:52',NULL,NULL,'2024-11-17 08:42:04',2,1),(2214,43,1,'2024-11-18','2024-11-18 00:23:46','2024-11-18 04:32:16',NULL,'2024-11-18 09:19:34',2,1),(2216,43,1,'2024-11-19','2024-11-19 00:23:41',NULL,NULL,'2024-11-19 08:37:01',2,1),(2218,43,1,'2024-11-20','2024-11-20 00:22:54',NULL,NULL,'2024-11-20 08:46:55',2,1),(2221,43,1,'2024-11-21','2024-11-21 00:23:28',NULL,NULL,NULL,1,0),(2223,43,1,'2024-11-22','2024-11-22 00:26:54',NULL,NULL,'2024-11-22 08:54:38',2,1),(2225,33,1,'2024-11-23','2024-11-23 00:30:07',NULL,NULL,NULL,1,0),(2227,33,1,'2024-11-24','2024-11-24 01:10:15',NULL,NULL,'2024-11-24 09:35:22',2,1),(2229,33,1,'2024-11-25','2024-11-25 00:31:55',NULL,NULL,'2024-11-25 09:08:21',2,1),(2231,33,1,'2024-11-26','2024-11-26 00:40:07',NULL,NULL,'2024-11-26 08:50:49',2,1),(2233,33,1,'2024-11-27','2024-11-27 00:46:42',NULL,NULL,NULL,1,0),(2236,33,1,'2024-11-28','2024-11-28 00:37:41',NULL,NULL,'2024-11-28 09:23:03',2,1),(2238,33,1,'2024-11-29','2024-11-29 00:36:24',NULL,NULL,'2024-11-29 09:48:16',2,1),(2240,23,1,'2024-11-30','2024-11-30 00:28:15',NULL,NULL,'2024-11-30 08:42:18',2,1),(2242,23,1,'2024-12-01','2024-12-01 00:33:28',NULL,NULL,'2024-12-01 08:43:32',2,1),(2244,23,1,'2024-12-02','2024-12-02 00:27:44',NULL,NULL,'2024-12-02 08:48:28',2,1),(2246,23,1,'2024-12-03','2024-12-03 00:27:41',NULL,NULL,'2024-12-03 08:35:04',2,1),(2248,23,1,'2024-12-04','2024-12-04 00:28:48',NULL,NULL,'2024-12-04 08:44:19',2,1),(2251,23,1,'2024-12-05','2024-12-05 00:29:48',NULL,NULL,'2024-12-05 08:56:16',2,1),(2253,23,1,'2024-12-06','2024-12-06 00:29:15',NULL,NULL,'2024-12-06 08:36:08',2,1),(2255,43,1,'2024-12-07','2024-12-07 00:23:58',NULL,NULL,'2024-12-07 08:46:07',2,1),(2257,43,1,'2024-12-08','2024-12-08 00:18:40',NULL,NULL,'2024-12-08 08:56:33',2,1),(2259,43,1,'2024-12-09','2024-12-09 00:29:17',NULL,NULL,'2024-12-09 08:44:41',2,1),(2261,43,1,'2024-12-10','2024-12-10 00:27:30',NULL,NULL,'2024-12-10 09:35:52',2,1),(2263,43,1,'2024-12-11','2024-12-11 00:26:53',NULL,NULL,'2024-12-11 08:41:15',2,1),(2266,43,1,'2024-12-12','2024-12-12 00:23:21',NULL,NULL,'2024-12-12 09:09:31',2,1),(2268,43,1,'2024-12-13','2024-12-13 00:31:53',NULL,NULL,'2024-12-13 08:40:59',2,1),(2270,33,1,'2024-12-14','2024-12-14 00:27:15',NULL,NULL,'2024-12-14 09:35:46',2,1),(2272,33,1,'2024-12-15','2024-12-15 01:33:32',NULL,NULL,'2024-12-15 10:04:33',2,1),(2274,33,1,'2024-12-16','2024-12-16 00:16:03',NULL,NULL,'2024-12-16 08:57:24',2,1),(2276,33,1,'2024-12-17','2024-12-17 00:30:46',NULL,NULL,'2024-12-17 08:50:21',2,1),(2278,33,1,'2024-12-18','2024-12-18 00:30:28',NULL,NULL,'2024-12-18 09:09:56',2,1),(2281,33,1,'2024-12-19','2024-12-19 00:34:27',NULL,NULL,'2024-12-19 09:07:38',2,1),(2283,33,1,'2024-12-20','2024-12-20 00:26:44',NULL,NULL,'2024-12-20 09:59:30',2,1),(2285,23,1,'2024-12-21','2024-12-21 00:45:15',NULL,NULL,'2024-12-21 09:37:45',2,1),(2288,23,1,'2024-12-22','2024-12-22 00:32:02',NULL,NULL,'2024-12-22 08:34:27',2,1),(2291,23,1,'2024-12-23','2024-12-23 00:28:42',NULL,NULL,'2024-12-23 08:46:42',2,1),(2294,23,1,'2024-12-24','2024-12-24 00:35:14',NULL,NULL,'2024-12-24 08:56:36',2,1),(2297,23,1,'2024-12-25','2024-12-25 00:28:30',NULL,NULL,'2024-12-25 08:45:51',2,1),(2300,23,1,'2024-12-26','2024-12-26 00:26:24',NULL,NULL,'2024-12-26 08:37:34',2,1),(2302,23,1,'2024-12-27','2024-12-27 00:27:56',NULL,NULL,'2024-12-27 08:54:03',2,1),(2305,43,1,'2024-12-28','2024-12-28 00:16:06',NULL,NULL,'2024-12-28 08:39:37',2,1),(2308,43,1,'2024-12-29','2024-12-29 00:26:32',NULL,NULL,'2024-12-29 09:03:17',2,1),(2311,43,1,'2024-12-30','2024-12-30 00:14:30',NULL,NULL,'2024-12-30 08:42:36',2,1),(2314,43,1,'2024-12-31','2024-12-31 00:29:09',NULL,NULL,'2024-12-31 08:30:31',2,1),(2317,43,1,'2025-01-01','2025-01-01 00:18:41',NULL,NULL,'2025-01-01 08:46:41',2,1),(2320,43,1,'2025-01-02','2025-01-02 00:27:54',NULL,NULL,'2025-01-02 08:31:20',2,1),(2322,43,1,'2025-01-03','2025-01-03 00:30:06',NULL,NULL,'2025-01-03 09:07:41',2,1),(2325,24,1,'2025-01-04','2025-01-04 02:17:32',NULL,NULL,'2025-01-04 09:14:16',2,1),(2328,24,1,'2025-01-05','2025-01-05 02:22:48',NULL,NULL,'2025-01-05 08:43:40',2,1),(2331,24,1,'2025-01-06','2025-01-06 02:33:40',NULL,NULL,'2025-01-06 10:09:06',2,1),(2334,24,1,'2025-01-07','2025-01-07 02:27:02',NULL,NULL,'2025-01-07 09:45:16',2,1),(2337,24,1,'2025-01-08','2025-01-08 02:23:07',NULL,NULL,'2025-01-08 09:07:30',2,1),(2340,24,1,'2025-01-09','2025-01-09 02:27:15',NULL,NULL,'2025-01-09 08:56:41',2,1),(2342,24,1,'2025-01-10','2025-01-10 02:18:02',NULL,NULL,'2025-01-10 08:53:35',2,1),(2345,33,1,'2025-01-11','2025-01-11 00:33:37',NULL,NULL,'2025-01-11 08:57:28',2,1),(2348,33,1,'2025-01-12','2025-01-12 01:00:36',NULL,NULL,'2025-01-12 08:44:53',2,1),(2351,33,1,'2025-01-13','2025-01-13 01:05:33',NULL,NULL,'2025-01-13 10:50:15',2,1),(2354,33,1,'2025-01-14','2025-01-14 00:44:30',NULL,NULL,'2025-01-14 08:57:44',2,1),(2357,33,1,'2025-01-15','2025-01-15 00:40:44',NULL,NULL,'2025-01-15 09:07:26',2,1),(2360,33,1,'2025-01-16','2025-01-16 01:10:58',NULL,NULL,'2025-01-16 09:44:46',2,1),(2362,33,1,'2025-01-17','2025-01-17 00:22:09',NULL,NULL,'2025-01-17 09:22:21',2,1),(2365,23,1,'2025-01-18','2025-01-18 00:30:44',NULL,NULL,'2025-01-18 08:33:13',2,1),(2368,23,1,'2025-01-19','2025-01-19 00:27:20',NULL,NULL,'2025-01-19 08:31:16',2,1),(2371,23,1,'2025-01-20','2025-01-20 00:27:43',NULL,NULL,'2025-01-20 08:53:42',2,1),(2373,23,1,'2025-01-21','2025-01-21 00:28:11',NULL,NULL,'2025-01-21 09:08:44',2,1),(2375,23,1,'2025-01-22','2025-01-22 00:29:11',NULL,NULL,'2025-01-22 08:34:19',2,1),(2378,23,1,'2025-01-23','2025-01-23 00:31:54',NULL,NULL,'2025-01-23 08:53:54',2,1),(2380,23,1,'2025-01-24','2025-01-24 00:28:20',NULL,NULL,'2025-01-24 08:56:03',2,1),(2382,43,1,'2025-01-25','2025-01-25 00:19:49',NULL,NULL,'2025-01-25 08:39:18',2,1),(2384,43,1,'2025-01-26','2025-01-26 00:23:30',NULL,NULL,'2025-01-26 08:34:22',2,1),(2386,43,1,'2025-01-27','2025-01-27 00:26:48',NULL,NULL,'2025-01-27 08:34:41',2,1),(2389,43,1,'2025-01-28','2025-01-28 00:26:44',NULL,NULL,'2025-01-28 08:44:57',2,1),(2392,43,1,'2025-01-29','2025-01-29 00:28:36',NULL,NULL,'2025-01-29 08:30:55',2,1),(2395,43,1,'2025-01-30','2025-01-30 00:31:11',NULL,NULL,'2025-01-30 09:28:18',2,1),(2397,43,1,'2025-01-31','2025-01-31 00:28:58',NULL,NULL,'2025-01-31 08:37:26',2,1),(2400,24,1,'2025-02-01','2025-02-01 02:42:47',NULL,NULL,'2025-02-01 09:04:00',2,1),(2403,24,1,'2025-02-02','2025-02-02 02:27:44',NULL,NULL,'2025-02-02 08:54:40',2,1),(2406,24,1,'2025-02-03','2025-02-03 02:22:46',NULL,NULL,'2025-02-03 08:47:24',2,1),(2409,24,1,'2025-02-04','2025-02-04 02:22:21',NULL,NULL,'2025-02-04 09:40:52',2,1),(2412,24,1,'2025-02-05','2025-02-05 02:53:35',NULL,NULL,'2025-02-05 08:52:34',2,1),(2415,24,1,'2025-02-06','2025-02-06 02:22:33',NULL,NULL,'2025-02-06 08:38:04',2,1),(2417,24,1,'2025-02-07','2025-02-07 02:17:37',NULL,NULL,'2025-02-07 09:03:42',2,1),(2420,33,1,'2025-02-08','2025-02-08 00:29:22',NULL,NULL,'2025-02-08 09:17:17',2,1),(2423,33,1,'2025-02-09','2025-02-09 00:47:58',NULL,NULL,'2025-02-09 09:22:32',2,1),(2426,33,1,'2025-02-10','2025-02-10 01:00:27',NULL,NULL,'2025-02-10 08:46:37',2,1),(2429,33,1,'2025-02-11','2025-02-11 00:34:07',NULL,NULL,'2025-02-11 08:47:01',2,1),(2432,33,1,'2025-02-12','2025-02-12 00:28:15',NULL,NULL,'2025-02-12 08:41:51',2,1),(2435,33,1,'2025-02-13','2025-02-13 00:34:43',NULL,NULL,'2025-02-13 08:44:54',2,1),(2437,33,1,'2025-02-14','2025-02-14 02:20:54',NULL,NULL,'2025-02-14 08:45:04',2,1),(2440,23,1,'2025-02-15','2025-02-15 00:28:27',NULL,NULL,'2025-02-15 08:40:51',2,1),(2443,23,1,'2025-02-16','2025-02-16 00:28:31',NULL,NULL,'2025-02-16 08:33:14',2,1),(2446,23,1,'2025-02-17','2025-02-17 00:27:57',NULL,NULL,'2025-02-17 09:29:41',2,1),(2449,23,1,'2025-02-18','2025-02-18 00:26:25',NULL,NULL,'2025-02-18 08:38:36',2,1),(2452,23,1,'2025-02-19','2025-02-19 00:27:08',NULL,NULL,'2025-02-19 08:56:23',2,1),(2455,23,1,'2025-02-20','2025-02-20 00:26:57',NULL,NULL,'2025-02-20 08:57:36',2,1),(2457,23,1,'2025-02-21','2025-02-21 00:24:01',NULL,NULL,'2025-02-21 08:39:11',2,1),(2460,43,1,'2025-02-22','2025-02-22 00:23:00',NULL,NULL,'2025-02-22 08:55:40',2,1),(2463,43,1,'2025-02-23','2025-02-23 00:26:20',NULL,NULL,'2025-02-23 09:13:22',2,1),(2466,43,1,'2025-02-24','2025-02-24 00:20:32',NULL,NULL,'2025-02-24 08:34:38',2,1),(2469,43,1,'2025-02-25','2025-02-25 00:24:27',NULL,NULL,'2025-02-25 08:58:42',2,1),(2472,43,1,'2025-02-26','2025-02-26 00:21:24',NULL,NULL,'2025-02-26 08:32:23',2,1),(2475,43,1,'2025-02-27','2025-02-27 00:17:09',NULL,NULL,'2025-02-27 09:56:05',2,1),(2477,43,1,'2025-02-28','2025-02-28 00:22:47',NULL,NULL,'2025-02-28 08:36:46',2,1),(2480,24,1,'2025-03-01','2025-03-01 02:17:51',NULL,NULL,'2025-03-01 08:34:56',2,1),(2483,24,1,'2025-03-02','2025-03-02 02:23:26',NULL,NULL,'2025-03-02 08:52:51',2,1),(2486,24,1,'2025-03-03','2025-03-03 02:17:48',NULL,NULL,'2025-03-03 10:25:18',2,1),(2489,24,1,'2025-03-04','2025-03-04 02:18:06',NULL,NULL,'2025-03-04 08:33:07',2,1),(2492,24,1,'2025-03-05','2025-03-05 02:13:26',NULL,NULL,'2025-03-05 10:32:05',2,1),(2495,24,1,'2025-03-06','2025-03-06 02:18:10',NULL,NULL,'2025-03-06 08:47:21',2,1),(2497,24,1,'2025-03-07','2025-03-07 02:24:37',NULL,NULL,'2025-03-07 11:17:12',2,1),(2500,33,1,'2025-03-08','2025-03-08 00:36:32',NULL,NULL,'2025-03-08 08:59:33',2,1),(2503,33,1,'2025-03-09','2025-03-09 00:54:23',NULL,NULL,'2025-03-09 08:40:54',2,1),(2506,33,1,'2025-03-10','2025-03-10 00:30:41',NULL,NULL,'2025-03-10 08:45:25',2,1),(2509,33,1,'2025-03-11','2025-03-11 02:22:43',NULL,NULL,'2025-03-11 08:42:58',2,1),(2512,33,1,'2025-03-12','2025-03-12 00:39:40',NULL,NULL,'2025-03-12 08:46:59',2,1),(2515,33,1,'2025-03-13','2025-03-13 00:39:17',NULL,NULL,'2025-03-13 09:05:05',2,1),(2517,33,1,'2025-03-14','2025-03-14 00:47:39',NULL,NULL,'2025-03-14 09:42:59',2,1),(2521,23,1,'2025-03-15','2025-03-15 00:38:40',NULL,NULL,'2025-03-15 08:47:25',2,1),(2542,23,1,'2025-03-16','2025-03-16 00:27:21',NULL,NULL,'2025-03-16 08:34:12',2,1),(2545,23,1,'2025-03-17','2025-03-17 00:27:21',NULL,NULL,'2025-03-17 08:43:20',2,1),(2548,23,1,'2025-03-18','2025-03-18 00:27:29',NULL,NULL,'2025-03-18 08:37:17',2,1),(2551,23,1,'2025-03-19','2025-03-19 00:29:29',NULL,NULL,'2025-03-19 09:14:04',2,1),(2554,23,1,'2025-03-20','2025-03-20 00:27:15',NULL,NULL,'2025-03-20 08:33:54',2,1),(2556,23,1,'2025-03-21','2025-03-21 00:34:51',NULL,NULL,'2025-03-21 08:48:38',2,1),(2559,43,1,'2025-03-22','2025-03-22 00:21:31',NULL,NULL,'2025-03-22 08:56:22',2,1),(2562,43,1,'2025-03-23','2025-03-23 00:26:41',NULL,NULL,'2025-03-23 08:37:28',2,1),(2565,43,1,'2025-03-24','2025-03-24 00:29:05',NULL,NULL,'2025-03-24 08:45:27',2,1),(2567,43,1,'2025-03-25','2025-03-25 00:21:09',NULL,NULL,'2025-03-25 07:10:02',2,1),(2569,43,1,'2025-03-26','2025-03-26 00:16:57',NULL,NULL,'2025-03-26 08:42:27',2,1),(2572,43,1,'2025-03-27','2025-03-27 00:21:22',NULL,NULL,'2025-03-27 09:43:15',2,1),(2574,43,1,'2025-03-28','2025-03-28 00:26:31',NULL,NULL,'2025-03-28 08:51:16',2,1),(2576,24,1,'2025-03-29','2025-03-29 02:18:46',NULL,NULL,'2025-03-29 08:59:05',2,1),(2578,24,1,'2025-03-30','2025-03-30 03:14:54',NULL,NULL,'2025-03-30 09:37:29',2,1),(2580,24,1,'2025-03-31','2025-03-31 04:12:49',NULL,NULL,'2025-03-31 10:28:47',2,1),(2583,24,1,'2025-04-01','2025-04-01 03:18:59',NULL,NULL,'2025-04-01 10:14:01',2,1),(2586,24,1,'2025-04-02','2025-04-02 01:53:19',NULL,NULL,'2025-04-02 10:05:26',2,1),(2589,24,1,'2025-04-03','2025-04-03 02:26:46',NULL,NULL,'2025-04-03 10:29:45',2,1),(2591,24,1,'2025-04-04','2025-04-04 02:09:34',NULL,NULL,'2025-04-04 08:50:48',2,1),(2594,33,1,'2025-04-05','2025-04-05 00:37:31',NULL,NULL,'2025-04-05 08:37:58',2,1),(2597,33,1,'2025-04-06','2025-04-06 00:47:10',NULL,NULL,'2025-04-06 09:39:25',2,1),(2600,33,1,'2025-04-07','2025-04-07 00:39:27',NULL,NULL,'2025-04-08 00:37:08',2,1),(2603,33,1,'2025-04-08','2025-04-08 00:37:20',NULL,NULL,'2025-04-08 09:39:39',2,1),(2606,33,1,'2025-04-09','2025-04-09 01:45:30',NULL,NULL,'2025-04-09 08:53:08',2,1),(2609,33,1,'2025-04-10','2025-04-10 01:06:27',NULL,NULL,'2025-04-10 09:04:46',2,1),(2611,33,1,'2025-04-11','2025-04-11 01:13:33',NULL,NULL,'2025-04-11 09:21:36',2,1),(2614,23,1,'2025-04-12','2025-04-12 00:27:10',NULL,NULL,'2025-04-12 08:51:17',2,1),(2617,23,1,'2025-04-13','2025-04-13 00:27:48',NULL,NULL,'2025-04-13 09:37:20',2,1),(2620,23,1,'2025-04-14','2025-04-14 00:26:52',NULL,NULL,'2025-04-14 08:40:23',2,1),(2623,23,1,'2025-04-15','2025-04-15 00:27:45',NULL,NULL,'2025-04-15 08:40:29',2,1),(2626,23,1,'2025-04-16','2025-04-16 00:26:51',NULL,NULL,'2025-04-16 08:38:07',2,1),(2629,23,1,'2025-04-17','2025-04-17 00:27:09',NULL,NULL,'2025-04-17 08:41:07',2,1),(2631,23,1,'2025-04-18','2025-04-18 00:26:29',NULL,NULL,'2025-04-18 09:07:17',2,1),(2634,43,1,'2025-04-19','2025-04-19 00:26:59',NULL,NULL,NULL,1,0),(2637,43,1,'2025-04-20','2025-04-20 00:21:23',NULL,NULL,'2025-04-20 08:44:16',2,1),(2640,43,1,'2025-04-21','2025-04-21 00:25:40',NULL,NULL,'2025-04-21 09:05:03',2,1),(2643,43,1,'2025-04-22','2025-04-22 00:25:57',NULL,NULL,'2025-04-22 09:25:05',2,1),(2646,43,1,'2025-04-23','2025-04-23 00:27:39',NULL,NULL,'2025-04-23 10:01:14',2,1),(2649,43,1,'2025-04-24','2025-04-24 00:20:46',NULL,NULL,'2025-04-24 08:37:19',2,1),(2651,43,1,'2025-04-25','2025-04-25 00:22:41',NULL,NULL,'2025-04-25 08:56:47',2,1),(2654,43,1,'2025-04-26','2025-04-26 02:24:12',NULL,NULL,'2025-04-26 08:48:28',2,1),(2657,43,1,'2025-04-27','2025-04-27 02:25:10',NULL,NULL,'2025-04-27 09:08:37',2,1),(2660,43,1,'2025-04-28','2025-04-28 02:23:18',NULL,NULL,'2025-04-28 09:09:50',2,1),(2662,24,1,'2025-04-29','2025-04-29 02:27:16',NULL,NULL,'2025-04-29 08:43:05',2,1),(2665,24,1,'2025-04-30','2025-04-30 02:27:34',NULL,NULL,'2025-04-30 10:38:19',2,1),(2668,24,1,'2025-05-01','2025-05-01 02:27:14',NULL,NULL,'2025-05-01 10:45:56',2,1),(2670,24,1,'2025-05-02','2025-05-02 02:27:01',NULL,NULL,'2025-05-02 09:25:57',2,1),(2673,33,1,'2025-05-03','2025-05-03 01:58:50',NULL,NULL,'2025-05-03 09:07:03',2,1),(2676,33,1,'2025-05-04','2025-05-04 00:31:12',NULL,NULL,'2025-05-04 09:21:39',2,1),(2679,33,1,'2025-05-05','2025-05-05 00:34:13',NULL,NULL,'2025-05-05 08:58:32',2,1),(2681,33,1,'2025-05-06','2025-05-06 01:32:39',NULL,NULL,'2025-05-06 09:16:10',2,1),(2683,33,1,'2025-05-07','2025-05-07 00:35:55',NULL,NULL,'2025-05-07 08:57:24',2,1),(2686,33,1,'2025-05-08','2025-05-08 00:31:56',NULL,NULL,'2025-05-08 08:45:53',2,1),(2688,33,1,'2025-05-09','2025-05-09 01:34:23',NULL,NULL,'2025-05-09 09:53:21',2,1),(2690,23,1,'2025-05-10','2025-05-10 00:27:23',NULL,NULL,'2025-05-10 08:55:53',2,1),(2692,23,1,'2025-05-11','2025-05-11 00:27:20',NULL,NULL,'2025-05-11 08:32:35',2,1),(2694,23,1,'2025-05-12','2025-05-12 00:26:38',NULL,NULL,'2025-05-12 08:36:30',2,1),(2697,23,1,'2025-05-13','2025-05-13 00:26:51',NULL,NULL,'2025-05-13 08:44:04',2,1),(2699,23,1,'2025-05-14','2025-05-14 00:28:56',NULL,NULL,'2025-05-14 08:58:32',2,1),(2701,23,1,'2025-05-15','2025-05-15 00:31:47',NULL,NULL,'2025-05-15 09:05:49',2,1),(2703,23,1,'2025-05-16','2025-05-16 00:29:25',NULL,NULL,'2025-05-16 08:43:34',2,1),(2705,33,1,'2025-05-17','2025-05-17 01:37:56',NULL,NULL,'2025-05-17 09:20:33',2,1),(2707,33,1,'2025-05-18','2025-05-18 02:48:54',NULL,NULL,'2025-05-18 10:27:39',2,1),(2709,33,1,'2025-05-19','2025-05-19 00:35:34',NULL,NULL,'2025-05-19 17:41:11',2,1),(2711,33,1,'2025-05-20','2025-05-20 00:08:00',NULL,NULL,'2025-05-20 11:59:42',2,1),(2713,33,1,'2025-05-21','2025-05-21 02:05:03',NULL,NULL,'2025-05-21 09:05:59',2,1),(2716,33,1,'2025-05-22','2025-05-22 02:01:48',NULL,NULL,'2025-05-22 08:57:50',2,1),(2718,33,1,'2025-05-23','2025-05-23 00:30:40',NULL,NULL,'2025-05-23 09:57:46',2,1),(2720,24,1,'2025-05-24','2025-05-24 02:23:23',NULL,NULL,'2025-05-24 09:43:59',2,1),(2722,24,1,'2025-05-25','2025-05-25 02:23:25',NULL,NULL,'2025-05-25 10:01:42',2,1),(2724,24,1,'2025-05-26','2025-05-26 02:23:02',NULL,NULL,'2025-05-26 12:03:10',2,1),(2726,24,1,'2025-05-27','2025-05-27 02:25:36',NULL,NULL,'2025-05-27 09:49:26',2,1),(2728,24,1,'2025-05-28','2025-05-28 01:56:25',NULL,NULL,'2025-05-28 08:53:20',2,1),(2731,24,1,'2025-05-29','2025-05-29 02:08:42',NULL,NULL,'2025-05-29 08:36:58',2,1),(2733,24,1,'2025-05-30','2025-05-30 02:23:23',NULL,NULL,'2025-05-30 08:38:52',2,1),(2735,23,1,'2025-05-31','2025-05-31 00:27:08',NULL,NULL,'2025-05-31 08:42:41',2,1),(2737,23,1,'2025-06-01','2025-06-01 00:26:59',NULL,NULL,'2025-06-01 08:34:59',2,1),(2739,23,1,'2025-06-02','2025-06-02 00:27:34',NULL,NULL,'2025-06-02 08:57:54',2,1),(2741,23,1,'2025-06-03','2025-06-03 00:26:39',NULL,NULL,'2025-06-03 08:56:10',2,1),(2743,23,1,'2025-06-04','2025-06-04 00:28:22',NULL,NULL,'2025-06-04 08:51:51',2,1),(2746,23,1,'2025-06-05','2025-06-05 00:27:10',NULL,NULL,'2025-06-05 08:43:29',2,1),(2748,23,1,'2025-06-06','2025-06-06 00:28:06',NULL,NULL,'2025-06-06 08:36:15',2,1),(2750,33,1,'2025-06-07','2025-06-07 00:35:06',NULL,NULL,'2025-06-07 11:39:26',2,1),(2752,33,1,'2025-06-08','2025-06-07 23:49:56',NULL,NULL,'2025-06-08 09:35:55',2,1),(2754,33,1,'2025-06-09','2025-06-08 23:40:32',NULL,NULL,'2025-06-09 10:24:04',2,1),(2756,33,1,'2025-06-10','2025-06-10 01:41:09',NULL,NULL,'2025-06-10 08:41:49',2,1),(2758,33,1,'2025-06-11','2025-06-11 00:00:46',NULL,NULL,'2025-06-12 00:38:18',2,1),(2761,33,1,'2025-06-12','2025-06-12 00:45:36',NULL,NULL,'2025-06-12 09:41:12',2,1),(2763,33,1,'2025-06-13','2025-06-13 02:20:02',NULL,NULL,'2025-06-13 09:13:02',2,1),(2765,24,1,'2025-06-14','2025-06-14 02:34:58',NULL,NULL,'2025-06-14 09:25:47',2,1),(2767,24,1,'2025-06-15','2025-06-15 02:22:28',NULL,NULL,'2025-06-15 09:16:44',2,1),(2769,24,1,'2025-06-16','2025-06-16 02:22:29',NULL,NULL,'2025-06-16 10:18:39',2,1),(2771,24,1,'2025-06-17','2025-06-17 02:16:21',NULL,NULL,'2025-06-17 08:36:10',2,1),(2773,24,1,'2025-06-18','2025-06-18 02:06:05',NULL,NULL,'2025-06-18 08:51:20',2,1),(2776,24,1,'2025-06-19','2025-06-19 02:09:43',NULL,NULL,'2025-06-19 09:03:29',2,1),(2778,24,1,'2025-06-20','2025-06-20 02:22:22',NULL,NULL,'2025-06-20 09:54:26',2,1),(2780,23,1,'2025-06-21','2025-06-21 00:26:14',NULL,NULL,'2025-06-21 08:46:35',2,1),(2782,23,1,'2025-06-22','2025-06-22 00:26:44',NULL,NULL,'2025-06-22 08:41:25',2,1),(2784,23,1,'2025-06-23','2025-06-23 00:25:59',NULL,NULL,'2025-06-23 08:43:06',2,1),(2786,23,1,'2025-06-24','2025-06-24 00:28:00',NULL,NULL,'2025-06-24 08:46:20',2,1),(2788,23,1,'2025-06-25','2025-06-25 00:27:04',NULL,NULL,'2025-06-25 08:37:09',2,1),(2791,23,1,'2025-06-26','2025-06-26 00:27:37',NULL,NULL,'2025-06-26 09:02:31',2,1),(2793,23,1,'2025-06-27','2025-06-27 00:39:27',NULL,NULL,'2025-06-27 08:45:54',2,1),(2795,33,1,'2025-06-28','2025-06-28 01:48:49',NULL,NULL,'2025-06-28 08:49:18',2,1),(2797,33,1,'2025-06-29','2025-06-29 02:29:33',NULL,NULL,'2025-06-29 10:26:26',2,1),(2799,33,1,'2025-06-30','2025-06-30 02:40:48',NULL,NULL,'2025-06-30 10:15:21',2,1),(2801,33,1,'2025-07-01','2025-07-01 02:28:06',NULL,NULL,'2025-07-01 09:07:21',2,1),(2803,33,1,'2025-07-02','2025-07-02 00:28:01',NULL,NULL,'2025-07-02 09:06:26',2,1),(2806,33,1,'2025-07-03','2025-07-03 00:34:46',NULL,NULL,'2025-07-03 08:36:39',2,1),(2808,33,1,'2025-07-04','2025-07-04 00:17:34',NULL,NULL,'2025-07-04 08:57:09',2,1),(2810,24,1,'2025-07-05','2025-07-05 02:23:24',NULL,NULL,'2025-07-05 10:42:38',2,1),(2812,24,1,'2025-07-06','2025-07-06 02:22:39',NULL,NULL,'2025-07-06 11:13:31',2,1),(2814,24,1,'2025-07-07','2025-07-07 02:23:17',NULL,NULL,'2025-07-07 09:18:32',2,1),(2816,24,1,'2025-07-08','2025-07-08 02:24:28',NULL,NULL,'2025-07-08 08:38:51',2,1),(2818,24,1,'2025-07-09','2025-07-09 02:24:40',NULL,NULL,'2025-07-09 13:56:58',2,1),(2821,24,1,'2025-07-10','2025-07-10 02:24:51',NULL,NULL,'2025-07-10 09:23:46',2,1),(2823,24,1,'2025-07-11','2025-07-11 02:23:25',NULL,NULL,'2025-07-11 10:08:27',2,1),(2825,23,1,'2025-07-12','2025-07-12 00:27:36',NULL,NULL,'2025-07-12 08:35:08',2,1),(2827,23,1,'2025-07-13','2025-07-13 00:29:17',NULL,NULL,'2025-07-13 08:36:12',2,1),(2829,23,1,'2025-07-14','2025-07-14 00:27:27',NULL,NULL,'2025-07-14 08:47:56',2,1),(2831,23,1,'2025-07-15','2025-07-15 00:29:39',NULL,NULL,'2025-07-15 08:49:12',2,1),(2833,23,1,'2025-07-16','2025-07-16 00:28:45',NULL,NULL,'2025-07-16 08:38:16',2,1),(2836,23,1,'2025-07-17','2025-07-17 00:28:01',NULL,NULL,'2025-07-17 09:57:33',2,1),(2838,23,1,'2025-07-18','2025-07-18 00:25:48',NULL,NULL,'2025-07-18 09:07:43',2,1),(2840,24,1,'2025-07-19','2025-07-19 02:23:34',NULL,NULL,'2025-07-19 09:25:09',2,1),(2842,24,1,'2025-07-20','2025-07-20 02:22:55',NULL,NULL,'2025-07-20 09:54:08',2,1),(2844,24,1,'2025-07-21','2025-07-21 02:15:41',NULL,NULL,'2025-07-21 08:41:38',2,1),(2846,33,1,'2025-07-22','2025-07-22 01:40:21',NULL,NULL,'2025-07-22 23:54:13',2,1),(2848,33,1,'2025-07-23','2025-07-22 23:54:47',NULL,NULL,'2025-07-23 08:56:14',2,1),(2851,33,1,'2025-07-24','2025-07-23 23:46:47',NULL,NULL,'2025-07-24 09:37:45',2,1),(2853,33,1,'2025-07-25','2025-07-25 00:19:38',NULL,NULL,'2025-07-26 12:50:15',2,1),(2855,24,1,'2025-07-26','2025-07-26 02:22:04',NULL,NULL,'2025-07-26 10:30:13',2,1),(2857,24,1,'2025-07-27','2025-07-27 02:21:59',NULL,NULL,'2025-07-27 09:14:16',2,1),(2859,24,1,'2025-07-28','2025-07-28 02:22:34',NULL,NULL,'2025-07-28 09:15:39',2,1),(2861,24,1,'2025-07-29','2025-07-29 02:22:10',NULL,NULL,'2025-07-29 08:44:41',2,1),(2863,24,1,'2025-07-30','2025-07-30 02:25:17',NULL,NULL,'2025-07-31 02:52:28',2,1),(2866,24,1,'2025-07-31','2025-07-31 02:53:07',NULL,NULL,'2025-07-31 09:24:16',2,1),(2868,24,1,'2025-08-01','2025-08-01 02:22:39',NULL,NULL,'2025-08-01 09:00:13',2,1),(2870,23,1,'2025-08-02','2025-08-02 00:30:14',NULL,NULL,'2025-08-02 09:06:39',2,1),(2872,23,1,'2025-08-03','2025-08-03 00:30:21',NULL,NULL,'2025-08-03 09:34:06',2,1),(2874,23,1,'2025-08-04','2025-08-04 00:28:21',NULL,NULL,'2025-08-04 08:47:25',2,1),(2876,23,1,'2025-08-05','2025-08-05 00:27:28',NULL,NULL,'2025-08-05 08:42:16',2,1),(2878,23,1,'2025-08-06','2025-08-06 00:30:48',NULL,NULL,'2025-08-06 08:52:46',2,1),(2880,23,1,'2025-08-07','2025-08-07 00:25:22',NULL,NULL,'2025-08-07 08:34:22',2,1),(2882,23,1,'2025-08-08','2025-08-08 00:29:09',NULL,NULL,'2025-08-08 08:39:37',2,1),(2884,33,1,'2025-08-09','2025-08-09 00:38:21',NULL,NULL,'2025-08-09 10:53:50',2,1),(2887,33,1,'2025-08-10','2025-08-10 04:26:54',NULL,NULL,'2025-08-10 10:46:36',2,1),(2889,33,1,'2025-08-11','2025-08-11 05:18:47',NULL,NULL,'2025-08-11 10:03:15',2,1),(2891,33,1,'2025-08-12','2025-08-12 02:23:42',NULL,NULL,'2025-08-12 09:38:38',2,1),(2893,33,1,'2025-08-13','2025-08-13 00:37:01',NULL,NULL,'2025-08-13 09:09:47',2,1),(2896,33,1,'2025-08-14','2025-08-14 01:14:41',NULL,NULL,'2025-08-14 08:48:17',2,1),(2898,33,1,'2025-08-15','2025-08-15 02:39:14',NULL,NULL,'2025-08-15 10:20:50',2,1),(2901,24,1,'2025-08-16','2025-08-16 02:24:27',NULL,NULL,'2025-08-16 09:55:23',2,1),(2904,24,1,'2025-08-17','2025-08-17 02:23:41',NULL,NULL,'2025-08-17 09:39:30',2,1),(2907,24,1,'2025-08-18','2025-08-18 02:24:34',NULL,NULL,'2025-08-18 09:10:26',2,1),(2910,24,1,'2025-08-19','2025-08-19 02:21:24',NULL,NULL,'2025-08-19 08:32:29',2,1),(2913,24,1,'2025-08-20','2025-08-20 02:22:53',NULL,NULL,'2025-08-20 08:57:10',2,1),(2916,24,1,'2025-08-21','2025-08-21 02:23:16',NULL,NULL,'2025-08-21 08:34:50',2,1),(2918,24,1,'2025-08-22','2025-08-22 02:23:14',NULL,NULL,'2025-08-22 08:56:11',2,1),(2921,23,1,'2025-08-23','2025-08-23 00:27:41',NULL,NULL,'2025-08-23 08:34:30',2,1),(2924,23,1,'2025-08-24','2025-08-24 00:27:50',NULL,NULL,'2025-08-24 08:37:04',2,1),(2927,23,1,'2025-08-25','2025-08-25 00:27:07',NULL,NULL,'2025-08-25 08:41:45',2,1),(2930,23,1,'2025-08-26','2025-08-26 00:27:11',NULL,NULL,'2025-08-26 09:27:31',2,1),(2933,23,1,'2025-08-27','2025-08-27 00:27:02',NULL,NULL,'2025-08-27 08:50:41',2,1),(2936,23,1,'2025-08-28','2025-08-28 00:28:16',NULL,NULL,'2025-08-28 08:33:45',2,1),(2938,23,1,'2025-08-29','2025-08-29 00:29:00',NULL,NULL,'2025-08-29 08:36:37',2,1),(2941,33,1,'2025-08-30','2025-08-30 00:44:59',NULL,NULL,'2025-08-30 10:11:32',2,1),(2944,33,1,'2025-08-31','2025-08-30 23:37:31',NULL,NULL,'2025-08-31 10:03:59',2,1),(2947,33,1,'2025-09-01','2025-09-01 03:16:18',NULL,NULL,'2025-09-01 08:56:31',2,0),(2950,33,1,'2025-09-02','2025-09-01 23:51:51',NULL,NULL,'2025-09-02 08:38:36',2,1),(2953,33,1,'2025-09-03','2025-09-03 01:17:41',NULL,NULL,'2025-09-03 09:07:52',2,1),(2956,33,1,'2025-09-04','2025-09-04 00:29:05',NULL,NULL,'2025-09-04 09:18:39',2,1),(2958,33,1,'2025-09-05','2025-09-05 00:34:58',NULL,NULL,'2025-09-05 08:56:03',2,1),(2961,24,1,'2025-09-06','2025-09-06 02:22:50',NULL,NULL,'2025-09-06 12:41:03',2,1),(2964,24,1,'2025-09-07','2025-09-07 02:07:39',NULL,NULL,'2025-09-07 10:37:22',2,1),(2967,24,1,'2025-09-08','2025-09-08 02:28:18',NULL,NULL,'2025-09-08 09:48:00',2,1),(2970,24,1,'2025-09-09','2025-09-09 02:23:42',NULL,NULL,'2025-09-09 09:01:43',2,1),(2973,24,1,'2025-09-10','2025-09-10 02:25:04',NULL,NULL,'2025-09-10 09:24:28',2,1),(2976,24,1,'2025-09-11','2025-09-11 02:22:57',NULL,NULL,'2025-09-11 09:41:57',2,1),(2978,24,1,'2025-09-12','2025-09-12 02:23:32',NULL,NULL,'2025-09-12 09:42:52',2,1),(2980,23,1,'2025-09-13','2025-09-13 00:29:43',NULL,NULL,'2025-09-13 08:34:57',2,1),(2982,23,1,'2025-09-14','2025-09-14 00:27:04',NULL,NULL,'2025-09-14 08:37:24',2,1),(2984,23,1,'2025-09-15','2025-09-15 00:28:49',NULL,NULL,'2025-09-15 08:39:17',2,1),(2986,23,1,'2025-09-16','2025-09-16 00:29:37',NULL,NULL,'2025-09-16 08:40:52',2,1),(2989,23,1,'2025-09-17','2025-09-17 00:26:52',NULL,NULL,'2025-09-17 08:36:31',2,1),(2992,23,1,'2025-09-18','2025-09-18 00:26:48',NULL,NULL,'2025-09-18 08:51:14',2,1),(2994,23,1,'2025-09-19','2025-09-19 00:28:47',NULL,NULL,'2025-09-19 08:39:43',2,1),(2997,33,1,'2025-09-20','2025-09-20 02:54:59',NULL,NULL,'2025-09-20 09:51:20',2,1),(3000,33,1,'2025-09-21','2025-09-21 01:30:13',NULL,NULL,'2025-09-21 09:55:48',2,1),(3003,33,1,'2025-09-22','2025-09-22 02:27:30',NULL,NULL,'2025-09-22 09:21:48',2,1),(3006,33,1,'2025-09-23','2025-09-23 00:20:00',NULL,NULL,'2025-09-24 03:04:43',2,1),(3009,33,1,'2025-09-24','2025-09-24 03:04:54',NULL,NULL,'2025-09-24 09:51:33',2,1),(3012,33,1,'2025-09-25','2025-09-25 01:59:30',NULL,NULL,'2025-09-25 09:14:49',2,1),(3014,33,1,'2025-09-26','2025-09-26 01:27:48',NULL,NULL,'2025-09-26 08:52:17',2,1),(3017,24,1,'2025-09-27','2025-09-27 02:08:02',NULL,NULL,'2025-09-27 10:02:29',2,1),(3020,24,1,'2025-09-28','2025-09-28 02:06:18',NULL,NULL,'2025-09-28 11:23:18',2,1),(3023,24,1,'2025-09-29','2025-09-29 02:25:50',NULL,NULL,'2025-09-29 09:39:22',2,1),(3026,24,1,'2025-09-30','2025-09-30 02:22:49',NULL,NULL,'2025-09-30 10:43:14',2,1),(3029,24,1,'2025-10-01','2025-10-01 02:07:47',NULL,NULL,'2025-10-01 09:19:22',2,1),(3032,24,1,'2025-10-02','2025-10-02 02:22:25',NULL,NULL,'2025-10-02 09:30:56',2,1),(3034,24,1,'2025-10-03','2025-10-03 02:24:20',NULL,NULL,'2025-10-03 09:03:38',2,1),(3037,23,1,'2025-10-04','2025-10-04 00:26:29',NULL,NULL,'2025-10-04 08:55:21',2,1),(3040,23,1,'2025-10-05','2025-10-05 00:27:04',NULL,NULL,'2025-10-05 08:38:34',2,1),(3043,23,1,'2025-10-06','2025-10-06 00:27:27',NULL,NULL,'2025-10-06 08:38:05',2,1),(3046,23,1,'2025-10-07','2025-10-07 00:27:37',NULL,NULL,'2025-10-07 08:37:40',2,1),(3049,23,1,'2025-10-08','2025-10-08 00:27:28',NULL,NULL,'2025-10-08 08:38:47',2,1),(3052,23,1,'2025-10-09','2025-10-09 00:27:03',NULL,NULL,'2025-10-09 08:35:14',2,1),(3054,43,1,'2025-10-10','2025-10-10 02:26:27',NULL,NULL,'2025-10-10 08:31:37',2,1),(3056,33,1,'2025-10-11','2025-10-11 01:16:09',NULL,NULL,'2025-10-11 08:40:30',2,1),(3059,33,1,'2025-10-12','2025-10-12 01:49:43',NULL,NULL,'2025-10-12 09:11:36',2,1),(3062,33,1,'2025-10-13','2025-10-13 00:23:20',NULL,NULL,'2025-10-13 10:02:03',2,1),(3065,33,1,'2025-10-14','2025-10-14 04:03:07',NULL,NULL,'2025-10-14 09:29:55',2,1),(3068,33,1,'2025-10-15','2025-10-15 00:45:47',NULL,NULL,'2025-10-15 09:11:46',2,1),(3071,33,1,'2025-10-16','2025-10-16 02:18:55',NULL,NULL,'2025-10-16 09:01:10',2,1),(3073,33,1,'2025-10-17','2025-10-17 01:39:41',NULL,NULL,'2025-10-17 10:12:08',2,1),(3076,24,1,'2025-10-18','2025-10-18 02:27:17',NULL,NULL,'2025-10-18 09:17:49',2,1),(3079,24,1,'2025-10-19','2025-10-19 02:18:20',NULL,NULL,'2025-10-19 09:48:25',2,1),(3082,24,1,'2025-10-20','2025-10-20 02:22:00',NULL,NULL,'2025-10-20 10:45:35',2,1),(3085,24,1,'2025-10-21','2025-10-21 02:14:00',NULL,NULL,'2025-10-21 09:03:13',2,1),(3088,24,1,'2025-10-22','2025-10-22 02:20:35',NULL,NULL,'2025-10-22 09:08:08',2,1),(3091,24,1,'2025-10-23','2025-10-23 02:23:32',NULL,NULL,'2025-10-23 08:51:19',2,1),(3093,24,1,'2025-10-24','2025-10-24 03:15:30',NULL,NULL,'2025-10-24 09:21:32',2,1),(3096,23,1,'2025-10-25','2025-10-25 00:27:39',NULL,NULL,'2025-10-25 08:46:16',2,1),(3099,23,1,'2025-10-26','2025-10-25 23:28:03',NULL,NULL,'2025-10-26 08:17:19',2,1),(3102,23,1,'2025-10-27','2025-10-26 23:28:12',NULL,NULL,'2025-10-27 07:47:05',2,1),(3105,23,1,'2025-10-28','2025-10-27 23:26:54',NULL,NULL,'2025-10-28 08:04:48',2,1),(3108,23,1,'2025-10-29','2025-10-28 23:26:47',NULL,NULL,'2025-10-29 08:30:37',2,1),(3111,23,1,'2025-10-30','2025-10-29 23:27:18',NULL,NULL,'2025-10-30 09:18:37',2,1),(3113,23,1,'2025-10-31','2025-10-30 23:24:59',NULL,NULL,'2025-10-31 08:07:40',2,1),(3116,33,1,'2025-11-01','2025-11-01 04:10:35',NULL,NULL,'2025-11-01 09:33:26',2,1),(3119,33,1,'2025-11-02','2025-11-02 00:30:15',NULL,NULL,'2025-11-02 18:59:41',2,1),(3122,33,1,'2025-11-03','2025-11-02 22:02:11',NULL,NULL,'2025-11-03 08:41:03',2,1),(3125,33,1,'2025-11-04','2025-11-04 01:12:15',NULL,NULL,'2025-11-04 09:41:41',2,1),(3128,33,1,'2025-11-05','2025-11-04 22:21:25',NULL,NULL,'2025-11-05 08:08:38',2,1),(3131,33,1,'2025-11-06','2025-11-06 00:28:37',NULL,NULL,'2025-11-06 07:30:39',2,1),(3133,33,1,'2025-11-07','2025-11-07 00:17:56',NULL,NULL,'2025-11-07 08:06:54',2,1),(3136,24,1,'2025-11-08','2025-11-08 01:21:38',NULL,NULL,'2025-11-08 09:19:00',2,1),(3139,24,1,'2025-11-09','2025-11-08 23:21:05',NULL,NULL,'2025-11-09 09:29:46',2,1),(3142,24,1,'2025-11-10','2025-11-10 01:46:36',NULL,NULL,'2025-11-10 09:27:02',2,1),(3145,24,1,'2025-11-11','2025-11-11 01:22:55',NULL,NULL,'2025-11-11 08:11:03',2,1),(3148,24,1,'2025-11-12','2025-11-12 01:23:30',NULL,NULL,'2025-11-12 08:03:42',2,1),(3151,24,1,'2025-11-13','2025-11-13 01:22:32',NULL,NULL,'2025-11-13 07:58:14',2,1),(3153,24,1,'2025-11-14','2025-11-14 01:28:49',NULL,NULL,'2025-11-14 09:22:00',2,1),(3156,23,1,'2025-11-15','2025-11-14 23:28:26',NULL,NULL,'2025-11-15 08:58:16',2,1),(3159,23,1,'2025-11-16','2025-11-15 23:26:57',NULL,NULL,'2025-11-16 08:44:57',2,1),(3162,23,1,'2025-11-17','2025-11-16 23:27:34',NULL,NULL,'2025-11-17 09:11:42',2,1),(3164,23,1,'2025-11-18','2025-11-17 23:24:38',NULL,NULL,'2025-11-18 08:51:43',2,1),(3167,23,1,'2025-11-19','2025-11-18 23:26:58',NULL,NULL,'2025-11-19 08:42:23',2,1),(3170,23,1,'2025-11-20','2025-11-19 23:27:10',NULL,NULL,'2025-11-20 08:43:33',2,0),(3172,23,1,'2025-11-21','2025-11-21 00:27:52',NULL,NULL,'2025-11-21 10:11:58',2,1),(3175,33,1,'2025-11-22','2025-11-21 23:53:53',NULL,NULL,'2025-11-22 10:00:45',2,1),(3178,33,1,'2025-11-23','2025-11-22 23:09:16',NULL,NULL,'2025-11-23 10:06:34',2,1),(3181,33,1,'2025-11-24','2025-11-24 04:08:28',NULL,NULL,'2025-11-24 09:23:15',2,1),(3184,33,1,'2025-11-25','2025-11-24 23:44:50',NULL,NULL,'2025-11-25 08:51:53',2,1),(3187,33,1,'2025-11-26','2025-11-26 04:13:15',NULL,NULL,'2025-11-27 02:22:44',2,1),(3190,33,1,'2025-11-27','2025-11-27 02:22:59',NULL,NULL,'2025-11-27 09:32:00',2,1),(3192,33,1,'2025-11-28','2025-11-28 04:03:13',NULL,NULL,'2025-11-28 09:27:31',2,1),(3195,24,1,'2025-11-29','2025-11-29 02:16:50',NULL,NULL,'2025-11-29 08:51:06',2,1),(3198,24,1,'2025-11-30','2025-11-30 02:22:15',NULL,NULL,'2025-11-30 09:22:24',2,1),(3201,24,1,'2025-12-01','2025-12-01 02:26:54',NULL,NULL,'2025-12-01 09:00:13',2,1),(3204,24,1,'2025-12-02','2025-12-02 02:22:43',NULL,NULL,'2025-12-02 09:07:17',2,1),(3207,24,1,'2025-12-03','2025-12-03 02:54:04',NULL,NULL,'2025-12-03 08:49:51',2,1),(3210,24,1,'2025-12-04','2025-12-04 02:32:53',NULL,NULL,'2025-12-04 13:37:09',2,1),(3212,24,1,'2025-12-05','2025-12-05 03:01:27',NULL,NULL,'2025-12-05 14:00:34',2,1),(3215,23,1,'2025-12-06','2025-12-06 00:26:49',NULL,NULL,'2025-12-06 08:37:53',2,1),(3218,23,1,'2025-12-07','2025-12-07 00:27:28',NULL,NULL,'2025-12-07 08:40:25',2,1),(3221,23,1,'2025-12-08','2025-12-08 00:26:46',NULL,NULL,'2025-12-08 09:14:46',2,1),(3223,23,1,'2025-12-09','2025-12-09 00:26:41',NULL,NULL,'2025-12-09 08:36:05',2,1),(3226,23,1,'2025-12-10','2025-12-10 00:26:53',NULL,NULL,'2025-12-10 09:02:46',2,1),(3229,23,1,'2025-12-11','2025-12-11 00:27:35',NULL,NULL,'2025-12-11 09:25:11',2,1),(3231,23,1,'2025-12-12','2025-12-12 00:28:05',NULL,NULL,'2025-12-12 09:40:49',2,1),(3234,33,1,'2025-12-13','2025-12-13 00:18:23',NULL,NULL,'2025-12-13 09:38:06',2,1),(3237,33,1,'2025-12-14','2025-12-14 02:50:02',NULL,NULL,'2025-12-14 09:52:10',2,1),(3240,33,1,'2025-12-15','2025-12-15 03:35:03',NULL,NULL,'2025-12-15 09:46:24',2,1),(3243,33,1,'2025-12-16','2025-12-15 23:43:52',NULL,NULL,'2025-12-16 09:42:49',2,1),(3246,33,1,'2025-12-17','2025-12-17 00:18:29',NULL,NULL,'2025-12-18 00:52:31',2,1),(3249,33,1,'2025-12-18','2025-12-18 00:52:40',NULL,NULL,'2025-12-19 00:27:40',2,1),(3251,33,1,'2025-12-19','2025-12-19 01:57:20',NULL,NULL,NULL,1,0),(3254,24,1,'2025-12-20','2025-12-20 02:23:55',NULL,NULL,'2025-12-20 10:22:16',2,1),(3257,24,1,'2025-12-21','2025-12-21 00:24:00',NULL,NULL,'2025-12-21 12:22:05',2,1),(3260,24,1,'2025-12-22','2025-12-22 00:23:39',NULL,NULL,'2025-12-22 12:37:04',2,1),(3263,24,1,'2025-12-23','2025-12-23 00:20:25',NULL,NULL,'2025-12-23 13:25:50',2,1),(3266,24,1,'2025-12-24','2025-12-24 00:16:15',NULL,NULL,'2025-12-24 18:14:40',2,1),(3269,24,1,'2025-12-25','2025-12-25 00:07:15',NULL,NULL,NULL,1,0),(3271,24,1,'2025-12-26','2025-12-26 00:24:23',NULL,NULL,'2025-12-26 15:11:08',2,1),(3274,23,1,'2025-12-27','2025-12-27 00:28:15',NULL,NULL,'2025-12-27 09:35:25',2,1),(3277,23,1,'2025-12-28','2025-12-28 00:22:42',NULL,NULL,'2025-12-28 09:07:53',2,1),(3280,23,1,'2025-12-29','2025-12-29 00:26:33',NULL,NULL,'2025-12-29 09:40:03',2,1),(3282,23,1,'2025-12-30','2025-12-30 00:25:25',NULL,NULL,'2025-12-30 09:32:19',2,1),(3285,23,1,'2025-12-31','2025-12-31 00:27:07',NULL,NULL,'2025-12-31 09:28:02',2,1),(3288,23,1,'2026-01-01','2026-01-01 00:25:45',NULL,NULL,'2026-01-01 08:36:50',2,1),(3290,23,1,'2026-01-02','2026-01-02 00:27:17',NULL,NULL,'2026-01-02 09:47:58',2,1),(3293,43,1,'2026-01-03','2026-01-03 01:22:53',NULL,NULL,'2026-01-03 09:20:45',2,1),(3296,43,1,'2026-01-04','2026-01-04 02:27:57',NULL,NULL,'2026-01-04 09:19:49',2,1),(3299,43,1,'2026-01-05','2026-01-05 02:20:32',NULL,NULL,'2026-01-05 08:53:06',2,1),(3302,43,1,'2026-01-06','2026-01-06 02:23:23',NULL,NULL,'2026-01-06 08:42:27',2,1),(25,25,2,'2022-09-29','2022-09-29 16:59:39',NULL,NULL,'2022-09-29 17:00:23',2,1),(27,25,2,'2022-09-30','2022-09-30 08:58:50',NULL,NULL,NULL,1,0),(35,25,2,'2022-10-03','2022-10-03 09:01:12',NULL,NULL,'2022-10-03 17:28:43',2,1),(38,25,2,'2022-10-04','2022-10-04 08:39:37',NULL,NULL,NULL,1,0),(41,25,2,'2022-10-05','2022-10-05 08:45:13',NULL,NULL,'2022-10-05 17:28:05',2,1),(44,25,2,'2022-10-06','2022-10-06 09:24:26',NULL,NULL,'2022-10-06 17:14:18',2,1),(72,25,2,'2022-10-10','2022-10-11 10:54:23',NULL,NULL,'2022-10-11 10:55:01',2,1),(55,25,2,'2022-10-11','2022-10-11 09:05:02',NULL,NULL,'2022-10-11 10:14:55',2,1),(80,33,2,'2022-10-12','2022-10-12 09:05:54',NULL,NULL,'2022-10-12 15:01:24',2,1),(85,33,2,'2022-10-13','2022-10-13 09:09:18',NULL,NULL,'2022-10-13 13:05:47',2,1),(76,25,2,'2022-10-15','2022-10-11 11:53:18',NULL,NULL,NULL,1,0),(113,33,2,'2022-10-17','2022-10-17 08:52:15',NULL,NULL,'2022-10-17 17:30:21',2,1),(116,33,2,'2022-10-18','2022-10-18 08:44:00',NULL,NULL,'2022-10-18 17:29:36',2,1),(119,23,2,'2022-10-19','2022-10-19 08:25:19',NULL,NULL,'2022-10-19 16:38:51',2,1),(122,33,2,'2022-10-20','2022-10-20 09:43:50',NULL,NULL,'2022-10-20 17:32:19',2,1),(125,33,2,'2022-10-21','2022-10-21 08:57:26',NULL,NULL,'2022-10-21 17:30:50',2,1),(132,26,2,'2022-10-24','2022-10-24 08:33:42',NULL,NULL,'2022-10-24 16:45:14',2,1),(135,26,2,'2022-10-25','2022-10-25 08:35:13',NULL,NULL,'2022-10-25 16:42:42',2,1),(138,23,2,'2022-10-26','2022-10-26 08:28:55',NULL,NULL,'2022-10-26 16:58:37',2,1),(143,26,2,'2022-10-28','2022-10-28 08:40:56',NULL,NULL,'2022-10-28 16:43:36',2,1),(146,26,2,'2022-10-29','2022-10-29 08:37:53',NULL,NULL,'2022-10-29 16:42:10',2,1),(149,26,2,'2022-10-30','2022-10-30 07:39:55',NULL,NULL,'2022-10-30 15:37:16',2,1),(152,24,2,'2022-10-31','2022-10-31 07:55:11',NULL,NULL,'2022-10-31 16:54:36',2,1),(155,24,2,'2022-11-01','2022-11-01 09:17:19',NULL,NULL,'2022-11-01 17:34:37',2,1),(158,26,2,'2022-11-02','2022-11-02 08:40:32',NULL,NULL,'2022-11-02 16:56:38',2,1),(163,24,2,'2022-11-04','2022-11-04 08:47:34',NULL,NULL,'2022-11-04 18:18:05',2,1),(166,24,2,'2022-11-05','2022-11-05 10:35:18',NULL,NULL,'2022-11-05 17:11:47',2,1),(169,24,2,'2022-11-06','2022-11-06 09:19:49',NULL,NULL,'2022-11-06 16:50:37',2,1),(172,33,2,'2022-11-07','2022-11-07 08:27:19',NULL,NULL,'2022-11-07 16:42:33',2,1),(175,33,2,'2022-11-08','2022-11-08 08:27:25',NULL,NULL,'2022-11-08 17:36:54',2,1),(178,24,2,'2022-11-09','2022-11-09 08:59:56',NULL,NULL,'2022-11-09 16:57:08',2,1),(183,33,2,'2022-11-11','2022-11-11 08:27:01',NULL,NULL,'2022-11-11 17:33:56',2,1),(186,33,2,'2022-11-12','2022-11-12 08:35:59',NULL,NULL,'2022-11-12 17:22:05',2,1),(189,33,2,'2022-11-13','2022-11-13 08:32:54',NULL,NULL,'2022-11-13 16:39:13',2,1),(192,23,2,'2022-11-14','2022-11-14 08:31:42',NULL,NULL,'2022-11-14 16:40:56',2,1),(195,23,2,'2022-11-15','2022-11-15 08:30:04',NULL,NULL,'2022-11-15 16:43:57',2,1),(198,33,2,'2022-11-16','2022-11-16 08:31:53',NULL,NULL,'2022-11-16 16:58:43',2,1),(203,23,2,'2022-11-18','2022-11-18 08:29:26',NULL,NULL,'2022-11-18 16:35:14',2,1),(206,23,2,'2022-11-19','2022-11-19 08:16:52',NULL,NULL,'2022-11-19 16:36:52',2,1),(209,23,2,'2022-11-20','2022-11-20 08:34:11',NULL,NULL,'2022-11-20 16:33:49',2,1),(212,26,2,'2022-11-21','2022-11-21 08:40:18',NULL,NULL,'2022-11-21 16:41:08',2,1),(215,26,2,'2022-11-22','2022-11-22 08:36:49',NULL,NULL,'2022-11-22 16:43:47',2,1),(218,23,2,'2022-11-23','2022-11-23 08:27:39',NULL,NULL,'2022-11-23 16:38:51',2,1),(223,26,2,'2022-11-25','2022-11-25 08:48:20',NULL,NULL,'2022-11-25 17:06:23',2,1),(226,26,2,'2022-11-26','2022-11-26 08:48:20',NULL,NULL,'2022-11-26 16:49:29',2,1),(229,26,2,'2022-11-27','2022-11-27 08:32:29',NULL,NULL,'2022-11-27 16:38:15',2,1),(232,24,2,'2022-11-28','2022-11-28 08:56:32',NULL,NULL,'2022-11-28 17:39:54',2,1),(235,24,2,'2022-11-29','2022-11-29 09:06:41',NULL,NULL,'2022-11-29 17:47:19',2,1),(238,26,2,'2022-11-30','2022-11-30 08:45:31',NULL,NULL,'2022-11-30 17:40:46',2,1),(243,24,2,'2022-12-02','2022-12-02 08:39:24',NULL,NULL,'2022-12-02 17:44:46',2,1),(246,24,2,'2022-12-03','2022-12-03 09:05:12',NULL,NULL,'2022-12-03 17:05:16',2,1),(249,24,2,'2022-12-04','2022-12-04 09:00:21',NULL,NULL,'2022-12-04 16:54:53',2,1),(252,33,2,'2022-12-05','2022-12-05 08:38:14',NULL,NULL,'2022-12-05 17:54:48',2,1),(255,33,2,'2022-12-06','2022-12-06 08:32:05',NULL,NULL,'2022-12-06 18:05:42',2,1),(258,24,2,'2022-12-07','2022-12-07 08:46:13',NULL,NULL,'2022-12-07 18:36:14',2,1),(263,33,2,'2022-12-09','2022-12-09 08:43:02',NULL,NULL,'2022-12-09 17:32:37',2,1),(266,33,2,'2022-12-10','2022-12-10 08:35:40',NULL,NULL,'2022-12-10 17:30:23',2,1),(269,33,2,'2022-12-11','2022-12-11 08:37:04',NULL,NULL,'2022-12-11 16:36:33',2,1),(272,23,2,'2022-12-12','2022-12-12 08:22:24',NULL,NULL,'2022-12-12 16:30:12',2,1),(275,23,2,'2022-12-13','2022-12-13 08:33:01',NULL,NULL,'2022-12-13 17:03:36',2,1),(278,33,2,'2022-12-14','2022-12-14 08:25:45',NULL,NULL,'2022-12-14 19:06:19',2,1),(283,23,2,'2022-12-16','2022-12-16 08:28:21',NULL,NULL,'2022-12-16 16:40:54',2,1),(286,23,2,'2022-12-17','2022-12-17 08:29:47',NULL,NULL,'2022-12-17 16:54:18',2,1),(289,23,2,'2022-12-18','2022-12-18 08:29:14',NULL,NULL,'2022-12-18 16:43:05',2,1),(292,26,2,'2022-12-19','2022-12-19 08:51:53',NULL,NULL,'2022-12-19 16:06:49',2,1),(295,26,2,'2022-12-20','2022-12-20 08:58:01',NULL,NULL,'2022-12-20 17:30:35',2,1),(298,23,2,'2022-12-21','2022-12-21 08:36:27',NULL,NULL,'2022-12-21 16:43:21',2,1),(303,26,2,'2022-12-23','2022-12-23 08:56:10',NULL,NULL,NULL,1,0),(306,26,2,'2022-12-24','2022-12-24 08:29:40',NULL,NULL,'2022-12-24 16:37:10',2,1),(309,26,2,'2022-12-25','2022-12-25 09:25:31',NULL,NULL,'2022-12-25 16:35:39',2,1),(312,24,2,'2022-12-26','2022-12-26 08:40:43',NULL,NULL,'2022-12-26 17:54:00',2,1),(315,24,2,'2022-12-27','2022-12-27 08:39:52',NULL,NULL,'2022-12-27 18:00:06',2,1),(318,26,2,'2022-12-28','2022-12-28 08:40:00',NULL,NULL,'2022-12-28 16:44:38',2,1),(323,24,2,'2022-12-30','2022-12-30 09:37:18',NULL,NULL,'2022-12-30 17:36:41',2,1),(326,24,2,'2022-12-31','2022-12-31 08:38:50',NULL,NULL,'2022-12-31 16:57:13',2,1),(329,24,2,'2023-01-01','2023-01-01 10:47:55',NULL,NULL,'2023-01-01 16:50:36',2,1),(332,33,2,'2023-01-02','2023-01-02 08:54:42',NULL,NULL,'2023-01-02 16:50:16',2,1),(335,33,2,'2023-01-03','2023-01-03 09:28:59',NULL,NULL,'2023-01-03 16:57:44',2,1),(338,24,2,'2023-01-04','2023-01-04 09:04:44',NULL,NULL,'2023-01-04 17:43:04',2,1),(343,33,2,'2023-01-06','2023-01-06 08:22:58',NULL,NULL,'2023-01-06 17:30:08',2,1),(346,33,2,'2023-01-07','2023-01-07 08:25:21',NULL,NULL,'2023-01-07 16:51:25',2,1),(349,33,2,'2023-01-08','2023-01-08 08:22:06',NULL,NULL,'2023-01-08 18:27:40',2,1),(352,23,2,'2023-01-09','2023-01-09 08:29:48',NULL,NULL,'2023-01-09 16:59:24',2,1),(355,23,2,'2023-01-10','2023-01-10 08:26:39',NULL,NULL,'2023-01-10 17:04:48',2,1),(358,33,2,'2023-01-11','2023-01-11 08:52:25',NULL,NULL,'2023-01-11 17:53:56',2,1),(363,23,2,'2023-01-13','2023-01-13 08:28:59',NULL,NULL,'2023-01-13 16:49:35',2,1),(366,23,2,'2023-01-14','2023-01-14 08:29:50',NULL,NULL,'2023-01-14 16:37:26',2,1),(369,23,2,'2023-01-15','2023-01-15 08:30:40',NULL,NULL,'2023-01-15 16:40:44',2,1),(372,26,2,'2023-01-16','2023-01-16 08:43:04',NULL,NULL,'2023-01-16 16:46:29',2,1),(375,26,2,'2023-01-17','2023-01-17 09:03:01',NULL,NULL,'2023-01-17 16:51:25',2,1),(378,23,2,'2023-01-18','2023-01-18 08:25:16',NULL,NULL,'2023-01-18 17:12:21',2,1),(383,26,2,'2023-01-20','2023-01-20 08:55:10',NULL,NULL,'2023-01-20 16:58:04',2,1),(386,26,2,'2023-01-21','2023-01-21 09:15:52',NULL,NULL,'2023-01-21 16:38:20',2,1),(389,26,2,'2023-01-22','2023-01-22 09:52:17',NULL,NULL,'2023-01-22 16:41:51',2,1),(392,24,2,'2023-01-23','2023-01-23 09:13:12',NULL,NULL,'2023-01-23 17:20:53',2,1),(395,24,2,'2023-01-24','2023-01-24 08:45:39',NULL,NULL,'2023-01-24 17:03:47',2,1),(398,26,2,'2023-01-25','2023-01-25 08:49:25',NULL,NULL,'2023-01-25 16:43:43',2,1),(403,24,2,'2023-01-27','2023-01-27 08:36:32',NULL,NULL,'2023-01-27 17:23:28',2,1),(406,24,2,'2023-01-28','2023-01-28 09:09:23',NULL,NULL,'2023-01-28 17:15:40',2,1),(409,24,2,'2023-01-29','2023-01-29 09:26:33',NULL,NULL,'2023-01-29 16:49:29',2,1),(412,33,2,'2023-01-30','2023-01-30 09:03:21',NULL,NULL,'2023-01-30 17:15:43',2,1),(416,33,2,'2023-01-31','2023-01-31 08:24:38',NULL,NULL,'2023-01-31 16:33:06',2,1),(419,24,2,'2023-02-01','2023-02-01 08:41:20',NULL,NULL,'2023-02-01 17:24:23',2,1),(424,33,2,'2023-02-03','2023-02-03 08:27:32',NULL,NULL,'2023-02-03 16:45:09',2,1),(427,33,2,'2023-02-04','2023-02-04 08:18:34',NULL,NULL,'2023-02-04 17:59:14',2,1),(430,33,2,'2023-02-05','2023-02-05 09:18:26',NULL,NULL,'2023-02-05 16:38:24',2,1),(433,23,2,'2023-02-06','2023-02-06 08:30:06',NULL,NULL,'2023-02-06 16:55:46',2,1),(436,23,2,'2023-02-07','2023-02-07 08:33:26',NULL,NULL,'2023-02-07 16:41:12',2,1),(439,33,2,'2023-02-08','2023-02-08 08:31:47',NULL,NULL,'2023-02-08 16:52:47',2,1),(444,23,2,'2023-02-10','2023-02-10 08:30:00',NULL,NULL,'2023-02-10 17:04:33',2,1),(447,23,2,'2023-02-11','2023-02-11 08:29:51',NULL,NULL,'2023-02-11 16:54:15',2,1),(450,23,2,'2023-02-12','2023-02-12 08:30:15',NULL,NULL,'2023-02-12 16:35:09',2,1),(453,26,2,'2023-02-13','2023-02-13 08:41:15',NULL,NULL,'2023-02-13 16:57:13',2,1),(456,26,2,'2023-02-14','2023-02-14 08:57:54',NULL,NULL,'2023-02-14 16:53:16',2,1),(459,23,2,'2023-02-15','2023-02-15 08:32:10',NULL,NULL,'2023-02-15 16:44:25',2,1),(464,26,2,'2023-02-17','2023-02-17 08:41:46',NULL,NULL,'2023-02-17 16:44:50',2,1),(467,26,2,'2023-02-18','2023-02-18 08:42:40',NULL,NULL,'2023-02-18 16:33:37',2,1),(470,26,2,'2023-02-19','2023-02-19 08:50:40',NULL,NULL,'2023-02-19 16:37:13',2,1),(473,24,2,'2023-02-20','2023-02-20 08:34:56',NULL,NULL,'2023-02-20 17:29:42',2,1),(476,24,2,'2023-02-21','2023-02-21 08:47:59',NULL,NULL,NULL,1,0),(479,26,2,'2023-02-22','2023-02-22 08:47:16',NULL,NULL,'2023-02-22 17:59:59',2,1),(484,24,2,'2023-02-24','2023-02-24 08:34:46',NULL,NULL,'2023-02-24 17:16:14',2,1),(487,24,2,'2023-02-25','2023-02-25 08:45:21',NULL,NULL,'2023-02-25 17:22:30',2,1),(490,24,2,'2023-02-26','2023-02-26 08:47:30',NULL,NULL,'2023-02-26 17:31:42',2,1),(493,33,2,'2023-02-27','2023-02-27 08:22:54',NULL,NULL,'2023-02-27 17:24:47',2,1),(496,33,2,'2023-02-28','2023-02-28 07:57:35',NULL,NULL,'2023-02-28 17:14:31',2,1),(499,24,2,'2023-03-01','2023-03-01 08:43:27',NULL,NULL,'2023-03-01 18:32:36',2,1),(504,33,2,'2023-03-03','2023-03-03 08:09:50',NULL,NULL,'2023-03-03 17:18:20',2,1),(507,33,2,'2023-03-04','2023-03-04 08:30:59',NULL,NULL,'2023-03-04 17:26:11',2,1),(510,33,2,'2023-03-05','2023-03-05 08:42:38',NULL,NULL,'2023-03-05 17:08:49',2,1),(517,33,2,'2023-03-08','2023-03-08 08:09:07',NULL,NULL,'2023-03-08 17:12:59',2,1),(528,26,2,'2023-03-13','2023-03-13 08:38:22',NULL,NULL,'2023-03-13 16:53:34',2,1),(531,26,2,'2023-03-14','2023-03-14 08:44:16',NULL,NULL,'2023-03-14 16:38:34',2,1),(534,23,2,'2023-03-15','2023-03-15 08:32:12',NULL,NULL,'2023-03-15 16:51:57',2,1),(539,26,2,'2023-03-17','2023-03-17 08:44:09',NULL,NULL,'2023-03-17 16:43:33',2,1),(542,26,2,'2023-03-18','2023-03-18 08:46:24',NULL,NULL,'2023-03-18 16:36:39',2,1),(545,26,2,'2023-03-19','2023-03-19 08:38:47',NULL,NULL,'2023-03-19 16:38:24',2,1),(552,24,2,'2023-03-22','2023-03-22 08:33:31',NULL,NULL,'2023-03-22 18:40:40',2,1),(567,24,2,'2023-03-29','2023-03-29 11:13:01',NULL,NULL,'2023-03-29 19:22:26',2,1),(587,33,2,'2023-04-05','2023-04-05 09:40:29',NULL,NULL,'2023-04-05 18:17:03',2,1),(598,26,2,'2023-04-10','2023-04-10 09:04:58',NULL,NULL,'2023-04-10 16:41:44',2,1),(601,26,2,'2023-04-11','2023-04-11 08:50:48',NULL,NULL,'2023-04-11 16:42:47',2,1),(604,23,2,'2023-04-12','2023-04-12 08:35:24',NULL,NULL,'2023-04-12 16:35:39',2,1),(609,26,2,'2023-04-14','2023-04-14 08:51:21',NULL,NULL,'2023-04-14 16:43:14',2,1),(612,26,2,'2023-04-15','2023-04-15 08:43:31',NULL,NULL,'2023-04-15 18:08:22',2,1),(615,26,2,'2023-04-16','2023-04-16 08:46:43',NULL,NULL,'2023-04-16 16:37:03',2,1),(618,24,2,'2023-04-17','2023-04-17 08:33:38',NULL,NULL,'2023-04-17 17:38:27',2,1),(621,24,2,'2023-04-18','2023-04-18 08:47:07',NULL,NULL,'2023-04-18 18:44:21',2,1),(624,26,2,'2023-04-19','2023-04-19 08:44:11',NULL,NULL,'2023-04-19 16:38:31',2,1),(627,26,2,'2023-04-20','2023-04-20 16:38:29',NULL,NULL,'2023-04-20 16:38:51',2,1),(630,24,2,'2023-04-21','2023-04-21 08:54:27',NULL,NULL,'2023-04-21 18:57:53',2,1),(633,24,2,'2023-04-22','2023-04-22 08:39:33',NULL,NULL,'2023-04-22 17:28:14',2,1),(636,24,2,'2023-04-23','2023-04-23 09:14:02',NULL,NULL,'2023-04-23 17:23:46',2,1),(639,33,2,'2023-04-24','2023-04-24 08:42:12',NULL,NULL,'2023-04-24 17:19:31',2,1),(643,33,2,'2023-04-25','2023-04-25 08:29:38',NULL,NULL,'2023-04-25 17:12:35',2,1),(646,24,2,'2023-04-26','2023-04-26 08:35:22',NULL,NULL,'2023-04-26 17:12:34',2,1),(651,33,2,'2023-04-28','2023-04-28 08:38:11',NULL,NULL,'2023-04-28 18:01:15',2,1),(654,33,2,'2023-04-29','2023-04-29 08:56:40',NULL,NULL,'2023-04-29 17:13:53',2,1),(657,33,2,'2023-04-30','2023-04-30 08:46:31',NULL,NULL,'2023-04-30 16:49:27',2,1),(660,23,2,'2023-05-01','2023-05-01 08:30:18',NULL,NULL,'2023-05-01 16:56:30',2,1),(663,23,2,'2023-05-02','2023-05-02 08:29:22',NULL,NULL,'2023-05-02 16:43:04',2,1),(666,33,2,'2023-05-03','2023-05-03 08:30:59',NULL,NULL,'2023-05-03 17:45:30',2,1),(671,23,2,'2023-05-05','2023-05-05 08:18:29',NULL,NULL,'2023-05-05 16:39:38',2,1),(674,23,2,'2023-05-06','2023-05-06 08:29:11',NULL,NULL,'2023-05-06 16:31:46',2,1),(677,23,2,'2023-05-07','2023-05-07 08:30:51',NULL,NULL,'2023-05-07 16:35:52',2,1),(680,26,2,'2023-05-08','2023-05-08 08:48:55',NULL,NULL,'2023-05-08 16:55:43',2,1),(683,26,2,'2023-05-09','2023-05-09 08:46:16',NULL,NULL,'2023-05-09 16:35:40',2,1),(686,23,2,'2023-05-10','2023-05-10 08:32:54','2023-05-10 14:00:41','2023-05-10 14:35:27','2023-05-10 17:32:32',2,1),(691,26,2,'2023-05-12','2023-05-12 08:45:10','2023-05-12 15:52:03','2023-05-12 16:12:42','2023-05-12 17:25:18',2,1),(694,26,2,'2023-05-13','2023-05-13 08:35:18','2023-05-13 14:09:53','2023-05-13 14:28:55','2023-05-13 16:54:59',2,1),(697,26,2,'2023-05-14','2023-05-14 08:35:02','2023-05-14 14:19:32','2023-05-14 15:06:34','2023-05-14 16:44:44',2,1),(700,24,2,'2023-05-15','2023-05-15 08:23:24',NULL,NULL,'2023-05-15 17:58:14',2,1),(703,24,2,'2023-05-16','2023-05-16 08:16:25','2023-05-16 12:32:07','2023-05-16 13:16:12','2023-05-16 17:33:23',2,1),(706,26,2,'2023-05-17','2023-05-17 08:32:38','2023-05-17 13:45:43','2023-05-17 14:07:35','2023-05-17 16:55:29',2,1),(711,24,2,'2023-05-19','2023-05-19 08:24:29','2023-05-19 13:28:27','2023-05-19 13:51:27','2023-05-19 17:52:18',2,1),(714,24,2,'2023-05-20','2023-05-20 08:14:46','2023-05-20 12:59:12','2023-05-20 13:52:59','2023-05-20 17:38:51',2,1),(717,24,2,'2023-05-21','2023-05-21 08:18:04','2023-05-21 12:24:10','2023-05-21 13:15:23','2023-05-21 18:14:02',2,1),(720,26,2,'2023-05-22','2023-05-22 11:10:07','2023-05-22 16:36:04','2023-05-22 16:36:10',NULL,1,0),(723,26,2,'2023-05-23','2023-05-23 08:32:11',NULL,NULL,'2023-05-23 17:31:40',2,1),(726,24,2,'2023-05-24','2023-05-24 08:27:24',NULL,NULL,'2023-05-24 17:32:37',2,1),(732,26,2,'2023-05-25','2023-05-25 08:36:37',NULL,NULL,'2023-05-25 17:30:02',2,1),(743,43,2,'2023-05-30','2023-05-30 08:35:29',NULL,NULL,'2023-05-30 17:30:49',2,1),(746,43,2,'2023-05-31','2023-05-31 08:31:23',NULL,NULL,'2023-05-31 17:31:12',2,1),(749,43,2,'2023-06-01','2023-06-01 08:33:48',NULL,NULL,NULL,1,0),(752,43,2,'2023-06-02','2023-06-02 08:41:58',NULL,NULL,'2023-06-02 17:32:23',2,1),(759,43,2,'2023-06-05','2023-06-05 08:29:52',NULL,NULL,NULL,1,0),(762,43,2,'2023-06-06','2023-06-06 08:26:35',NULL,NULL,'2023-06-06 17:32:36',2,1),(765,43,2,'2023-06-07','2023-06-07 08:38:43',NULL,NULL,NULL,1,0),(768,43,2,'2023-06-08','2023-06-08 08:38:01',NULL,NULL,NULL,1,0),(771,43,2,'2023-06-09','2023-06-09 08:31:35',NULL,NULL,'2023-06-09 17:30:20',2,1),(778,43,2,'2023-06-12','2023-06-12 08:25:50',NULL,NULL,NULL,1,0),(783,43,2,'2023-06-14','2023-06-14 08:42:24',NULL,NULL,NULL,1,0),(786,43,2,'2023-06-15','2023-06-15 08:28:12',NULL,NULL,'2023-06-15 17:31:15',2,1),(789,43,2,'2023-06-16','2023-06-16 08:23:30',NULL,NULL,NULL,1,0),(803,33,2,'2023-06-19','2023-06-19 08:35:41','2023-06-19 13:12:20','2023-06-19 14:05:19','2023-06-19 17:46:01',2,1),(807,33,2,'2023-06-20','2023-06-20 08:27:18','2023-06-20 13:01:37','2023-06-20 13:58:35','2023-06-20 17:57:56',2,1),(811,24,2,'2023-06-21','2023-06-21 08:15:37','2023-06-21 12:56:02','2023-06-21 13:50:13','2023-06-21 17:52:07',2,1),(817,33,2,'2023-06-23','2023-06-23 08:27:15','2023-06-23 13:01:20','2023-06-23 14:00:47','2023-06-23 18:09:41',2,1),(822,33,2,'2023-06-25','2023-06-25 08:13:19',NULL,NULL,'2023-06-25 17:07:51',2,1),(825,23,2,'2023-06-26','2023-06-26 08:28:35','2023-06-26 13:01:02','2023-06-26 13:59:38','2023-06-26 17:43:02',2,1),(828,23,2,'2023-06-27','2023-06-27 08:30:27','2023-06-27 12:46:25','2023-06-27 13:43:36','2023-06-27 17:39:32',2,1),(831,33,2,'2023-06-28','2023-06-28 08:26:51','2023-06-28 12:31:02','2023-06-28 13:30:35','2023-06-28 17:31:47',2,1),(836,23,2,'2023-06-30','2023-06-30 08:26:57','2023-06-30 12:35:59','2023-06-30 12:51:01','2023-06-30 13:34:22',2,1),(839,23,2,'2023-07-01','2023-07-01 08:29:36',NULL,NULL,'2023-07-01 17:05:33',2,1),(842,23,2,'2023-07-02','2023-07-02 08:32:24',NULL,NULL,'2023-07-02 16:46:20',2,1),(845,43,2,'2023-07-03','2023-07-03 08:28:28','2023-07-03 14:02:54','2023-07-03 14:56:16','2023-07-03 18:09:58',2,1),(848,43,2,'2023-07-04','2023-07-04 08:28:49','2023-07-04 14:05:06',NULL,'2023-07-04 20:00:03',2,1),(851,23,2,'2023-07-05','2023-07-05 08:29:11','2023-07-05 12:37:27','2023-07-05 13:38:44','2023-07-05 17:32:39',2,1),(856,43,2,'2023-07-07','2023-07-07 08:29:24','2023-07-07 14:09:21','2023-07-07 15:03:59','2023-07-07 17:36:22',2,1),(859,43,2,'2023-07-08','2023-07-08 08:33:28','2023-07-08 16:57:47','2023-07-08 16:57:48','2023-07-08 16:57:53',2,1),(862,43,2,'2023-07-09','2023-07-09 08:28:59',NULL,NULL,'2023-07-09 17:19:54',2,1),(869,43,2,'2023-07-12','2023-07-12 08:28:42','2023-07-12 14:22:08','2023-07-12 15:20:19','2023-07-12 17:35:46',2,1),(880,33,2,'2023-07-17','2023-07-17 08:00:40','2023-07-17 12:44:08','2023-07-17 13:39:03','2023-07-17 18:20:51',2,1),(883,33,2,'2023-07-18','2023-07-18 08:20:00','2023-07-18 12:37:57','2023-07-18 13:29:04','2023-07-18 18:00:35',2,1),(886,24,2,'2023-07-19','2023-07-19 08:18:33','2023-07-19 13:08:33','2023-07-19 14:05:09','2023-07-19 18:37:38',2,1),(891,33,2,'2023-07-21','2023-07-21 08:21:08','2023-07-21 12:41:00','2023-07-21 13:43:44','2023-07-21 17:57:25',2,1),(894,33,2,'2023-07-22','2023-07-22 08:10:30',NULL,NULL,'2023-07-22 16:39:53',2,1),(897,33,2,'2023-07-23','2023-07-23 08:21:38',NULL,NULL,'2023-07-23 16:32:11',2,1),(900,23,2,'2023-07-24','2023-07-24 08:27:38',NULL,NULL,'2023-07-24 17:06:04',2,1),(903,23,2,'2023-07-25','2023-07-25 08:32:44','2023-07-25 12:34:14','2023-07-25 13:31:46','2023-07-25 17:38:15',2,1),(906,33,2,'2023-07-26','2023-07-26 08:14:24','2023-07-26 12:32:00','2023-07-26 13:29:04','2023-07-26 17:32:54',2,1),(911,23,2,'2023-07-28','2023-07-28 08:29:15','2023-07-28 12:39:37','2023-07-28 13:27:43','2023-07-28 17:35:37',2,1),(914,23,2,'2023-07-29','2023-07-29 08:30:15',NULL,NULL,'2023-07-29 16:47:50',2,1),(917,23,2,'2023-07-30','2023-07-30 08:29:48',NULL,NULL,'2023-07-30 16:58:56',2,1),(920,43,2,'2023-07-31','2023-07-31 08:27:19','2023-07-31 14:10:46','2023-07-31 15:10:27','2023-07-31 17:47:52',2,1),(923,43,2,'2023-08-01','2023-08-01 08:28:24','2023-08-01 14:02:09','2023-08-01 15:01:10','2023-08-01 17:44:12',2,1),(926,23,2,'2023-08-02','2023-08-02 08:30:25','2023-08-02 12:33:24','2023-08-02 13:33:16','2023-08-02 17:31:29',2,1),(931,43,2,'2023-08-04','2023-08-04 08:29:40','2023-08-04 14:07:11','2023-08-04 15:12:26','2023-08-04 17:31:47',2,1),(934,43,2,'2023-08-05','2023-08-05 09:12:03',NULL,NULL,'2023-08-05 16:57:15',2,1),(937,43,2,'2023-08-06','2023-08-06 08:24:09',NULL,NULL,'2023-08-06 16:33:16',2,1),(940,24,2,'2023-08-07','2023-08-07 08:22:05','2023-08-07 12:28:26','2023-08-07 13:25:42','2023-08-07 18:13:55',2,1),(943,24,2,'2023-08-08','2023-08-08 08:18:30','2023-08-08 12:30:16','2023-08-08 13:28:27','2023-08-08 17:33:15',2,1),(946,43,2,'2023-08-09','2023-08-09 08:24:38',NULL,NULL,'2023-08-09 17:48:39',2,1),(951,24,2,'2023-08-11','2023-08-11 08:11:25',NULL,NULL,'2023-08-11 17:24:34',2,1),(955,24,2,'2023-08-12','2023-08-12 08:19:17',NULL,NULL,'2023-08-12 17:27:49',2,1),(957,24,2,'2023-08-13','2023-08-13 08:26:23',NULL,NULL,'2023-08-13 17:32:57',2,1),(960,33,2,'2023-08-14','2023-08-14 08:08:00','2023-08-14 12:31:27','2023-08-14 13:27:57','2023-08-14 17:52:44',2,1),(963,33,2,'2023-08-15','2023-08-15 08:23:28','2023-08-15 12:32:40','2023-08-15 13:28:45','2023-08-15 17:47:05',2,1),(966,24,2,'2023-08-16','2023-08-16 08:19:24','2023-08-16 13:41:01','2023-08-16 14:34:22','2023-08-16 18:26:16',2,1),(971,33,2,'2023-08-18','2023-08-18 08:21:26','2023-08-18 14:02:18','2023-08-18 15:10:28','2023-08-18 17:47:47',2,1),(975,33,2,'2023-08-19','2023-08-19 08:26:35',NULL,NULL,'2023-08-19 16:54:41',2,1),(978,33,2,'2023-08-20','2023-08-20 07:45:32',NULL,NULL,'2023-08-20 17:07:03',2,1),(981,23,2,'2023-08-21','2023-08-21 08:29:16','2023-08-21 12:47:41','2023-08-21 13:31:35','2023-08-21 17:31:26',2,1),(984,23,2,'2023-08-22','2023-08-22 08:29:44','2023-08-22 12:37:36','2023-08-22 13:32:37','2023-08-22 17:31:38',2,1),(987,33,2,'2023-08-23','2023-08-23 08:22:33','2023-08-23 12:32:39','2023-08-23 13:26:03','2023-08-23 17:29:57',2,0),(992,23,2,'2023-08-25','2023-08-25 08:30:53','2023-08-25 12:35:00','2023-08-25 12:46:34','2023-08-25 17:35:25',2,0),(995,23,2,'2023-08-26','2023-08-26 08:29:21',NULL,NULL,'2023-08-26 17:11:23',2,0),(998,23,2,'2023-08-27','2023-08-27 08:29:19',NULL,NULL,'2023-08-27 16:38:21',2,0),(1001,43,2,'2023-08-28','2023-08-28 08:23:53',NULL,NULL,'2023-08-28 17:57:16',2,1),(1004,43,2,'2023-08-29','2023-08-29 08:26:40','2023-08-29 14:02:32','2023-08-29 15:00:49','2023-08-29 18:16:27',2,1),(1007,23,2,'2023-08-30','2023-08-30 08:32:34','2023-08-30 12:31:18','2023-08-30 13:33:59','2023-08-30 17:30:31',2,1),(1012,43,2,'2023-09-01','2023-09-01 08:19:49','2023-09-01 14:01:25','2023-09-01 15:01:56','2023-09-01 18:03:30',2,1),(1015,43,2,'2023-09-02','2023-09-02 08:18:17',NULL,NULL,'2023-09-02 16:33:49',2,1),(1018,43,2,'2023-09-03','2023-09-03 08:19:21',NULL,NULL,'2023-09-03 16:50:23',2,1),(1025,43,2,'2023-09-06','2023-09-06 08:23:51',NULL,NULL,'2023-09-06 18:10:05',2,1),(1030,24,2,'2023-09-08','2023-09-08 08:09:29','2023-09-08 13:50:29','2023-09-08 14:42:23','2023-09-08 17:36:26',2,1),(1033,24,2,'2023-09-09','2023-09-09 08:14:31',NULL,NULL,'2023-09-09 17:10:10',2,1),(1036,24,2,'2023-09-10','2023-09-10 08:11:34',NULL,NULL,'2023-09-10 17:08:21',2,1),(1039,33,2,'2023-09-11','2023-09-11 08:29:14','2023-09-11 12:31:17','2023-09-11 13:28:25','2023-09-11 17:32:35',2,1),(1042,33,2,'2023-09-12','2023-09-12 08:09:55','2023-09-12 12:31:05','2023-09-12 13:31:44','2023-09-12 17:28:17',2,1),(1045,24,2,'2023-09-13','2023-09-13 08:11:06','2023-09-13 15:01:32','2023-09-13 15:10:43','2023-09-13 17:31:39',2,0),(1050,33,2,'2023-09-15','2023-09-15 08:23:58','2023-09-15 12:34:20','2023-09-15 13:29:12','2023-09-15 17:47:46',2,1),(1053,33,2,'2023-09-16','2023-09-16 08:25:16',NULL,NULL,'2023-09-16 16:39:03',2,1),(1056,33,2,'2023-09-17','2023-09-17 08:28:35',NULL,NULL,'2023-09-17 16:55:22',2,1),(1059,23,2,'2023-09-18','2023-09-18 08:26:15','2023-09-18 12:31:16','2023-09-18 13:30:25','2023-09-18 17:45:26',2,1),(1062,23,2,'2023-09-19','2023-09-19 08:30:09','2023-09-19 12:30:07','2023-09-19 13:30:30','2023-09-19 17:34:08',2,1),(1066,33,2,'2023-09-20','2023-09-20 08:11:08','2023-09-20 12:34:22','2023-09-20 13:27:49','2023-09-20 17:33:16',2,1),(1079,23,2,'2023-09-22','2023-09-22 08:29:16','2023-09-22 12:30:04','2023-09-22 13:30:16','2023-09-22 17:30:23',2,1),(1082,23,2,'2023-09-23','2023-09-23 08:28:29',NULL,NULL,'2023-09-23 17:08:37',2,1),(1085,23,2,'2023-09-24','2023-09-24 08:28:22',NULL,NULL,'2023-09-24 17:03:53',2,1),(1088,43,2,'2023-09-25','2023-09-25 08:22:02','2023-09-25 14:32:30','2023-09-25 16:49:06','2023-09-25 18:37:24',2,1),(1091,43,2,'2023-09-26','2023-09-26 08:23:41',NULL,NULL,'2023-09-26 17:52:19',2,1),(1094,23,2,'2023-09-27','2023-09-27 08:30:26','2023-09-27 12:30:02','2023-09-27 13:31:00','2023-09-27 17:34:06',2,1),(1099,43,2,'2023-09-29','2023-09-29 08:09:29','2023-09-29 14:01:11','2023-09-29 15:03:08','2023-09-29 18:26:01',2,1),(1102,43,2,'2023-09-30','2023-09-30 08:17:31',NULL,NULL,'2023-09-30 16:34:50',2,1),(1105,43,2,'2023-10-01','2023-10-01 08:21:20',NULL,NULL,'2023-10-01 17:03:15',2,1),(1108,24,2,'2023-10-02','2023-10-02 08:06:30','2023-10-02 14:15:05','2023-10-02 15:12:43','2023-10-02 17:41:14',2,1),(1111,24,2,'2023-10-03','2023-10-03 08:05:09','2023-10-03 14:07:35','2023-10-03 15:04:50','2023-10-03 17:55:55',2,1),(1114,43,2,'2023-10-04','2023-10-04 08:26:22','2023-10-04 14:00:32','2023-10-04 15:01:41','2023-10-04 17:31:13',2,1),(1119,24,2,'2023-10-06','2023-10-06 08:06:28','2023-10-06 14:00:37','2023-10-06 14:54:26','2023-10-06 18:17:25',2,1),(1122,24,2,'2023-10-07','2023-10-07 08:07:12',NULL,NULL,'2023-10-07 17:18:58',2,1),(1125,24,2,'2023-10-08','2023-10-08 08:07:50',NULL,NULL,'2023-10-08 17:26:01',2,1),(1132,24,2,'2023-10-11','2023-10-11 08:06:49','2023-10-11 14:36:47','2023-10-11 15:25:01','2023-10-11 17:34:37',2,1),(1149,33,2,'2023-10-18','2023-10-18 08:29:08','2023-10-18 12:31:34','2023-10-18 13:28:32','2023-10-18 18:06:32',2,1),(1160,43,2,'2023-10-23','2023-10-23 08:28:11','2023-10-23 14:04:51',NULL,'2023-10-23 18:22:00',2,1),(1163,43,2,'2023-10-24','2023-10-24 08:22:52',NULL,NULL,'2023-10-24 17:35:43',2,1),(1166,23,2,'2023-10-25','2023-10-25 08:29:20','2023-10-25 12:30:42','2023-10-25 13:30:04','2023-10-25 17:51:22',2,1),(1171,43,2,'2023-10-27','2023-10-27 11:06:34',NULL,NULL,'2023-10-27 17:29:49',2,1),(1174,43,2,'2023-10-28','2023-10-28 08:15:59',NULL,NULL,'2023-10-28 16:54:24',2,1),(1177,43,2,'2023-10-29','2023-10-29 07:20:27',NULL,NULL,'2023-10-29 15:51:07',2,1),(1184,43,2,'2023-11-01','2023-11-01 07:32:48',NULL,NULL,'2023-11-01 16:28:18',2,1),(1195,33,2,'2023-11-06','2023-11-06 07:27:15','2023-11-06 11:31:30','2023-11-06 12:33:29','2023-11-06 16:31:14',2,1),(1198,33,2,'2023-11-07','2023-11-07 06:48:53','2023-11-07 11:39:45','2023-11-07 12:25:06','2023-11-07 16:51:33',2,1),(1201,24,2,'2023-11-08','2023-11-08 07:11:30','2023-11-08 14:00:06','2023-11-08 14:53:16','2023-11-08 17:50:04',2,1),(1206,33,2,'2023-11-10','2023-11-10 08:23:56','2023-11-10 12:33:39','2023-11-10 13:25:20','2023-11-10 17:51:46',2,1),(1209,33,2,'2023-11-11','2023-11-11 08:24:22',NULL,NULL,'2023-11-11 16:31:29',2,1),(1212,33,2,'2023-11-12','2023-11-12 08:29:22',NULL,NULL,'2023-11-12 16:45:01',2,1),(1215,23,2,'2023-11-13','2023-11-13 09:19:21',NULL,NULL,'2023-11-13 17:33:00',2,1),(1218,23,2,'2023-11-14','2023-11-14 08:30:08','2023-11-14 12:34:59','2023-11-14 13:30:42','2023-11-14 17:31:04',2,1),(1221,33,2,'2023-11-15','2023-11-15 08:17:36','2023-11-15 12:38:03','2023-11-15 13:29:18','2023-11-15 17:41:31',2,1),(1226,23,2,'2023-11-17','2023-11-17 08:31:00','2023-11-17 12:30:22','2023-11-17 13:28:57','2023-11-17 17:30:58',2,1),(1229,23,2,'2023-11-18','2023-11-18 08:32:03',NULL,NULL,'2023-11-18 16:49:38',2,1),(1232,23,2,'2023-11-19','2023-11-19 08:31:41',NULL,NULL,'2023-11-19 17:06:24',2,1),(1235,43,2,'2023-11-20','2023-11-20 08:24:58',NULL,NULL,'2023-11-20 17:35:20',2,1),(1238,43,2,'2023-11-21','2023-11-21 08:25:38','2023-11-21 13:19:49','2023-11-21 14:02:11','2023-11-21 17:58:51',2,1),(1241,23,2,'2023-11-22','2023-11-22 08:29:10','2023-11-22 12:34:00','2023-11-22 13:34:41','2023-11-22 17:31:24',2,1),(1246,43,2,'2023-11-24','2023-11-24 08:20:03','2023-11-24 13:00:31','2023-11-24 14:14:15','2023-11-24 17:31:07',2,1),(1249,43,2,'2023-11-25','2023-11-25 08:22:42',NULL,NULL,'2023-11-25 16:41:04',2,1),(1252,43,2,'2023-11-26','2023-11-26 08:26:11',NULL,NULL,'2023-11-26 16:34:57',2,1),(1255,24,2,'2023-11-27','2023-11-27 08:18:38','2023-11-27 14:29:56','2023-11-27 15:29:00','2023-11-27 18:04:56',2,1),(1258,24,2,'2023-11-28','2023-11-28 08:04:40','2023-11-28 14:50:28','2023-11-28 15:49:32',NULL,1,0),(1261,43,2,'2023-11-29','2023-11-29 08:26:39','2023-11-29 13:03:24','2023-11-29 14:02:34','2023-11-29 18:08:51',2,1),(1266,24,2,'2023-12-01','2023-12-01 08:01:53','2023-12-01 13:38:24','2023-12-01 14:35:07','2023-12-01 18:06:35',2,1),(1269,24,2,'2023-12-02','2023-12-02 08:09:19',NULL,NULL,'2023-12-02 17:19:55',2,1),(1272,24,2,'2023-12-03','2023-12-03 08:03:31',NULL,NULL,'2023-12-03 17:21:06',2,1),(1275,33,2,'2023-12-04','2023-12-04 08:02:58','2023-12-04 12:41:22','2023-12-04 13:26:53','2023-12-04 17:37:02',2,1),(1278,33,2,'2023-12-05','2023-12-05 08:22:01','2023-12-05 12:31:01','2023-12-05 14:15:29','2023-12-05 18:42:53',2,1),(1281,24,2,'2023-12-06','2023-12-06 08:14:38','2023-12-06 14:19:07','2023-12-06 15:10:06','2023-12-06 17:34:36',2,1),(1286,33,2,'2023-12-08','2023-12-08 08:23:46','2023-12-08 13:01:03','2023-12-08 14:01:07','2023-12-08 17:43:31',2,1),(1289,33,2,'2023-12-09','2023-12-09 08:24:27',NULL,NULL,'2023-12-09 16:39:51',2,1),(1292,33,2,'2023-12-10','2023-12-10 08:27:19',NULL,NULL,'2023-12-10 16:37:50',2,1),(1295,23,2,'2023-12-11','2023-12-11 08:31:47','2023-12-11 12:37:29',NULL,'2023-12-11 17:34:41',2,1),(1299,23,2,'2023-12-12','2023-12-12 08:30:00','2023-12-12 12:45:25','2023-12-12 13:41:49','2023-12-12 17:35:39',2,1),(1306,33,2,'2023-12-13','2023-12-13 08:09:58','2023-12-13 12:33:59','2023-12-13 13:31:35','2023-12-13 18:33:03',2,1),(1311,23,2,'2023-12-15','2023-12-15 08:26:53','2023-12-15 12:30:41',NULL,'2023-12-15 17:31:55',2,1),(1314,23,2,'2023-12-16','2023-12-16 08:29:26',NULL,NULL,'2023-12-16 16:58:17',2,1),(1317,23,2,'2023-12-17','2023-12-17 08:29:56',NULL,NULL,'2023-12-17 16:36:08',2,1),(1320,43,2,'2023-12-18','2023-12-18 08:25:23','2023-12-18 12:37:37','2023-12-18 13:30:46','2023-12-18 17:35:49',2,1),(1323,43,2,'2023-12-19','2023-12-19 08:27:02','2023-12-19 14:10:40','2023-12-19 15:03:09','2023-12-19 17:43:51',2,1),(1326,23,2,'2023-12-20','2023-12-20 08:30:24','2023-12-20 12:31:24','2023-12-20 13:30:26','2023-12-20 17:35:30',2,1),(1331,43,2,'2023-12-22','2023-12-22 08:25:52','2023-12-22 14:02:39','2023-12-22 15:00:05','2023-12-22 17:45:29',2,1),(1334,43,2,'2023-12-23','2023-12-23 08:25:13',NULL,NULL,'2023-12-23 16:34:23',2,1),(1337,43,2,'2023-12-24','2023-12-24 08:26:18',NULL,NULL,'2023-12-24 16:31:16',2,1),(1340,24,2,'2023-12-25','2023-12-25 08:15:04',NULL,NULL,'2023-12-25 17:12:56',2,1),(1343,24,2,'2023-12-26','2023-12-26 08:12:10','2023-12-26 13:30:17','2023-12-26 14:26:09','2023-12-26 17:49:13',2,1),(1346,43,2,'2023-12-27','2023-12-27 08:28:00','2023-12-27 14:15:34','2023-12-27 15:08:52','2023-12-27 17:34:44',2,1),(1351,24,2,'2023-12-29','2023-12-29 08:07:09','2023-12-29 14:00:33','2023-12-29 14:54:50','2023-12-29 18:56:12',2,1),(1354,24,2,'2023-12-30','2023-12-30 08:15:47',NULL,NULL,'2023-12-30 17:03:30',2,1),(1357,24,2,'2023-12-31','2023-12-31 08:14:46',NULL,NULL,'2023-12-31 18:50:31',2,1),(1360,33,2,'2024-01-01','2024-01-01 08:13:09',NULL,NULL,'2024-01-01 16:45:29',2,1),(1363,33,2,'2024-01-02','2024-01-02 08:30:41','2024-01-02 12:31:10','2024-01-02 13:32:22','2024-01-02 17:31:00',2,1),(1366,24,2,'2024-01-03','2024-01-03 08:08:56','2024-01-03 12:00:00','2024-01-03 12:53:02','2024-01-03 18:08:17',2,1),(1371,33,2,'2024-01-05','2024-01-05 08:22:28','2024-01-05 12:30:04','2024-01-05 13:15:52','2024-01-05 18:07:20',2,1),(1374,33,2,'2024-01-06','2024-01-06 08:12:04',NULL,NULL,'2024-01-06 16:45:56',2,1),(1377,33,2,'2024-01-07','2024-01-07 08:26:23',NULL,NULL,'2024-01-07 17:06:03',2,1),(1380,23,2,'2024-01-08','2024-01-08 08:30:02','2024-01-08 12:43:03','2024-01-08 13:35:12','2024-01-08 17:30:21',2,1),(1383,23,2,'2024-01-09','2024-01-09 08:31:12','2024-01-09 12:35:34','2024-01-09 13:32:17','2024-01-09 17:34:43',2,1),(1386,33,2,'2024-01-10','2024-01-10 08:25:16','2024-01-10 12:37:13','2024-01-10 13:22:04','2024-01-10 17:52:37',2,1),(1391,23,2,'2024-01-12','2024-01-12 08:30:25','2024-01-12 12:33:42','2024-01-12 13:32:56','2024-01-12 17:40:03',2,1),(1394,23,2,'2024-01-13','2024-01-13 08:30:14',NULL,NULL,'2024-01-13 16:42:06',2,1),(1397,23,2,'2024-01-14','2024-01-14 08:30:20',NULL,NULL,'2024-01-14 16:41:54',2,1),(1400,43,2,'2024-01-15','2024-01-15 08:29:35','2024-01-15 14:02:08','2024-01-15 15:05:13','2024-01-15 17:47:43',2,1),(1403,43,2,'2024-01-16','2024-01-16 08:23:49','2024-01-16 14:00:41','2024-01-16 15:00:15','2024-01-16 17:31:08',2,1),(1406,23,2,'2024-01-17','2024-01-17 08:29:43','2024-01-17 12:30:29','2024-01-17 13:30:30','2024-01-17 17:30:24',2,1),(1411,43,2,'2024-01-19','2024-01-19 08:24:04','2024-01-19 14:02:06','2024-01-19 15:04:38','2024-01-19 17:51:21',2,1),(1414,43,2,'2024-01-20','2024-01-20 08:28:18',NULL,NULL,'2024-01-20 16:47:23',2,1),(1417,43,2,'2024-01-21','2024-01-21 08:28:16',NULL,NULL,'2024-01-21 16:36:09',2,1),(1420,24,2,'2024-01-22','2024-01-22 08:14:26','2024-01-22 13:48:59','2024-01-22 14:32:27','2024-01-22 17:38:11',2,1),(1423,24,2,'2024-01-23','2024-01-23 08:07:18','2024-01-23 13:43:17','2024-01-23 14:35:08','2024-01-23 17:54:47',2,1),(1426,43,2,'2024-01-24','2024-01-24 08:27:27','2024-01-24 14:00:04','2024-01-24 15:00:36','2024-01-24 17:36:10',2,1),(1431,24,2,'2024-01-26','2024-01-26 08:12:21','2024-01-26 13:32:18','2024-01-26 14:27:33','2024-01-26 18:01:29',2,1),(1434,24,2,'2024-01-27','2024-01-27 08:14:38',NULL,NULL,'2024-01-27 18:44:21',2,1),(1437,24,2,'2024-01-28','2024-01-28 08:14:27',NULL,NULL,'2024-01-28 17:12:57',2,1),(1440,33,2,'2024-01-29','2024-01-29 08:29:34','2024-01-29 12:32:55','2024-01-29 13:29:16','2024-01-29 18:24:12',2,1),(1443,33,2,'2024-01-30','2024-01-30 08:23:21','2024-01-30 12:31:53','2024-01-30 13:29:33','2024-01-30 18:15:54',2,1),(1446,24,2,'2024-01-31','2024-01-31 07:49:16','2024-01-31 13:55:00','2024-01-31 14:50:56','2024-01-31 17:53:20',2,1),(1451,33,2,'2024-02-02','2024-02-02 08:12:22','2024-02-02 12:34:01','2024-02-02 13:26:18','2024-02-02 17:35:54',2,1),(1454,33,2,'2024-02-03','2024-02-03 08:10:44',NULL,NULL,'2024-02-03 16:50:42',2,1),(1457,33,2,'2024-02-04','2024-02-04 08:29:57',NULL,NULL,'2024-02-04 16:41:29',2,1),(1460,23,2,'2024-02-05','2024-02-05 08:29:41','2024-02-05 12:33:14','2024-02-05 13:30:51','2024-02-05 17:31:04',2,1),(1463,23,2,'2024-02-06','2024-02-06 08:29:47','2024-02-06 12:33:18','2024-02-06 13:25:53','2024-02-06 17:36:10',2,1),(1466,33,2,'2024-02-07','2024-02-07 08:28:46','2024-02-07 12:32:08','2024-02-07 13:28:22','2024-02-07 18:06:37',2,1),(1471,23,2,'2024-02-09','2024-02-09 08:30:33','2024-02-09 12:35:59','2024-02-09 13:34:24','2024-02-09 17:41:24',2,1),(1474,23,2,'2024-02-10','2024-02-10 08:29:06',NULL,NULL,'2024-02-10 16:44:36',2,1),(1477,23,2,'2024-02-11','2024-02-11 08:29:47',NULL,NULL,'2024-02-11 16:34:29',2,1),(1480,43,2,'2024-02-12','2024-02-12 08:25:08',NULL,NULL,'2024-02-12 16:33:23',2,1),(1483,43,2,'2024-02-13','2024-02-13 08:26:38','2024-02-13 16:12:19',NULL,'2024-02-13 16:34:47',2,1),(1486,23,2,'2024-02-14','2024-02-14 08:29:08','2024-02-14 12:41:22','2024-02-14 15:09:19','2024-02-14 18:02:31',2,1),(1491,43,2,'2024-02-16','2024-02-16 08:23:19','2024-02-16 14:10:41','2024-02-16 15:01:04','2024-02-16 17:33:32',2,1),(1494,43,2,'2024-02-17','2024-02-17 08:22:02',NULL,NULL,'2024-02-17 17:01:10',2,1),(1497,43,2,'2024-02-18','2024-02-18 08:25:09',NULL,NULL,'2024-02-18 16:31:04',2,1),(1504,43,2,'2024-02-21','2024-02-21 08:24:45','2024-02-21 14:01:01','2024-02-21 15:00:10','2024-02-21 17:30:26',2,1),(1509,24,2,'2024-02-23','2024-02-23 08:18:40','2024-02-23 13:31:37','2024-02-23 14:26:15','2024-02-23 17:57:05',2,1),(1512,24,2,'2024-02-24','2024-02-24 08:10:13',NULL,NULL,'2024-02-24 16:59:27',2,1),(1515,24,2,'2024-02-25','2024-02-25 08:21:19',NULL,NULL,'2024-02-25 16:57:27',2,1),(1518,33,2,'2024-02-26','2024-02-26 08:08:06','2024-02-26 12:30:27','2024-02-26 13:30:40','2024-02-26 17:32:46',2,1),(1521,33,2,'2024-02-27','2024-02-27 08:09:58','2024-02-27 12:32:51','2024-02-27 13:29:34','2024-02-27 21:23:30',2,1),(1524,24,2,'2024-02-28','2024-02-28 08:06:52','2024-02-28 13:43:20','2024-02-28 14:35:46','2024-02-28 17:45:50',2,1),(1529,33,2,'2024-03-01','2024-03-01 08:34:30','2024-03-01 12:31:05','2024-03-01 12:31:06','2024-03-01 18:17:41',2,1),(1532,33,2,'2024-03-02','2024-03-02 08:27:22',NULL,NULL,'2024-03-02 16:47:21',2,1),(1535,33,2,'2024-03-03','2024-03-03 08:28:31',NULL,NULL,'2024-03-03 16:37:40',2,1),(1538,23,2,'2024-03-04','2024-03-04 08:27:52','2024-03-04 12:40:02','2024-03-04 13:40:09','2024-03-04 17:43:44',2,1),(1541,23,2,'2024-03-05','2024-03-05 08:28:04','2024-03-05 12:47:07','2024-03-05 13:40:11','2024-03-05 17:34:31',2,1),(1544,33,2,'2024-03-06','2024-03-06 08:26:50','2024-03-06 12:31:48','2024-03-06 13:41:14','2024-03-06 17:51:54',2,1),(1549,23,2,'2024-03-08','2024-03-08 08:12:37','2024-03-08 12:34:49','2024-03-08 13:33:27','2024-03-08 17:44:06',2,1),(1552,23,2,'2024-03-09','2024-03-09 08:26:26',NULL,NULL,'2024-03-09 16:36:11',2,1),(1555,23,2,'2024-03-10','2024-03-10 08:28:19',NULL,NULL,'2024-03-10 17:00:44',2,1),(1558,43,2,'2024-03-11','2024-03-11 08:21:54','2024-03-11 14:00:05','2024-03-11 15:00:07','2024-03-11 17:32:26',2,1),(1561,43,2,'2024-03-12','2024-03-12 08:21:09','2024-03-12 14:00:54','2024-03-12 15:00:41','2024-03-12 17:31:56',2,1),(1564,23,2,'2024-03-13','2024-03-13 08:28:03','2024-03-13 12:40:43','2024-03-13 13:38:06','2024-03-13 17:34:45',2,1),(1569,43,2,'2024-03-15','2024-03-15 08:21:56','2024-03-15 14:00:37','2024-03-15 15:00:33','2024-03-15 17:31:04',2,1),(1572,43,2,'2024-03-16','2024-03-16 08:21:23',NULL,NULL,'2024-03-16 16:40:45',2,1),(1575,43,2,'2024-03-17','2024-03-17 08:20:33',NULL,NULL,'2024-03-17 16:39:30',2,1),(1578,24,2,'2024-03-18','2024-03-18 08:09:56','2024-03-18 13:55:05','2024-03-18 14:54:48','2024-03-18 18:24:25',2,1),(1581,24,2,'2024-03-19','2024-03-19 08:19:42','2024-03-19 13:01:12','2024-03-19 14:07:53','2024-03-19 17:54:19',2,1),(1584,43,2,'2024-03-20','2024-03-20 08:20:55','2024-03-20 14:00:03','2024-03-20 15:00:40','2024-03-20 17:32:06',2,1),(1589,24,2,'2024-03-22','2024-03-22 08:19:06','2024-03-22 13:00:14','2024-03-22 13:55:45','2024-03-22 17:43:49',2,1),(1592,24,2,'2024-03-23','2024-03-23 08:17:40',NULL,NULL,'2024-03-23 16:50:29',2,1),(1595,24,2,'2024-03-24','2024-03-24 08:17:15',NULL,NULL,'2024-03-24 16:35:34',2,1),(1601,24,2,'2024-03-27','2024-03-27 08:18:10','2024-03-27 13:27:19','2024-03-27 14:25:09','2024-03-27 17:42:32',2,1),(1612,23,2,'2024-04-01','2024-04-01 08:30:31','2024-04-01 12:45:39','2024-04-01 13:45:26','2024-04-01 17:30:26',2,1),(1615,23,2,'2024-04-02','2024-04-02 08:30:07',NULL,NULL,'2024-04-02 17:31:04',2,1),(1618,33,2,'2024-04-03','2024-04-03 07:46:55','2024-04-03 12:33:51','2024-04-03 13:22:12','2024-04-03 17:37:43',2,1),(1623,23,2,'2024-04-05','2024-04-05 08:30:28','2024-04-05 12:41:23','2024-04-05 13:39:05','2024-04-05 17:43:00',2,1),(1626,23,2,'2024-04-06','2024-04-06 08:30:09',NULL,NULL,'2024-04-06 16:46:18',2,1),(1629,23,2,'2024-04-07','2024-04-07 08:29:06',NULL,NULL,'2024-04-07 16:31:39',2,1),(1632,43,2,'2024-04-08','2024-04-08 08:25:39','2024-04-08 14:00:59','2024-04-08 15:00:06','2024-04-08 17:31:25',2,1),(1635,43,2,'2024-04-09','2024-04-09 08:37:59','2024-04-09 14:04:26','2024-04-09 15:00:22','2024-04-09 17:32:38',2,1),(1638,23,2,'2024-04-10','2024-04-10 08:30:06','2024-04-10 12:40:45','2024-04-10 13:41:17','2024-04-10 17:31:24',2,1),(1643,43,2,'2024-04-12','2024-04-12 08:27:05','2024-04-12 14:03:54','2024-04-12 15:04:11','2024-04-12 17:36:38',2,1),(1646,43,2,'2024-04-13','2024-04-13 08:24:24',NULL,NULL,'2024-04-13 16:31:13',2,1),(1649,43,2,'2024-04-14','2024-04-14 08:24:12',NULL,NULL,'2024-04-14 16:47:31',2,1),(1656,43,2,'2024-04-17','2024-04-17 08:26:08',NULL,NULL,'2024-04-17 19:01:54',2,1),(1661,24,2,'2024-04-19','2024-04-19 10:32:34',NULL,NULL,'2024-04-19 16:57:52',2,1),(1664,24,2,'2024-04-20','2024-04-20 08:21:31',NULL,NULL,'2024-04-20 20:12:30',2,1),(1667,24,2,'2024-04-21','2024-04-21 08:25:01',NULL,NULL,'2024-04-21 17:11:04',2,1),(1670,33,2,'2024-04-22','2024-04-22 08:12:33','2024-04-22 12:21:24','2024-04-22 13:01:14','2024-04-22 18:25:12',2,1),(1673,33,2,'2024-04-23','2024-04-23 08:29:28',NULL,NULL,'2024-04-23 18:02:08',2,1),(1676,24,2,'2024-04-24','2024-04-24 08:06:19','2024-04-24 13:00:58','2024-04-24 13:54:15','2024-04-24 17:33:15',2,1),(1681,33,2,'2024-04-26','2024-04-26 08:29:23',NULL,NULL,'2024-04-26 17:42:01',2,1),(1684,33,2,'2024-04-27','2024-04-27 08:14:39',NULL,NULL,'2024-04-27 16:45:38',2,1),(1687,24,2,'2024-04-28','2024-04-28 08:27:16',NULL,NULL,'2024-04-28 16:56:33',2,1),(1690,23,2,'2024-04-29','2024-04-29 08:28:48','2024-04-29 13:02:09','2024-04-29 13:59:40','2024-04-29 17:34:19',2,1),(1693,23,2,'2024-04-30','2024-04-30 08:29:23','2024-04-30 12:42:29','2024-04-30 13:41:58','2024-04-30 17:30:48',2,1),(1696,33,2,'2024-05-01','2024-05-01 08:29:48','2024-05-01 12:39:47','2024-05-01 13:26:29','2024-05-01 17:33:35',2,1),(1701,23,2,'2024-05-03','2024-05-03 08:29:53',NULL,NULL,'2024-05-03 16:34:08',2,1),(1704,23,2,'2024-05-04','2024-05-04 08:29:41',NULL,NULL,'2024-05-04 16:32:14',2,1),(1707,23,2,'2024-05-05','2024-05-05 08:27:28',NULL,NULL,'2024-05-05 16:44:19',2,1),(1710,43,2,'2024-05-06','2024-05-06 08:26:23','2024-05-06 14:00:24',NULL,'2024-05-06 17:31:02',2,1),(1713,43,2,'2024-05-07','2024-05-07 08:21:56','2024-05-07 14:01:06','2024-05-07 15:03:58','2024-05-07 17:35:31',2,1),(1716,23,2,'2024-05-08','2024-05-08 08:28:05','2024-05-08 12:35:40','2024-05-08 13:33:02','2024-05-08 17:30:36',2,1),(1721,43,2,'2024-05-10','2024-05-10 08:15:44','2024-05-10 14:10:32','2024-05-10 15:01:12','2024-05-10 17:32:22',2,1),(1724,43,2,'2024-05-11','2024-05-11 08:26:22',NULL,NULL,'2024-05-11 16:43:00',2,1),(1727,43,2,'2024-05-12','2024-05-12 08:23:26',NULL,NULL,'2024-05-12 16:30:58',2,1),(1730,24,2,'2024-05-13','2024-05-13 08:37:10','2024-05-13 14:21:43','2024-05-13 15:19:10','2024-05-13 17:50:43',2,1),(1733,24,2,'2024-05-14','2024-05-14 08:12:07','2024-05-14 13:30:43','2024-05-14 14:23:50','2024-05-14 18:39:00',2,1),(1736,43,2,'2024-05-15','2024-05-15 08:22:24','2024-05-15 14:04:00','2024-05-15 15:00:58','2024-05-15 17:32:36',2,1),(1741,24,2,'2024-05-17','2024-05-17 08:21:53','2024-05-17 13:58:50','2024-05-17 14:53:59','2024-05-17 17:49:16',2,1),(1744,33,2,'2024-05-18','2024-05-18 08:20:29',NULL,NULL,'2024-05-18 16:55:48',2,1),(1747,33,2,'2024-05-19','2024-05-19 08:27:49',NULL,NULL,'2024-05-19 16:52:24',2,1),(1750,33,2,'2024-05-20','2024-05-20 08:27:01','2024-05-20 14:01:22','2024-05-20 15:04:12','2024-05-20 17:55:46',2,1),(1753,33,2,'2024-05-21','2024-05-21 08:23:48','2024-05-21 14:01:35','2024-05-21 15:04:54','2024-05-21 17:30:44',2,1),(1756,24,2,'2024-05-22','2024-05-22 08:22:17','2024-05-22 15:01:32','2024-05-22 15:55:21','2024-05-22 17:48:09',2,1),(1761,33,2,'2024-05-24','2024-05-24 08:23:25',NULL,NULL,'2024-05-24 16:46:58',2,1),(1764,33,2,'2024-05-25','2024-05-25 08:29:30',NULL,NULL,'2024-05-25 16:39:04',2,1),(1767,33,2,'2024-05-26','2024-05-26 08:38:48',NULL,NULL,'2024-05-26 17:19:12',2,1),(1770,23,2,'2024-05-27','2024-05-27 08:29:05','2024-05-27 12:43:15','2024-05-27 13:36:38','2024-05-27 17:35:08',2,1),(1773,23,2,'2024-05-28','2024-05-28 08:28:17','2024-05-28 12:41:15','2024-05-28 13:38:34','2024-05-28 17:34:42',2,1),(1776,33,2,'2024-05-29','2024-05-29 08:09:28','2024-05-29 12:35:26','2024-05-29 13:31:49','2024-05-29 18:55:19',2,1),(1781,23,2,'2024-05-31','2024-05-31 08:29:41','2024-05-31 12:40:09','2024-05-31 13:40:21','2024-05-31 17:42:05',2,1),(1784,23,2,'2024-06-01','2024-06-01 08:29:25',NULL,NULL,'2024-06-01 17:08:29',2,1),(1787,23,2,'2024-06-02','2024-06-02 08:32:39',NULL,NULL,'2024-06-02 16:42:29',2,1),(1794,23,2,'2024-06-05','2024-06-05 08:29:43','2024-06-05 12:40:53','2024-06-05 13:40:27','2024-06-05 17:34:23',2,1),(1805,24,2,'2024-06-10','2024-06-10 08:20:17','2024-06-10 13:31:58','2024-06-10 14:25:37','2024-06-10 17:33:43',2,1),(1808,24,2,'2024-06-11','2024-06-11 08:47:30','2024-06-11 13:29:41','2024-06-11 14:22:07','2024-06-11 17:42:31',2,1),(1811,43,2,'2024-06-12','2024-06-12 08:15:33','2024-06-12 14:00:43','2024-06-12 17:31:05','2024-06-12 17:31:07',2,1),(1816,24,2,'2024-06-14','2024-06-14 08:20:49','2024-06-14 13:36:52','2024-06-14 14:32:17','2024-06-14 18:36:37',2,1),(1819,24,2,'2024-06-15','2024-06-15 08:19:45',NULL,NULL,'2024-06-15 19:05:16',2,1),(1822,24,2,'2024-06-16','2024-06-16 08:44:56',NULL,NULL,'2024-06-16 18:05:50',2,1),(1825,33,2,'2024-06-17','2024-06-17 08:25:18','2024-06-17 12:37:38','2024-06-17 13:31:22','2024-06-17 18:14:53',2,1),(1828,33,2,'2024-06-18','2024-06-18 08:26:11','2024-06-18 15:24:45','2024-06-18 16:11:17','2024-06-18 17:40:50',2,1),(1831,24,2,'2024-06-19','2024-06-19 08:21:55','2024-06-19 13:30:28','2024-06-19 14:25:44','2024-06-19 18:01:28',2,1),(1836,33,2,'2024-06-21','2024-06-21 08:29:48','2024-06-21 14:32:59','2024-06-21 15:20:05','2024-06-21 17:31:43',2,1),(1839,33,2,'2024-06-22','2024-06-22 08:22:44',NULL,NULL,'2024-06-22 17:03:26',2,1),(1842,33,2,'2024-06-23','2024-06-23 08:32:19',NULL,NULL,'2024-06-23 17:23:35',2,1),(1845,23,2,'2024-06-24','2024-06-24 08:29:47','2024-06-24 13:12:55','2024-06-24 14:13:54','2024-06-24 17:31:41',2,1),(1848,23,2,'2024-06-25','2024-06-25 08:29:49','2024-06-25 12:42:15','2024-06-25 13:40:20','2024-06-25 17:34:25',2,1),(1851,33,2,'2024-06-26','2024-06-26 08:23:50','2024-06-26 14:41:44','2024-06-26 15:53:07','2024-06-26 18:11:40',2,1),(1856,23,2,'2024-06-28','2024-06-28 08:28:08','2024-06-28 12:47:30','2024-06-28 13:45:19','2024-06-28 17:39:42',2,1),(1859,23,2,'2024-06-29','2024-06-29 08:29:11',NULL,NULL,'2024-06-29 16:41:02',2,1),(1862,23,2,'2024-06-30','2024-06-30 08:29:08',NULL,NULL,'2024-06-30 16:44:44',2,1),(1865,43,2,'2024-07-01','2024-07-01 08:16:47','2024-07-01 14:00:54','2024-07-01 15:05:44','2024-07-01 17:45:20',2,1),(1868,43,2,'2024-07-02','2024-07-02 08:21:46','2024-07-02 14:00:08','2024-07-02 17:31:35','2024-07-02 17:31:38',2,1),(1871,23,2,'2024-07-03','2024-07-03 08:30:20','2024-07-03 12:42:23','2024-07-03 13:42:04','2024-07-03 17:54:58',2,1),(1876,43,2,'2024-07-05','2024-07-05 08:25:58','2024-07-05 14:00:28','2024-07-05 15:00:05','2024-07-05 17:34:17',2,1),(1879,43,2,'2024-07-06','2024-07-06 08:20:54',NULL,NULL,'2024-07-06 16:35:38',2,1),(1882,43,2,'2024-07-07','2024-07-07 08:23:53',NULL,NULL,'2024-07-07 16:54:59',2,1),(1885,24,2,'2024-07-08','2024-07-08 08:25:37','2024-07-08 14:00:47','2024-07-08 14:55:35','2024-07-08 18:35:52',2,1),(1888,24,2,'2024-07-09','2024-07-09 08:22:11','2024-07-09 13:58:01','2024-07-09 14:49:35','2024-07-09 19:27:53',2,1),(1891,43,2,'2024-07-10','2024-07-10 08:19:04','2024-07-10 14:02:02','2024-07-10 15:02:54','2024-07-10 17:34:39',2,1),(1896,24,2,'2024-07-12','2024-07-12 08:26:16','2024-07-12 13:27:30','2024-07-12 14:25:26','2024-07-12 17:45:32',2,1),(1899,24,2,'2024-07-13','2024-07-13 08:18:58',NULL,NULL,'2024-07-13 17:11:50',2,1),(1902,24,2,'2024-07-14','2024-07-14 08:12:39',NULL,NULL,'2024-07-14 17:30:05',2,1),(1905,33,2,'2024-07-15','2024-07-15 08:30:22','2024-07-15 14:31:59','2024-07-15 15:29:45','2024-07-15 17:48:56',2,1),(1908,33,2,'2024-07-16','2024-07-16 08:30:17','2024-07-16 15:14:48','2024-07-16 15:42:07',NULL,1,0),(1915,33,2,'2024-07-19','2024-07-19 08:30:34','2024-07-19 14:33:03','2024-07-19 15:24:32','2024-07-19 17:34:35',2,1),(1918,33,2,'2024-07-20','2024-07-20 08:13:08',NULL,NULL,'2024-07-20 17:03:20',2,1),(1921,33,2,'2024-07-21','2024-07-21 08:33:48',NULL,NULL,'2024-07-21 18:42:09',2,1),(1924,23,2,'2024-07-22','2024-07-22 08:28:07','2024-07-22 12:43:21','2024-07-22 13:41:20','2024-07-22 17:42:43',2,1),(1927,23,2,'2024-07-23','2024-07-23 08:30:20','2024-07-23 12:45:48','2024-07-23 13:41:33','2024-07-23 17:37:47',2,1),(1930,33,2,'2024-07-24','2024-07-24 08:11:28','2024-07-24 14:30:02','2024-07-24 15:17:08','2024-07-24 17:59:33',2,1),(1935,23,2,'2024-07-26','2024-07-26 08:28:13',NULL,NULL,'2024-07-26 16:56:44',2,1),(1938,23,2,'2024-07-27','2024-07-27 08:32:27',NULL,NULL,'2024-07-27 17:00:34',2,1),(1941,23,2,'2024-07-28','2024-07-28 08:27:07',NULL,NULL,'2024-07-28 16:41:31',2,1),(1944,43,2,'2024-07-29','2024-07-29 08:18:42','2024-07-29 14:32:33','2024-07-29 15:30:20','2024-07-29 18:05:07',2,1),(1947,43,2,'2024-07-30','2024-07-30 08:25:44','2024-07-30 14:31:50','2024-07-30 15:30:21','2024-07-30 17:49:36',2,1),(1950,23,2,'2024-07-31','2024-07-31 08:28:10','2024-07-31 12:45:03','2024-07-31 13:43:33','2024-07-31 17:33:33',2,1),(1955,43,2,'2024-08-02','2024-08-02 08:24:36','2024-08-02 14:31:24','2024-08-02 15:33:57','2024-08-02 17:30:33',2,1),(1958,43,2,'2024-08-03','2024-08-03 08:25:58',NULL,NULL,'2024-08-03 16:35:18',2,1),(1961,43,2,'2024-08-04','2024-08-04 08:27:28',NULL,NULL,'2024-08-04 16:40:52',2,1),(1964,24,2,'2024-08-05','2024-08-05 08:31:19','2024-08-05 13:30:32','2024-08-05 14:22:49','2024-08-05 17:48:47',2,1),(1967,24,2,'2024-08-06','2024-08-06 08:06:59','2024-08-06 13:30:24','2024-08-06 14:25:33','2024-08-06 18:02:23',2,1),(1970,43,2,'2024-08-07','2024-08-07 08:23:15','2024-08-07 14:31:44','2024-08-07 17:35:26','2024-08-07 17:35:28',2,1),(1975,24,2,'2024-08-09','2024-08-09 08:19:39',NULL,NULL,'2024-08-09 17:30:17',2,1),(1978,24,2,'2024-08-10','2024-08-10 08:26:03',NULL,NULL,'2024-08-10 18:06:40',2,1),(1981,24,2,'2024-08-11','2024-08-11 08:22:06',NULL,NULL,'2024-08-11 17:30:58',2,1),(1984,33,2,'2024-08-12','2024-08-12 08:30:49','2024-08-12 15:03:40','2024-08-12 15:50:56','2024-08-12 18:05:22',2,1),(1987,33,2,'2024-08-13','2024-08-13 08:32:20','2024-08-13 14:32:03','2024-08-13 15:20:28','2024-08-13 17:33:14',2,1),(1990,24,2,'2024-08-14','2024-08-14 08:22:05','2024-08-14 13:27:48','2024-08-14 14:24:05','2024-08-14 17:36:22',2,1),(1993,1,2,'2024-08-15','2024-08-15 11:51:00',NULL,NULL,'2024-08-15 12:07:04',2,1),(1996,33,2,'2024-08-16','2024-08-16 08:31:52','2024-08-16 14:29:25','2024-08-16 15:05:29','2024-08-16 17:35:08',2,1),(1999,33,2,'2024-08-17','2024-08-17 08:28:01',NULL,NULL,'2024-08-17 17:22:05',2,1),(2002,33,2,'2024-08-18','2024-08-18 08:31:13',NULL,NULL,'2024-08-18 16:43:17',2,1),(2005,23,2,'2024-08-19','2024-08-19 08:29:13','2024-08-19 12:45:49','2024-08-19 13:40:36','2024-08-19 17:33:18',2,1),(2008,23,2,'2024-08-20','2024-08-20 08:26:02','2024-08-20 12:45:23','2024-08-20 13:41:08','2024-08-20 13:48:24',2,1),(2011,33,2,'2024-08-21','2024-08-21 08:40:46','2024-08-21 14:32:21','2024-08-21 15:29:28','2024-08-21 18:07:22',2,1),(2016,23,2,'2024-08-23','2024-08-23 08:29:05','2024-08-23 12:45:05','2024-08-23 13:46:41','2024-08-23 17:34:56',2,1),(2019,23,2,'2024-08-24','2024-08-24 08:28:01',NULL,NULL,'2024-08-24 16:41:26',2,1),(2022,23,2,'2024-08-25','2024-08-25 08:29:11',NULL,NULL,'2024-08-25 16:36:28',2,1),(2025,43,2,'2024-08-26','2024-08-26 08:20:59','2024-08-26 14:34:00',NULL,'2024-08-26 17:31:05',2,1),(2028,43,2,'2024-08-27','2024-08-27 08:25:27','2024-08-27 14:44:01','2024-08-27 17:38:01','2024-08-27 17:38:02',2,1),(2031,23,2,'2024-08-28','2024-08-28 08:29:08','2024-08-28 12:46:19','2024-08-28 13:13:53','2024-08-28 17:34:07',2,1),(2036,43,2,'2024-08-30','2024-08-30 08:22:07','2024-08-30 14:30:24','2024-08-30 15:31:16','2024-08-30 17:36:24',2,1),(2039,43,2,'2024-08-31','2024-08-31 08:22:14',NULL,NULL,'2024-08-31 16:35:22',2,1),(2042,43,2,'2024-09-01','2024-09-01 08:23:41',NULL,NULL,'2024-09-01 16:34:16',2,1),(2045,24,2,'2024-09-02','2024-09-02 08:21:54','2024-09-02 13:59:30','2024-09-02 14:55:32','2024-09-02 17:39:21',2,1),(2050,43,2,'2024-09-04','2024-09-04 08:24:50','2024-09-04 14:31:29','2024-09-04 15:34:45','2024-09-04 18:29:49',2,1),(2055,24,2,'2024-09-06','2024-09-06 08:18:06','2024-09-06 13:28:55','2024-09-06 14:21:06','2024-09-06 18:23:14',2,1),(2058,24,2,'2024-09-07','2024-09-07 08:14:14',NULL,NULL,'2024-09-07 18:08:00',2,1),(2061,24,2,'2024-09-08','2024-09-08 08:20:08',NULL,NULL,'2024-09-08 17:27:35',2,1),(2064,33,2,'2024-09-09','2024-09-09 08:41:30','2024-09-09 14:50:23','2024-09-09 15:51:33','2024-09-09 18:00:04',2,1),(2067,33,2,'2024-09-10','2024-09-10 08:23:47','2024-09-10 14:49:01','2024-09-10 15:39:34','2024-09-10 17:40:54',2,1),(2070,24,2,'2024-09-11','2024-09-11 08:11:31','2024-09-11 13:30:17','2024-09-11 14:25:24','2024-09-11 17:38:27',2,1),(2075,33,2,'2024-09-13','2024-09-13 08:27:50','2024-09-13 15:26:49','2024-09-13 16:07:40','2024-09-13 17:32:03',2,1),(2078,33,2,'2024-09-14','2024-09-14 08:30:53',NULL,NULL,'2024-09-14 16:58:59',2,1),(2114,33,2,'2024-10-02','2024-10-02 08:29:43',NULL,NULL,'2024-10-02 17:41:17',2,1),(2129,23,2,'2024-10-09','2024-10-09 08:29:45','2024-10-09 12:45:37','2024-10-09 13:44:34','2024-10-09 17:44:24',2,1),(2144,43,2,'2024-10-16','2024-10-16 08:25:40','2024-10-16 14:41:20','2024-10-16 15:32:47','2024-10-16 17:40:50',2,1),(2159,33,2,'2024-10-23','2024-10-23 08:28:07','2024-10-23 17:52:29','2024-10-23 17:52:31','2024-10-23 18:03:33',2,1),(2174,23,2,'2024-10-30','2024-10-30 08:26:31','2024-10-30 12:45:16','2024-10-30 13:44:42','2024-10-30 17:31:51',2,1),(2189,43,2,'2024-11-06','2024-11-06 08:29:15','2024-11-06 14:32:11','2024-11-06 15:30:33','2024-11-06 17:39:07',2,1),(2204,33,2,'2024-11-13','2024-11-13 08:33:50','2024-11-13 14:05:16','2024-11-13 14:51:39','2024-11-13 17:54:35',2,1),(2219,23,2,'2024-11-20','2024-11-20 08:28:20','2024-11-20 12:48:36','2024-11-20 13:46:02','2024-11-20 17:33:19',2,1),(2234,43,2,'2024-11-27','2024-11-27 08:24:20','2024-11-27 14:02:39','2024-11-27 15:35:46','2024-11-27 17:48:45',2,1),(2249,33,2,'2024-12-04','2024-12-04 08:30:25','2024-12-04 14:11:39','2024-12-04 15:00:26','2024-12-04 17:35:55',2,1),(2264,23,2,'2024-12-11','2024-12-11 08:25:01','2024-12-11 13:00:17','2024-12-11 13:59:54','2024-12-11 17:31:34',2,1),(2279,43,2,'2024-12-18','2024-12-18 08:23:14','2024-12-18 14:04:18','2024-12-18 15:01:17','2024-12-18 17:35:21',2,1),(2286,24,2,'2024-12-21','2024-12-21 08:15:04',NULL,NULL,'2024-12-21 16:32:15',2,1),(2289,24,2,'2024-12-22','2024-12-22 08:20:34',NULL,NULL,'2024-12-22 15:04:38',2,1),(2292,33,2,'2024-12-23','2024-12-23 08:40:31',NULL,NULL,'2024-12-24 00:54:29',2,1),(2295,33,2,'2024-12-24','2024-12-24 08:37:18','2024-12-24 13:59:54','2024-12-24 15:01:18','2024-12-24 17:32:46',2,1),(2298,24,2,'2024-12-25','2024-12-25 08:20:36',NULL,NULL,'2024-12-25 16:58:17',2,1),(2303,33,2,'2024-12-27','2024-12-27 09:29:22',NULL,NULL,'2024-12-27 23:33:53',2,1),(2306,33,2,'2024-12-28','2024-12-28 08:37:54',NULL,NULL,'2024-12-28 21:15:03',2,1),(2309,33,2,'2024-12-29','2024-12-29 08:33:46',NULL,NULL,'2024-12-29 16:49:18',2,1),(2312,23,2,'2024-12-30','2024-12-30 08:26:03','2024-12-30 13:01:34','2024-12-30 13:59:23','2024-12-30 17:42:12',2,1),(2315,23,2,'2024-12-31','2024-12-31 08:26:41',NULL,NULL,'2024-12-31 16:46:31',2,1),(2318,33,2,'2025-01-01','2025-01-01 08:45:45',NULL,NULL,'2025-01-01 21:13:27',2,1),(2323,23,2,'2025-01-03','2025-01-03 08:29:31',NULL,NULL,'2025-01-03 16:31:10',2,1),(2326,23,2,'2025-01-04','2025-01-04 08:29:55',NULL,NULL,'2025-01-04 17:03:53',2,1),(2329,23,2,'2025-01-05','2025-01-05 08:26:52',NULL,NULL,'2025-01-05 16:33:24',2,0),(2332,43,2,'2025-01-06','2025-01-06 08:15:47','2025-01-06 14:33:36','2025-01-06 15:34:36','2025-01-06 17:33:35',2,1),(2335,43,2,'2025-01-07','2025-01-07 08:18:14','2025-01-07 14:30:27','2025-01-07 15:30:16','2025-01-07 17:30:15',2,1),(2338,23,2,'2025-01-08','2025-01-08 08:28:18','2025-01-08 13:00:47','2025-01-08 13:59:41','2025-01-08 17:01:08',2,1),(2343,43,2,'2025-01-10','2025-01-10 08:12:25','2025-01-10 14:31:23','2025-01-10 15:30:54','2025-01-10 17:31:19',2,1),(2346,43,2,'2025-01-11','2025-01-11 08:22:13',NULL,NULL,'2025-01-11 16:31:26',2,1),(2349,43,2,'2025-01-12','2025-01-12 08:17:58',NULL,NULL,'2025-01-12 16:30:34',2,1),(2352,24,2,'2025-01-13','2025-01-13 09:41:06',NULL,NULL,'2025-01-13 15:49:35',2,1),(2355,24,2,'2025-01-14','2025-01-14 08:17:06','2025-01-14 13:36:59','2025-01-14 14:32:33','2025-01-14 17:01:28',2,1),(2358,43,2,'2025-01-15','2025-01-15 08:23:32','2025-01-15 14:33:43','2025-01-15 15:31:27','2025-01-15 17:40:55',2,1),(2363,24,2,'2025-01-17','2025-01-17 08:17:24',NULL,NULL,'2025-01-17 16:11:25',2,1),(2366,24,2,'2025-01-18','2025-01-18 08:11:44',NULL,NULL,'2025-01-18 17:48:08',2,1),(2369,24,2,'2025-01-19','2025-01-19 08:10:11',NULL,NULL,'2025-01-19 14:41:07',2,1),(2376,24,2,'2025-01-22','2025-01-22 08:21:00','2025-01-22 13:53:15','2025-01-22 14:55:38','2025-01-22 17:21:08',2,1),(2387,23,2,'2025-01-27','2025-01-27 08:28:21','2025-01-27 12:46:14','2025-01-27 13:44:12','2025-01-27 17:43:29',2,1),(2390,23,2,'2025-01-28','2025-01-28 08:26:15','2025-01-28 12:45:08','2025-01-28 13:45:29','2025-01-28 17:42:59',2,1),(2393,33,2,'2025-01-29','2025-01-29 08:40:33',NULL,NULL,'2025-01-29 18:42:30',2,1),(2398,23,2,'2025-01-31','2025-01-31 08:25:15','2025-01-31 13:00:04','2025-01-31 13:58:10','2025-01-31 17:33:25',2,1),(2401,23,2,'2025-02-01','2025-02-01 08:25:19',NULL,NULL,'2025-02-01 16:59:16',2,1),(2404,23,2,'2025-02-02','2025-02-02 08:25:58',NULL,NULL,'2025-02-02 16:46:36',2,1),(2407,43,2,'2025-02-03','2025-02-03 08:29:48','2025-02-03 14:38:52','2025-02-03 15:32:05','2025-02-03 17:50:41',2,1),(2410,43,2,'2025-02-04','2025-02-04 08:30:42','2025-02-04 14:30:47','2025-02-04 15:30:24','2025-02-04 17:43:10',2,1),(2413,23,2,'2025-02-05','2025-02-05 08:27:57','2025-02-05 12:55:38','2025-02-05 13:51:46','2025-02-05 17:49:02',2,1),(2418,43,2,'2025-02-07','2025-02-07 08:24:28','2025-02-07 14:30:15','2025-02-07 15:32:37','2025-02-07 17:35:17',2,1),(2421,43,2,'2025-02-08','2025-02-08 08:23:42',NULL,NULL,'2025-02-08 16:33:21',2,1),(2424,43,2,'2025-02-09','2025-02-09 08:54:58',NULL,NULL,'2025-02-09 16:33:23',2,1),(2427,24,2,'2025-02-10','2025-02-10 08:06:32',NULL,NULL,'2025-02-10 14:50:24',2,1),(2430,24,2,'2025-02-11','2025-02-11 08:14:41','2025-02-11 13:12:20','2025-02-11 14:07:35','2025-02-11 16:15:24',2,1),(2433,43,2,'2025-02-12','2025-02-12 08:18:37',NULL,NULL,'2025-02-12 16:50:10',2,1),(2438,24,2,'2025-02-14','2025-02-14 08:18:07','2025-02-14 13:36:33','2025-02-14 14:31:14','2025-02-14 18:41:24',2,1),(2441,24,2,'2025-02-15','2025-02-15 08:21:53',NULL,NULL,'2025-02-15 16:04:12',2,1),(2444,24,2,'2025-02-16','2025-02-16 08:28:10',NULL,NULL,'2025-02-16 15:42:01',2,1),(2447,33,2,'2025-02-17','2025-02-17 07:57:56','2025-02-17 14:02:45','2025-02-17 16:30:05','2025-02-17 18:02:17',2,1),(2450,33,2,'2025-02-18','2025-02-18 09:38:18','2025-02-18 15:29:20','2025-02-18 15:29:21','2025-02-18 17:39:44',2,1),(2453,24,2,'2025-02-19','2025-02-19 08:14:30','2025-02-19 13:24:53','2025-02-19 14:18:00','2025-02-19 16:15:36',2,1),(2458,33,2,'2025-02-21','2025-02-21 08:57:14','2025-02-21 13:59:30','2025-02-21 14:55:12','2025-02-21 18:07:10',2,1),(2461,33,2,'2025-02-22','2025-02-22 08:44:28',NULL,NULL,'2025-02-22 18:13:17',2,1),(2464,33,2,'2025-02-23','2025-02-23 08:31:35',NULL,NULL,'2025-02-23 17:53:46',2,1),(2467,23,2,'2025-02-24','2025-02-24 08:26:36','2025-02-24 12:50:32','2025-02-24 13:48:52','2025-02-24 17:31:45',2,1),(2470,23,2,'2025-02-25','2025-02-25 08:27:15','2025-02-25 12:52:38','2025-02-25 13:51:56','2025-02-25 17:42:33',2,1),(2473,33,2,'2025-02-26','2025-02-26 09:04:59',NULL,NULL,'2025-02-26 18:31:15',2,1),(2478,23,2,'2025-02-28','2025-02-28 08:25:27','2025-02-28 13:00:20','2025-02-28 13:53:07','2025-02-28 17:46:58',2,1),(2481,23,2,'2025-03-01','2025-03-01 08:25:44',NULL,NULL,'2025-03-01 16:53:20',2,1),(2484,23,2,'2025-03-02','2025-03-02 08:25:36',NULL,NULL,'2025-03-02 17:25:08',2,1),(2487,43,2,'2025-03-03','2025-03-03 08:25:04',NULL,NULL,'2025-03-03 16:38:10',2,1),(2490,43,2,'2025-03-04','2025-03-04 08:23:33',NULL,NULL,'2025-03-04 16:30:33',2,1),(2493,23,2,'2025-03-05','2025-03-05 08:27:08','2025-03-05 13:01:43','2025-03-05 13:56:22','2025-03-05 17:38:49',2,1),(2498,43,2,'2025-03-07','2025-03-07 08:23:25','2025-03-07 14:30:17','2025-03-07 15:31:00','2025-03-07 17:31:48',2,1),(2501,43,2,'2025-03-08','2025-03-08 08:25:23',NULL,NULL,'2025-03-08 16:37:52',2,1),(2504,43,2,'2025-03-09','2025-03-09 08:26:42',NULL,NULL,'2025-03-09 16:34:21',2,1),(2507,24,2,'2025-03-10','2025-03-10 08:28:36','2025-03-10 12:38:58','2025-03-10 13:32:22','2025-03-10 15:59:36',2,1),(2510,24,2,'2025-03-11','2025-03-11 08:24:59','2025-03-11 13:04:49','2025-03-11 14:00:54','2025-03-11 16:41:14',2,1),(2513,43,2,'2025-03-12','2025-03-12 08:19:57','2025-03-12 14:34:39','2025-03-12 15:29:43','2025-03-12 17:31:31',2,1),(2518,24,2,'2025-03-14','2025-03-14 08:24:51','2025-03-14 14:14:21','2025-03-14 15:08:43','2025-03-14 17:08:21',2,1),(2522,24,2,'2025-03-15','2025-03-15 08:19:11',NULL,NULL,'2025-03-15 14:37:27',2,1),(2543,24,2,'2025-03-16','2025-03-16 08:00:48',NULL,NULL,'2025-03-16 15:19:11',2,1),(2546,33,2,'2025-03-17','2025-03-17 08:36:35','2025-03-17 14:48:52','2025-03-17 15:20:13','2025-03-17 17:48:22',2,1),(2549,33,2,'2025-03-18','2025-03-18 09:20:06',NULL,NULL,'2025-03-18 18:44:05',2,1),(2552,24,2,'2025-03-19','2025-03-19 08:33:39','2025-03-19 13:22:37','2025-03-19 14:09:59','2025-03-19 16:01:15',2,1),(2557,33,2,'2025-03-21','2025-03-21 08:31:36','2025-03-21 14:47:30','2025-03-21 15:29:36','2025-03-21 18:03:29',2,1),(2560,33,2,'2025-03-22','2025-03-22 09:48:18',NULL,NULL,'2025-03-22 20:12:12',2,1),(2563,33,2,'2025-03-23','2025-03-23 08:37:06',NULL,NULL,'2025-03-23 17:28:55',2,1),(2570,33,2,'2025-03-26','2025-03-26 09:31:25','2025-03-26 14:51:09','2025-03-26 15:37:01','2025-03-26 18:28:27',2,1),(2581,43,2,'2025-03-31','2025-03-31 09:26:26','2025-03-31 16:01:17','2025-03-31 17:00:43','2025-03-31 18:59:16',2,1),(2584,43,2,'2025-04-01','2025-04-01 09:25:42','2025-04-01 15:02:52','2025-04-01 16:02:14','2025-04-01 17:52:18',2,1),(2587,23,2,'2025-04-02','2025-04-02 08:26:26','2025-04-02 12:50:06','2025-04-02 13:45:46','2025-04-02 17:42:09',2,1),(2592,43,2,'2025-04-04','2025-04-04 08:16:09','2025-04-04 14:31:49','2025-04-04 15:30:41','2025-04-04 18:08:31',2,1),(2595,43,2,'2025-04-05','2025-04-05 08:21:38',NULL,NULL,'2025-04-05 17:17:16',2,1),(2598,43,2,'2025-04-06','2025-04-06 08:25:56',NULL,NULL,'2025-04-06 16:57:02',2,1),(2601,43,2,'2025-04-07','2025-04-07 08:20:06','2025-04-07 14:30:29','2025-04-07 15:31:00','2025-04-07 17:35:45',2,1),(2604,24,2,'2025-04-08','2025-04-08 08:36:45','2025-04-08 13:01:52','2025-04-08 13:57:12','2025-04-08 17:23:47',2,1),(2607,24,2,'2025-04-09','2025-04-09 08:23:22','2025-04-09 12:35:20','2025-04-09 13:30:16','2025-04-09 16:47:43',2,1),(2612,24,2,'2025-04-11','2025-04-11 08:23:51','2025-04-11 13:34:22','2025-04-11 14:43:43','2025-04-11 16:10:45',2,1),(2615,24,2,'2025-04-12','2025-04-12 08:23:21',NULL,NULL,'2025-04-12 16:34:56',2,1),(2618,24,2,'2025-04-13','2025-04-13 08:21:15',NULL,NULL,'2025-04-13 15:16:25',2,1),(2621,33,2,'2025-04-14','2025-04-14 08:51:22',NULL,NULL,'2025-04-14 21:16:32',2,1),(2624,33,2,'2025-04-15','2025-04-15 09:49:01',NULL,NULL,'2025-04-15 18:40:36',2,1),(2627,24,2,'2025-04-16','2025-04-16 08:12:31','2025-04-16 12:30:10','2025-04-16 13:28:26','2025-04-16 21:41:44',2,1),(2632,33,2,'2025-04-18','2025-04-18 09:37:10',NULL,NULL,'2025-04-18 17:35:40',2,1),(2635,33,2,'2025-04-19','2025-04-19 09:32:54',NULL,NULL,'2025-04-19 18:03:22',2,1),(2638,33,2,'2025-04-20','2025-04-20 08:33:58',NULL,NULL,'2025-04-20 17:38:33',2,1),(2641,23,2,'2025-04-21','2025-04-21 08:24:48','2025-04-21 12:45:10','2025-04-21 13:44:11','2025-04-21 17:37:58',2,1),(2644,23,2,'2025-04-22','2025-04-22 08:25:39','2025-04-22 13:01:55','2025-04-22 13:58:28','2025-04-22 17:53:52',2,1),(2647,33,2,'2025-04-23','2025-04-23 13:48:38',NULL,NULL,'2025-04-23 21:13:02',2,1),(2652,23,2,'2025-04-25','2025-04-25 08:22:15','2025-04-25 13:31:19','2025-04-25 14:28:08','2025-04-25 17:57:58',2,1),(2655,23,2,'2025-04-26','2025-04-26 08:26:12',NULL,NULL,'2025-04-26 16:56:06',2,1),(2658,23,2,'2025-04-27','2025-04-27 08:25:08',NULL,NULL,'2025-04-27 17:03:10',2,1),(2663,43,2,'2025-04-29','2025-04-29 08:16:25','2025-04-29 14:33:41','2025-04-29 14:33:43','2025-04-29 19:23:03',2,1),(2666,23,2,'2025-04-30','2025-04-30 08:26:31','2025-04-30 13:04:05','2025-04-30 13:55:49','2025-04-30 18:14:46',2,1),(2671,43,2,'2025-05-02','2025-05-02 08:21:09',NULL,NULL,'2025-05-02 17:04:24',2,1),(2674,24,2,'2025-05-03','2025-05-03 08:24:21',NULL,NULL,'2025-05-03 16:50:03',2,1),(2677,24,2,'2025-05-04','2025-05-04 08:23:27',NULL,NULL,'2025-05-04 17:56:46',2,1),(2684,43,2,'2025-05-07','2025-05-07 08:21:36','2025-05-07 14:43:29','2025-05-07 15:30:33','2025-05-07 17:38:23',2,1),(2695,33,2,'2025-05-12','2025-05-12 08:30:23',NULL,NULL,'2025-05-12 18:56:36',2,1),(2714,23,2,'2025-05-21','2025-05-21 08:25:46','2025-05-21 13:10:53','2025-05-21 14:07:31','2025-05-21 17:39:20',2,1),(2729,33,2,'2025-05-28','2025-05-28 08:58:17',NULL,NULL,'2025-05-28 22:47:16',2,1),(2744,24,2,'2025-06-04','2025-06-04 08:17:06','2025-06-04 12:40:29','2025-06-04 13:38:28','2025-06-04 16:16:32',2,1),(2759,23,2,'2025-06-11','2025-06-11 08:28:03',NULL,NULL,'2025-06-11 13:00:17',2,1),(2774,33,2,'2025-06-18','2025-06-18 09:56:19',NULL,NULL,'2025-06-18 18:09:32',2,1),(2789,24,2,'2025-06-25','2025-06-25 08:22:36','2025-06-25 13:15:20','2025-06-25 14:11:17','2025-06-25 15:33:24',2,1),(2804,23,2,'2025-07-02','2025-07-02 08:25:15','2025-07-02 12:47:52','2025-07-02 13:45:24','2025-07-02 17:32:24',2,1),(2819,33,2,'2025-07-09','2025-07-09 08:56:09',NULL,NULL,'2025-07-09 18:36:19',2,1),(2834,24,2,'2025-07-16','2025-07-16 08:17:24','2025-07-16 13:00:02','2025-07-16 13:58:29','2025-07-16 17:18:54',2,1),(2849,23,2,'2025-07-23','2025-07-23 08:27:13','2025-07-23 12:47:03','2025-07-23 13:45:28','2025-07-23 17:37:29',2,1),(2864,33,2,'2025-07-30','2025-07-30 09:51:03','2025-07-30 15:22:43','2025-07-30 16:19:00','2025-07-30 22:01:13',2,1),(2885,24,2,'2025-08-09','2025-08-09 17:25:35',NULL,NULL,'2025-08-09 17:25:53',2,1),(2894,23,2,'2025-08-13','2025-08-13 08:29:41','2025-08-13 13:04:14','2025-08-13 14:02:45','2025-08-13 17:31:20',2,1),(2899,43,2,'2025-08-15','2025-08-15 10:15:04','2025-08-15 15:02:01','2025-08-15 16:01:34','2025-08-15 17:42:51',2,1),(2902,43,2,'2025-08-16','2025-08-16 09:24:57',NULL,NULL,'2025-08-16 15:40:24',2,1),(2905,43,2,'2025-08-17','2025-08-17 09:14:33',NULL,NULL,'2025-08-17 15:35:20',2,1),(2908,43,2,'2025-08-18','2025-08-18 10:29:15','2025-08-18 15:03:14','2025-08-18 16:00:03','2025-08-18 18:05:50',2,1),(2911,43,2,'2025-08-19','2025-08-19 10:27:06','2025-08-19 15:32:25','2025-08-19 16:30:39','2025-08-19 17:34:12',2,1),(2914,33,2,'2025-08-20','2025-08-20 08:17:57',NULL,NULL,'2025-08-20 18:08:58',2,1),(2919,43,2,'2025-08-22','2025-08-22 10:23:14','2025-08-22 15:34:47','2025-08-22 16:33:50','2025-08-22 17:31:03',2,1),(2922,43,2,'2025-08-23','2025-08-23 09:23:44',NULL,NULL,'2025-08-23 16:00:15',2,1),(2925,43,2,'2025-08-24','2025-08-24 09:21:00',NULL,NULL,'2025-08-24 15:41:54',2,1),(2928,43,2,'2025-08-25','2025-08-25 10:26:40','2025-08-25 15:09:08','2025-08-25 15:39:32','2025-08-25 17:21:05',2,1),(2931,43,2,'2025-08-26','2025-08-26 08:26:23',NULL,NULL,'2025-08-26 14:34:56',2,1),(2934,24,2,'2025-08-27','2025-08-27 08:15:51','2025-08-27 12:38:16','2025-08-27 13:32:41','2025-08-27 17:18:03',2,1),(2939,43,2,'2025-08-29','2025-08-29 10:20:40','2025-08-29 15:30:17','2025-08-29 16:30:05','2025-08-29 17:32:22',2,1),(2942,43,2,'2025-08-30','2025-08-30 09:23:50',NULL,NULL,'2025-08-30 15:33:35',2,1),(2945,43,2,'2025-08-31','2025-08-31 09:21:47',NULL,NULL,'2025-08-31 15:32:18',2,1),(2948,43,2,'2025-09-01','2025-09-01 10:27:25','2025-09-01 15:47:45','2025-09-01 16:45:47','2025-09-01 17:39:15',2,1),(2951,43,2,'2025-09-02','2025-09-02 10:29:05','2025-09-02 15:34:43','2025-09-02 16:30:48','2025-09-02 17:39:01',2,1),(2954,23,2,'2025-09-03','2025-09-03 08:26:04','2025-09-03 12:50:06','2025-09-03 13:50:01','2025-09-03 17:41:47',2,1),(2959,43,2,'2025-09-05','2025-09-05 10:30:45',NULL,NULL,'2025-09-05 17:50:19',2,1),(2962,43,2,'2025-09-06','2025-09-06 09:28:35',NULL,NULL,'2025-09-06 18:24:45',2,1),(2965,43,2,'2025-09-07','2025-09-07 09:18:24',NULL,NULL,'2025-09-07 15:32:52',2,1),(2968,43,2,'2025-09-08','2025-09-08 10:09:18','2025-09-08 15:37:33','2025-09-08 16:30:24','2025-09-08 19:10:27',2,1),(2971,43,2,'2025-09-09','2025-09-09 10:25:35','2025-09-09 16:02:47','2025-09-09 18:14:18','2025-09-09 18:14:19',2,1),(2974,33,2,'2025-09-10','2025-09-10 11:53:20',NULL,NULL,'2025-09-10 18:19:40',2,1),(2987,43,2,'2025-09-16','2025-09-16 10:23:28',NULL,NULL,'2025-09-16 17:00:15',2,1),(2990,24,2,'2025-09-17','2025-09-17 08:26:32','2025-09-17 13:05:59','2025-09-17 13:59:00','2025-09-17 16:33:50',2,1),(2995,43,2,'2025-09-19','2025-09-19 10:27:45','2025-09-19 15:31:09','2025-09-19 16:30:06',NULL,1,0),(2998,43,2,'2025-09-20','2025-09-20 09:20:38',NULL,NULL,'2025-09-20 15:38:30',2,1),(3001,43,2,'2025-09-21','2025-09-21 09:24:46',NULL,NULL,'2025-09-21 15:30:27',2,1),(3004,43,2,'2025-09-22','2025-09-22 10:21:18','2025-09-22 15:45:34','2025-09-22 16:45:37','2025-09-22 17:30:21',2,1),(3007,43,2,'2025-09-23','2025-09-23 10:21:22','2025-09-23 16:14:45','2025-09-23 17:12:25','2025-09-23 18:30:18',2,1),(3010,23,2,'2025-09-24','2025-09-24 08:29:42','2025-09-24 13:01:45','2025-09-24 14:01:47','2025-09-24 17:45:14',2,1),(3015,43,2,'2025-09-26','2025-09-26 10:35:14','2025-09-26 15:46:50','2025-09-26 16:47:53','2025-09-26 17:42:34',2,1),(3018,43,2,'2025-09-27','2025-09-27 09:22:49',NULL,NULL,'2025-09-27 15:36:56',2,1),(3021,43,2,'2025-09-28','2025-09-28 09:23:40',NULL,NULL,'2025-09-28 16:10:18',2,1),(3024,43,2,'2025-09-29','2025-09-29 10:20:33','2025-09-29 15:46:09','2025-09-29 16:44:55','2025-09-29 17:30:13',2,1),(3027,43,2,'2025-09-30','2025-09-30 10:17:38','2025-09-30 15:46:49','2025-09-30 16:45:59','2025-09-30 17:33:51',2,1),(3030,33,2,'2025-10-01','2025-10-01 10:03:55',NULL,NULL,'2025-10-01 18:08:22',2,1),(3035,43,2,'2025-10-03','2025-10-03 10:27:49',NULL,NULL,'2025-10-03 17:40:14',2,1),(3038,43,2,'2025-10-04','2025-10-04 09:25:53',NULL,NULL,'2025-10-04 15:38:44',2,1),(3041,43,2,'2025-10-05','2025-10-05 09:25:01',NULL,NULL,'2025-10-05 15:31:45',2,1),(3044,43,2,'2025-10-06','2025-10-06 10:20:45',NULL,NULL,'2025-10-06 16:40:38',2,1),(3047,43,2,'2025-10-07','2025-10-07 10:20:34',NULL,NULL,'2025-10-07 16:31:00',2,1),(3050,24,2,'2025-10-08','2025-10-08 08:22:18','2025-10-08 13:24:58','2025-10-08 14:21:28','2025-10-08 16:04:53',2,1),(3057,43,2,'2025-10-11','2025-10-11 09:23:56',NULL,NULL,'2025-10-11 15:35:20',2,1),(3060,43,2,'2025-10-12','2025-10-12 09:24:09',NULL,NULL,'2025-10-12 15:35:03',2,1),(3063,43,2,'2025-10-13','2025-10-13 10:22:58','2025-10-13 15:45:16','2025-10-13 16:46:32','2025-10-13 19:34:15',2,1),(3066,43,2,'2025-10-14','2025-10-14 10:21:43','2025-10-14 15:45:43','2025-10-14 16:34:49','2025-10-14 17:38:22',2,1),(3069,23,2,'2025-10-15','2025-10-15 08:24:48','2025-10-15 12:49:01','2025-10-15 13:49:24','2025-10-15 18:00:35',2,1),(3074,43,2,'2025-10-17','2025-10-17 10:21:41','2025-10-17 15:47:25','2025-10-17 16:45:34','2025-10-17 17:30:22',2,1),(3077,43,2,'2025-10-18','2025-10-18 09:20:56',NULL,NULL,'2025-10-18 15:46:41',2,1),(3080,43,2,'2025-10-19','2025-10-19 09:23:04',NULL,NULL,'2025-10-19 15:51:24',2,1),(3083,43,2,'2025-10-20','2025-10-20 10:22:33','2025-10-20 15:45:42','2025-10-20 16:50:12','2025-10-20 18:17:17',2,1),(3086,43,2,'2025-10-21','2025-10-21 10:21:21','2025-10-21 16:01:31','2025-10-21 17:20:22','2025-10-21 18:30:29',2,1),(3089,33,2,'2025-10-22','2025-10-22 11:38:53',NULL,NULL,'2025-10-22 17:21:12',2,1),(3094,43,2,'2025-10-24','2025-10-24 10:23:12',NULL,NULL,'2025-10-24 17:03:16',2,1),(3097,43,2,'2025-10-25','2025-10-25 09:24:12',NULL,NULL,'2025-10-25 16:29:57',2,1),(3100,43,2,'2025-10-26','2025-10-26 08:25:07',NULL,NULL,'2025-10-26 15:20:03',2,1),(3103,43,2,'2025-10-27','2025-10-27 09:25:04',NULL,NULL,'2025-10-27 17:04:35',2,1),(3106,43,2,'2025-10-28','2025-10-28 09:27:56',NULL,NULL,'2025-10-28 15:57:05',2,1),(3109,24,2,'2025-10-29','2025-10-29 07:25:31',NULL,NULL,'2025-10-29 14:22:59',2,1),(3114,43,2,'2025-10-31','2025-10-31 09:22:21',NULL,NULL,'2025-10-31 17:24:08',2,1),(3117,43,2,'2025-11-01','2025-11-01 08:14:37',NULL,NULL,'2025-11-01 16:04:04',2,1),(3120,43,2,'2025-11-02','2025-11-02 08:26:40',NULL,NULL,'2025-11-02 15:15:44',2,1),(3123,43,2,'2025-11-03','2025-11-03 09:27:29',NULL,NULL,'2025-11-03 15:49:47',2,1),(3126,43,2,'2025-11-04','2025-11-04 09:18:37',NULL,NULL,NULL,1,0),(3129,23,2,'2025-11-05','2025-11-05 11:58:56',NULL,NULL,'2025-11-05 17:41:01',2,1),(3134,43,2,'2025-11-07','2025-11-07 09:23:44','2025-11-07 14:34:01','2025-11-07 15:32:48','2025-11-07 16:43:35',2,1),(3137,43,2,'2025-11-08','2025-11-08 08:26:23',NULL,NULL,'2025-11-08 14:47:47',2,1),(3140,43,2,'2025-11-09','2025-11-09 08:20:57',NULL,NULL,'2025-11-09 15:04:57',2,1),(3143,43,2,'2025-11-10','2025-11-10 09:16:15','2025-11-10 14:42:36','2025-11-10 15:35:03','2025-11-10 17:25:16',2,1),(3146,43,2,'2025-11-11','2025-11-11 09:20:50','2025-11-11 15:04:00','2025-11-11 16:00:10','2025-11-11 16:51:40',2,1),(3150,33,2,'2025-11-12','2025-11-13 00:36:04',NULL,NULL,'2025-11-13 01:25:23',2,1),(3154,43,2,'2025-11-14','2025-11-14 09:24:03',NULL,NULL,'2025-11-14 19:24:34',2,1),(3157,43,2,'2025-11-15','2025-11-15 08:13:45',NULL,NULL,'2025-11-15 14:45:38',2,1),(3160,43,2,'2025-11-16','2025-11-16 08:19:24',NULL,NULL,'2025-11-16 14:30:06',2,1),(3163,43,2,'2025-11-17','2025-11-17 09:21:34',NULL,NULL,'2025-11-17 17:07:46',2,1),(3165,43,2,'2025-11-18','2025-11-18 09:19:33',NULL,NULL,'2025-11-18 16:37:21',2,1),(3168,24,2,'2025-11-19','2025-11-19 07:20:49',NULL,NULL,'2025-11-19 15:54:30',2,1),(3173,43,2,'2025-11-21','2025-11-21 10:21:40',NULL,NULL,'2025-11-21 16:33:27',2,1),(3176,43,2,'2025-11-22','2025-11-22 09:18:43',NULL,NULL,NULL,1,0),(3179,43,2,'2025-11-23','2025-11-23 09:27:47',NULL,NULL,'2025-11-23 15:57:17',2,1),(3182,43,2,'2025-11-24','2025-11-24 10:21:05','2025-11-24 15:38:57','2025-11-24 16:41:57','2025-11-24 17:54:30',2,1),(3185,43,2,'2025-11-25','2025-11-25 10:27:09',NULL,NULL,'2025-11-25 18:15:23',2,1),(3188,23,2,'2025-11-26','2025-11-26 08:27:43','2025-11-26 13:03:06','2025-11-26 14:00:05','2025-11-26 17:56:18',2,1),(3193,43,2,'2025-11-28','2025-11-28 10:26:34','2025-11-28 15:32:03',NULL,'2025-11-28 17:56:22',2,1),(3196,43,2,'2025-11-29','2025-11-29 09:25:48',NULL,NULL,'2025-11-29 15:44:51',2,1),(3199,43,2,'2025-11-30','2025-11-30 09:25:08',NULL,NULL,'2025-11-30 16:01:51',2,1),(3202,43,2,'2025-12-01','2025-12-01 10:20:31','2025-12-01 16:00:27',NULL,'2025-12-01 18:10:29',2,1),(3205,43,2,'2025-12-02','2025-12-02 10:30:14','2025-12-02 15:33:15','2025-12-02 16:29:23','2025-12-02 17:56:06',2,1),(3208,33,2,'2025-12-03','2025-12-03 08:39:16',NULL,NULL,'2025-12-03 18:47:39',2,1),(3213,43,2,'2025-12-05','2025-12-05 10:25:32',NULL,NULL,'2025-12-05 17:12:41',2,1),(3216,43,2,'2025-12-06','2025-12-06 09:26:46',NULL,NULL,'2025-12-06 15:58:22',2,1),(3219,43,2,'2025-12-07','2025-12-07 09:17:54',NULL,NULL,'2025-12-07 16:15:25',2,1),(3224,43,2,'2025-12-09','2025-12-09 10:24:49',NULL,NULL,'2025-12-09 18:16:14',2,1),(3227,24,2,'2025-12-10','2025-12-10 08:26:06','2025-12-10 14:34:59','2025-12-10 18:01:40','2025-12-10 18:01:41',2,1),(3232,43,2,'2025-12-12','2025-12-12 10:23:28','2025-12-12 15:36:02','2025-12-12 16:34:59','2025-12-12 18:18:00',2,1),(3235,43,2,'2025-12-13','2025-12-13 09:27:25',NULL,NULL,'2025-12-13 15:31:05',2,1),(3238,43,2,'2025-12-14','2025-12-14 09:22:06',NULL,NULL,'2025-12-14 16:03:20',2,1),(3241,43,2,'2025-12-15','2025-12-15 10:26:06','2025-12-15 15:31:20',NULL,'2025-12-15 16:31:19',2,1),(3244,43,2,'2025-12-16','2025-12-16 10:27:47','2025-12-16 15:33:41','2025-12-16 16:29:20','2025-12-16 17:58:35',2,1),(3247,23,2,'2025-12-17','2025-12-17 08:26:02','2025-12-17 13:00:22','2025-12-17 14:00:18','2025-12-17 17:54:53',2,1),(3252,43,2,'2025-12-19','2025-12-19 10:27:42','2025-12-19 15:37:56','2025-12-19 16:38:52','2025-12-19 18:16:50',2,1),(3255,43,2,'2025-12-20','2025-12-20 09:26:58',NULL,NULL,'2025-12-20 16:19:41',2,1),(3258,43,2,'2025-12-21','2025-12-21 09:22:16',NULL,NULL,'2025-12-21 15:56:48',2,1),(3261,33,2,'2025-12-22','2025-12-22 10:56:08',NULL,NULL,'2025-12-22 21:20:33',2,1),(3264,33,2,'2025-12-23','2025-12-23 10:16:17',NULL,NULL,'2025-12-23 18:33:25',2,1),(3267,43,2,'2025-12-24','2025-12-24 10:21:47',NULL,NULL,'2025-12-24 18:15:31',2,1),(3272,33,2,'2025-12-26','2025-12-26 13:27:44',NULL,NULL,'2025-12-26 19:11:55',2,1),(3275,33,2,'2025-12-27','2025-12-27 10:25:12',NULL,NULL,'2025-12-28 09:25:54',2,1),(3278,33,2,'2025-12-28','2025-12-28 09:45:45',NULL,NULL,'2025-12-29 08:38:32',2,1),(3283,24,2,'2025-12-30','2025-12-30 08:26:28','2025-12-30 16:29:22','2025-12-30 17:56:45','2025-12-30 17:56:49',2,1),(3286,33,2,'2025-12-31','2025-12-31 09:49:39',NULL,NULL,'2025-12-31 20:15:52',2,1),(3291,24,2,'2026-01-02','2026-01-02 08:18:50',NULL,NULL,'2026-01-02 16:44:40',2,1),(3294,24,2,'2026-01-03','2026-01-03 09:09:56',NULL,NULL,'2026-01-03 17:39:33',2,1),(3297,24,2,'2026-01-04','2026-01-04 08:25:57',NULL,NULL,'2026-01-04 17:32:09',2,1),(3300,23,2,'2026-01-05','2026-01-05 08:27:40','2026-01-05 12:48:24','2026-01-05 13:47:25','2026-01-05 18:03:51',2,1),(3303,23,2,'2026-01-06','2026-01-06 08:25:02','2026-01-06 12:48:43','2026-01-06 13:46:53',NULL,1,0),(30,23,3,'2022-10-01','2022-10-01 17:58:59',NULL,NULL,'2022-10-02 00:34:40',2,1),(33,23,3,'2022-10-02','2022-10-02 16:32:54',NULL,NULL,'2022-10-03 00:59:30',2,1),(36,23,3,'2022-10-03','2022-10-03 16:32:23',NULL,NULL,'2022-10-04 00:31:06',2,1),(39,23,3,'2022-10-04','2022-10-04 16:33:13',NULL,NULL,'2022-10-05 00:43:01',2,1),(42,23,3,'2022-10-05','2022-10-05 16:32:48',NULL,NULL,'2022-10-06 00:42:04',2,1),(45,24,3,'2022-10-06','2022-10-06 16:54:38',NULL,NULL,'2022-10-07 01:04:02',2,1),(47,23,3,'2022-10-07','2022-10-07 16:39:36',NULL,NULL,'2022-10-08 00:57:48',2,1),(49,26,3,'2022-10-08','2022-10-08 16:29:49',NULL,NULL,'2022-10-09 00:31:31',2,1),(51,26,3,'2022-10-09','2022-10-09 16:28:44',NULL,NULL,'2022-10-10 00:38:11',2,1),(53,26,3,'2022-10-10','2022-10-10 16:29:40',NULL,NULL,'2022-10-11 00:31:45',2,1),(78,26,3,'2022-10-11','2022-10-11 20:08:32',NULL,NULL,'2022-10-12 00:39:33',2,1),(83,26,3,'2022-10-12','2022-10-12 20:12:05',NULL,NULL,'2022-10-13 02:03:25',2,1),(92,24,3,'2022-10-13','2022-10-13 17:05:12',NULL,NULL,'2022-10-14 00:37:04',2,1),(107,24,3,'2022-10-14','2022-10-14 16:32:21',NULL,NULL,'2022-10-15 01:43:09',2,1),(109,24,3,'2022-10-15','2022-10-15 19:56:24',NULL,NULL,'2022-10-16 01:10:52',2,1),(111,24,3,'2022-10-16','2022-10-16 16:43:46',NULL,NULL,'2022-10-17 01:42:00',2,1),(114,24,3,'2022-10-17','2022-10-17 17:49:10',NULL,NULL,'2022-10-18 00:46:30',2,1),(117,24,3,'2022-10-18','2022-10-18 17:33:34',NULL,NULL,'2022-10-19 00:31:14',2,1),(120,24,3,'2022-10-19','2022-10-19 17:14:45',NULL,NULL,'2022-10-20 00:54:54',2,1),(123,23,3,'2022-10-20','2022-10-20 16:33:30',NULL,NULL,'2022-10-21 00:37:04',2,1),(126,23,3,'2022-10-21','2022-10-21 16:48:01',NULL,NULL,'2022-10-22 00:38:16',2,1),(128,23,3,'2022-10-22','2022-10-22 16:32:45',NULL,NULL,'2022-10-23 00:42:59',2,1),(130,23,3,'2022-10-23','2022-10-23 16:35:25',NULL,NULL,'2022-10-24 00:30:13',2,1),(133,33,3,'2022-10-24','2022-10-24 16:38:38',NULL,NULL,'2022-10-25 00:39:11',2,1),(136,33,3,'2022-10-25','2022-10-25 16:43:04',NULL,NULL,'2022-10-26 00:44:59',2,1),(139,33,3,'2022-10-26','2022-10-26 16:36:08',NULL,NULL,'2022-10-27 00:32:16',2,1),(141,23,3,'2022-10-27','2022-10-27 16:35:11',NULL,NULL,'2022-10-28 00:33:05',2,1),(144,23,3,'2022-10-28','2022-10-28 16:32:13',NULL,NULL,'2022-10-29 00:49:23',2,1),(147,23,3,'2022-10-29','2022-10-29 16:34:04',NULL,NULL,'2022-10-29 23:36:42',2,1),(150,23,3,'2022-10-30','2022-10-30 15:40:15',NULL,NULL,'2022-10-30 23:49:17',2,1),(153,23,3,'2022-10-31','2022-10-31 16:33:54',NULL,NULL,'2022-11-01 00:37:53',2,1),(156,23,3,'2022-11-01','2022-11-01 16:52:23',NULL,NULL,'2022-11-02 00:43:49',2,1),(159,23,3,'2022-11-02','2022-11-02 16:35:14',NULL,NULL,'2022-11-03 00:41:51',2,1),(161,26,3,'2022-11-03','2022-11-03 16:52:28',NULL,NULL,'2022-11-04 00:47:13',2,1),(164,26,3,'2022-11-04','2022-11-04 16:35:31',NULL,NULL,'2022-11-05 00:31:50',2,1),(167,26,3,'2022-11-05','2022-11-05 16:41:01',NULL,NULL,'2022-11-06 00:33:12',2,1),(170,26,3,'2022-11-06','2022-11-06 16:51:23',NULL,NULL,'2022-11-07 00:35:02',2,1),(173,26,3,'2022-11-07','2022-11-07 16:29:46',NULL,NULL,'2022-11-08 00:38:00',2,1),(176,26,3,'2022-11-08','2022-11-08 16:34:31',NULL,NULL,NULL,1,0),(179,26,3,'2022-11-09','2022-11-09 16:48:53',NULL,NULL,'2022-11-10 00:40:24',2,1),(181,24,3,'2022-11-10','2022-11-10 16:33:25',NULL,NULL,'2022-11-11 00:37:06',2,1),(184,24,3,'2022-11-11','2022-11-11 17:05:09',NULL,NULL,'2022-11-12 01:32:45',2,1),(187,24,3,'2022-11-12','2022-11-12 16:42:23',NULL,NULL,'2022-11-13 00:38:02',2,1),(190,24,3,'2022-11-13','2022-11-13 16:56:35',NULL,NULL,'2022-11-14 00:37:59',2,1),(193,24,3,'2022-11-14','2022-11-14 16:50:41',NULL,NULL,'2022-11-15 00:31:22',2,1),(196,24,3,'2022-11-15','2022-11-15 16:38:04',NULL,NULL,'2022-11-16 00:47:35',2,1),(199,24,3,'2022-11-16','2022-11-16 16:33:31',NULL,NULL,'2022-11-17 00:33:32',2,1),(201,33,3,'2022-11-17','2022-11-17 16:44:32',NULL,NULL,'2022-11-18 02:12:03',2,1),(204,33,3,'2022-11-18','2022-11-18 16:37:52',NULL,NULL,'2022-11-19 00:51:08',2,1),(207,33,3,'2022-11-19','2022-11-19 16:31:15',NULL,NULL,'2022-11-20 00:38:54',2,1),(210,33,3,'2022-11-20','2022-11-20 16:41:56',NULL,NULL,'2022-11-21 02:25:27',2,1),(213,33,3,'2022-11-21','2022-11-21 16:30:04',NULL,NULL,'2022-11-22 00:46:07',2,1),(216,33,3,'2022-11-22','2022-11-22 16:32:44',NULL,NULL,'2022-11-23 00:53:53',2,1),(219,33,3,'2022-11-23','2022-11-23 16:35:23',NULL,NULL,'2022-11-24 00:29:22',2,1),(221,23,3,'2022-11-24','2022-11-24 16:40:45',NULL,NULL,'2022-11-25 00:40:15',2,1),(224,23,3,'2022-11-25','2022-11-25 16:34:23',NULL,NULL,'2022-11-26 00:57:35',2,1),(227,23,3,'2022-11-26','2022-11-26 16:32:04',NULL,NULL,'2022-11-27 00:45:28',2,1),(230,23,3,'2022-11-27','2022-11-27 16:33:55',NULL,NULL,'2022-11-28 00:36:21',2,1),(233,23,3,'2022-11-28','2022-11-28 16:31:15',NULL,NULL,'2022-11-29 00:35:37',2,1),(236,23,3,'2022-11-29','2022-11-29 16:34:47',NULL,NULL,'2022-11-30 00:38:33',2,1),(239,23,3,'2022-11-30','2022-11-30 16:33:12',NULL,NULL,'2022-12-01 00:36:08',2,1),(241,26,3,'2022-12-01','2022-12-01 16:38:04',NULL,NULL,'2022-12-02 00:54:09',2,1),(244,26,3,'2022-12-02','2022-12-02 16:41:53',NULL,NULL,'2022-12-03 00:44:23',2,1),(247,26,3,'2022-12-03','2022-12-03 16:38:33',NULL,NULL,'2022-12-04 00:34:25',2,1),(250,26,3,'2022-12-04','2022-12-04 17:44:44',NULL,NULL,'2022-12-05 00:34:54',2,1),(253,26,3,'2022-12-05','2022-12-05 16:35:44',NULL,NULL,'2022-12-06 00:37:39',2,1),(256,26,3,'2022-12-06','2022-12-06 16:51:22',NULL,NULL,'2022-12-07 00:42:10',2,1),(259,26,3,'2022-12-07','2022-12-07 18:04:53',NULL,NULL,'2022-12-08 00:56:58',2,1),(261,24,3,'2022-12-08','2022-12-08 16:29:43',NULL,NULL,'2022-12-09 01:06:13',2,1),(264,24,3,'2022-12-09','2022-12-09 16:51:17',NULL,NULL,'2022-12-10 01:52:08',2,1),(267,24,3,'2022-12-10','2022-12-10 16:37:40',NULL,NULL,'2022-12-11 00:49:08',2,1),(270,24,3,'2022-12-11','2022-12-11 16:42:05',NULL,NULL,'2022-12-12 00:49:08',2,1),(273,24,3,'2022-12-12','2022-12-12 16:29:22',NULL,NULL,'2022-12-13 00:33:35',2,1),(276,24,3,'2022-12-13','2022-12-13 16:31:05',NULL,NULL,'2022-12-14 00:40:07',2,1),(279,24,3,'2022-12-14','2022-12-14 16:37:51',NULL,NULL,'2022-12-15 00:32:59',2,1),(281,33,3,'2022-12-15','2022-12-15 17:56:20',NULL,NULL,'2022-12-16 01:11:44',2,1),(284,33,3,'2022-12-16','2022-12-16 17:26:47',NULL,NULL,'2022-12-17 01:41:25',2,1),(287,33,3,'2022-12-17','2022-12-17 16:28:29',NULL,NULL,'2022-12-18 00:56:16',2,1),(290,33,3,'2022-12-18','2022-12-18 16:30:39',NULL,NULL,'2022-12-19 00:43:49',2,1),(293,33,3,'2022-12-19','2022-12-19 16:08:14',NULL,NULL,'2022-12-20 00:30:26',2,1),(296,33,3,'2022-12-20','2022-12-20 16:34:44',NULL,NULL,'2022-12-21 00:35:01',2,1),(299,33,3,'2022-12-21','2022-12-21 16:42:56',NULL,NULL,'2022-12-22 00:39:42',2,1),(301,23,3,'2022-12-22','2022-12-22 16:31:34',NULL,NULL,'2022-12-23 00:41:28',2,1),(304,23,3,'2022-12-23','2022-12-23 16:37:13',NULL,NULL,'2022-12-24 00:39:19',2,1),(307,23,3,'2022-12-24','2022-12-24 16:39:48',NULL,NULL,'2022-12-25 00:30:01',2,1),(310,23,3,'2022-12-25','2022-12-25 16:32:34',NULL,NULL,'2022-12-26 00:41:48',2,1),(313,23,3,'2022-12-26','2022-12-26 16:30:46',NULL,NULL,'2022-12-27 00:34:00',2,1),(316,23,3,'2022-12-27','2022-12-27 16:34:10',NULL,NULL,'2022-12-28 00:45:12',2,1),(319,23,3,'2022-12-28','2022-12-28 16:31:26',NULL,NULL,'2022-12-29 00:46:11',2,1),(321,26,3,'2022-12-29','2022-12-29 16:42:42',NULL,NULL,'2022-12-30 00:33:19',2,1),(324,26,3,'2022-12-30','2022-12-30 16:55:57',NULL,NULL,'2022-12-31 00:38:47',2,1),(327,26,3,'2022-12-31','2022-12-31 16:48:13',NULL,NULL,'2023-01-01 00:40:15',2,1),(330,26,3,'2023-01-01','2023-01-01 16:46:10',NULL,NULL,'2023-01-02 00:41:39',2,1),(333,26,3,'2023-01-02','2023-01-02 16:34:28',NULL,NULL,'2023-01-03 00:35:09',2,1),(336,26,3,'2023-01-03','2023-01-03 16:41:40',NULL,NULL,'2023-01-04 00:56:24',2,1),(339,26,3,'2023-01-04','2023-01-04 16:57:34',NULL,NULL,'2023-01-05 01:18:01',2,1),(341,24,3,'2023-01-05','2023-01-05 17:32:38',NULL,NULL,'2023-01-06 01:18:38',2,1),(344,24,3,'2023-01-06','2023-01-06 16:59:42',NULL,NULL,'2023-01-07 01:24:05',2,1),(347,24,3,'2023-01-07','2023-01-07 16:39:10',NULL,NULL,'2023-01-08 01:51:00',2,1),(350,24,3,'2023-01-08','2023-01-08 16:53:14',NULL,NULL,'2023-01-09 00:48:49',2,1),(353,24,3,'2023-01-09','2023-01-09 16:40:16',NULL,NULL,'2023-01-10 02:11:51',2,1),(356,24,3,'2023-01-10','2023-01-10 16:25:55',NULL,NULL,'2023-01-11 02:01:43',2,1),(359,24,3,'2023-01-11','2023-01-11 16:45:37',NULL,NULL,'2023-01-12 01:12:55',2,1),(361,33,3,'2023-01-12','2023-01-12 16:41:32',NULL,NULL,'2023-01-12 22:05:00',2,1),(364,33,3,'2023-01-13','2023-01-13 16:26:58',NULL,NULL,'2023-01-14 00:46:48',2,1),(367,33,3,'2023-01-14','2023-01-14 16:24:52',NULL,NULL,'2023-01-15 00:51:26',2,1),(370,33,3,'2023-01-15','2023-01-15 16:35:01',NULL,NULL,'2023-01-16 00:41:50',2,1),(373,33,3,'2023-01-16','2023-01-16 16:17:14',NULL,NULL,'2023-01-17 01:24:25',2,1),(376,33,3,'2023-01-17','2023-01-17 16:25:34',NULL,NULL,'2023-01-18 01:18:49',2,1),(379,33,3,'2023-01-18','2023-01-18 16:54:13',NULL,NULL,'2023-01-19 01:38:22',2,1),(381,23,3,'2023-01-19','2023-01-19 16:33:12',NULL,NULL,'2023-01-20 00:47:18',2,1),(384,23,3,'2023-01-20','2023-01-20 16:32:06',NULL,NULL,'2023-01-21 00:59:32',2,1),(387,23,3,'2023-01-21','2023-01-21 16:31:16',NULL,NULL,'2023-01-22 00:34:20',2,1),(390,23,3,'2023-01-22','2023-01-22 16:31:15',NULL,NULL,'2023-01-23 00:56:10',2,1),(393,23,3,'2023-01-23','2023-01-23 16:30:44',NULL,NULL,'2023-01-24 00:43:35',2,1),(396,23,3,'2023-01-24','2023-01-24 16:32:04',NULL,NULL,'2023-01-25 00:50:01',2,1),(399,23,3,'2023-01-25','2023-01-25 16:32:01',NULL,NULL,'2023-01-26 00:44:27',2,1),(401,26,3,'2023-01-26','2023-01-26 16:48:44',NULL,NULL,'2023-01-27 00:56:30',2,1),(404,26,3,'2023-01-27','2023-01-27 17:09:41',NULL,NULL,'2023-01-28 00:44:40',2,1),(407,26,3,'2023-01-28','2023-01-28 16:46:34',NULL,NULL,'2023-01-29 00:38:46',2,1),(410,26,3,'2023-01-29','2023-01-29 16:47:24',NULL,NULL,'2023-01-30 00:37:54',2,1),(414,26,3,'2023-01-30','2023-01-30 16:47:35',NULL,NULL,'2023-01-31 00:47:28',2,1),(417,26,3,'2023-01-31','2023-01-31 16:45:41',NULL,NULL,'2023-02-01 00:39:39',2,1),(420,26,3,'2023-02-01','2023-02-01 16:38:34',NULL,NULL,'2023-02-02 00:34:04',2,1),(422,24,3,'2023-02-02','2023-02-02 16:43:38',NULL,NULL,'2023-02-03 00:39:17',2,1),(425,24,3,'2023-02-03','2023-02-03 16:34:48',NULL,NULL,'2023-02-04 01:28:51',2,1),(428,24,3,'2023-02-04','2023-02-04 17:27:35',NULL,NULL,'2023-02-05 01:18:07',2,1),(431,24,3,'2023-02-05','2023-02-05 16:36:13',NULL,NULL,'2023-02-06 00:37:36',2,1),(434,24,3,'2023-02-06','2023-02-06 16:36:06',NULL,NULL,'2023-02-07 01:10:36',2,1),(437,24,3,'2023-02-07','2023-02-07 16:38:22',NULL,NULL,'2023-02-08 01:05:35',2,1),(440,24,3,'2023-02-08','2023-02-08 16:47:48',NULL,NULL,'2023-02-09 00:40:49',2,1),(442,33,3,'2023-02-09','2023-02-09 16:28:00',NULL,NULL,'2023-02-10 00:30:42',2,1),(445,33,3,'2023-02-10','2023-02-10 16:37:50',NULL,NULL,'2023-02-11 00:51:10',2,1),(448,33,3,'2023-02-11','2023-02-11 16:28:26',NULL,NULL,'2023-02-12 00:42:31',2,1),(451,33,3,'2023-02-12','2023-02-12 16:24:37',NULL,NULL,'2023-02-13 00:28:13',2,1),(454,33,3,'2023-02-13','2023-02-13 16:34:43',NULL,NULL,'2023-02-14 00:36:30',2,1),(457,33,3,'2023-02-14','2023-02-14 16:34:29',NULL,NULL,'2023-02-15 01:50:49',2,1),(460,33,3,'2023-02-15','2023-02-15 16:31:25',NULL,NULL,'2023-02-16 01:04:47',2,1),(462,23,3,'2023-02-16','2023-02-16 16:31:26',NULL,NULL,'2023-02-17 01:04:26',2,1),(465,23,3,'2023-02-17','2023-02-17 16:32:39',NULL,NULL,'2023-02-18 00:43:10',2,1),(468,23,3,'2023-02-18','2023-02-18 16:31:13',NULL,NULL,'2023-02-19 00:36:53',2,1),(471,23,3,'2023-02-19','2023-02-19 16:30:27',NULL,NULL,'2023-02-20 00:44:47',2,1),(474,23,3,'2023-02-20','2023-02-20 16:30:31',NULL,NULL,'2023-02-21 01:02:59',2,1),(477,23,3,'2023-02-21','2023-02-21 16:31:55',NULL,NULL,'2023-02-22 00:44:48',2,1),(480,23,3,'2023-02-22','2023-02-22 16:31:49',NULL,NULL,'2023-02-23 00:50:53',2,1),(482,26,3,'2023-02-23','2023-02-23 16:52:13',NULL,NULL,'2023-02-24 00:38:03',2,1),(485,26,3,'2023-02-24','2023-02-24 16:40:58',NULL,NULL,'2023-02-25 00:38:56',2,1),(488,26,3,'2023-02-25','2023-02-25 16:44:56',NULL,NULL,'2023-02-26 00:41:43',2,1),(491,26,3,'2023-02-26','2023-02-26 16:50:19',NULL,NULL,'2023-02-27 00:34:17',2,1),(494,26,3,'2023-02-27','2023-02-27 16:49:50',NULL,NULL,'2023-02-28 01:29:04',2,1),(497,26,3,'2023-02-28','2023-02-28 17:05:35',NULL,NULL,'2023-03-01 00:37:27',2,1),(500,26,3,'2023-03-01','2023-03-01 17:08:28',NULL,NULL,'2023-03-02 00:36:32',2,1),(502,24,3,'2023-03-02','2023-03-02 16:38:51',NULL,NULL,'2023-03-03 00:48:37',2,1),(505,24,3,'2023-03-03','2023-03-03 17:18:22',NULL,NULL,'2023-03-04 01:18:55',2,1),(508,24,3,'2023-03-04','2023-03-04 16:35:29',NULL,NULL,'2023-03-05 00:50:46',2,1),(511,24,3,'2023-03-05','2023-03-05 19:55:49',NULL,NULL,'2023-03-06 00:46:05',2,1),(513,24,3,'2023-03-06','2023-03-06 17:23:25',NULL,NULL,'2023-03-07 01:51:44',2,1),(515,24,3,'2023-03-07','2023-03-07 17:00:39',NULL,NULL,'2023-03-08 00:58:23',2,1),(518,24,3,'2023-03-08','2023-03-08 16:45:30',NULL,NULL,'2023-03-09 01:19:21',2,1),(520,33,3,'2023-03-09','2023-03-09 16:32:16',NULL,NULL,'2023-03-10 00:41:57',2,1),(522,33,3,'2023-03-10','2023-03-10 16:07:24',NULL,NULL,'2023-03-11 00:49:50',2,1),(524,33,3,'2023-03-11','2023-03-11 16:21:56',NULL,NULL,'2023-03-12 00:39:06',2,1),(526,33,3,'2023-03-12','2023-03-12 16:23:25',NULL,NULL,'2023-03-13 00:40:28',2,1),(529,33,3,'2023-03-13','2023-03-13 16:22:42',NULL,NULL,'2023-03-14 00:36:35',2,1),(532,33,3,'2023-03-14','2023-03-14 16:35:21',NULL,NULL,'2023-03-15 00:54:20',2,1),(535,33,3,'2023-03-15','2023-03-15 16:14:35',NULL,NULL,'2023-03-16 00:36:12',2,1),(537,23,3,'2023-03-16','2023-03-16 16:31:40',NULL,NULL,'2023-03-17 00:49:59',2,1),(540,23,3,'2023-03-17','2023-03-17 16:31:24',NULL,NULL,'2023-03-18 00:51:18',2,1),(543,23,3,'2023-03-18','2023-03-18 16:30:23',NULL,NULL,'2023-03-19 00:43:23',2,1),(546,23,3,'2023-03-19','2023-03-19 16:30:30',NULL,NULL,'2023-03-20 01:09:01',2,1),(548,23,3,'2023-03-20','2023-03-20 16:29:06',NULL,NULL,'2023-03-21 01:03:58',2,1),(550,23,3,'2023-03-21','2023-03-21 16:31:38',NULL,NULL,'2023-03-22 00:43:41',2,1),(553,23,3,'2023-03-22','2023-03-22 16:31:13',NULL,NULL,'2023-03-23 00:45:40',2,1),(555,24,3,'2023-03-23','2023-03-23 16:48:47',NULL,NULL,'2023-03-24 01:25:24',2,1),(557,24,3,'2023-03-24','2023-03-24 16:29:26',NULL,NULL,'2023-03-25 01:32:43',2,1),(559,24,3,'2023-03-25','2023-03-25 16:50:48',NULL,NULL,'2023-03-26 02:00:54',2,1),(561,24,3,'2023-03-26','2023-03-26 18:40:51',NULL,NULL,'2023-03-27 02:25:56',2,1),(563,33,3,'2023-03-27','2023-03-27 17:16:42',NULL,NULL,'2023-03-28 01:43:27',2,1),(565,33,3,'2023-03-28','2023-03-28 17:43:27',NULL,NULL,'2023-03-29 02:50:13',2,1),(568,33,3,'2023-03-29','2023-03-29 17:28:13',NULL,NULL,'2023-03-30 01:58:01',2,1),(570,24,3,'2023-03-30','2023-03-30 17:32:42',NULL,NULL,'2023-03-31 03:05:08',2,1),(572,24,3,'2023-03-31','2023-03-31 17:53:08',NULL,NULL,'2023-04-01 04:37:20',2,1),(574,24,3,'2023-04-01','2023-04-01 17:32:05',NULL,NULL,'2023-04-02 03:21:34',2,1),(576,24,3,'2023-04-02','2023-04-02 17:34:38',NULL,NULL,'2023-04-03 04:03:03',2,1),(583,24,3,'2023-04-03','2023-04-03 18:08:03',NULL,NULL,'2023-04-04 03:43:45',2,1),(585,24,3,'2023-04-04','2023-04-04 18:34:23',NULL,NULL,'2023-04-05 03:21:51',2,1),(588,24,3,'2023-04-05','2023-04-05 17:28:32',NULL,NULL,'2023-04-06 02:57:28',2,1),(590,33,3,'2023-04-06','2023-04-06 16:24:12',NULL,NULL,'2023-04-07 01:34:36',2,1),(592,33,3,'2023-04-07','2023-04-07 16:15:10',NULL,NULL,'2023-04-08 00:36:03',2,1),(594,33,3,'2023-04-08','2023-04-08 16:52:09',NULL,NULL,'2023-04-09 00:33:35',2,1),(596,33,3,'2023-04-09','2023-04-09 16:49:26',NULL,NULL,'2023-04-10 01:45:28',2,1),(599,33,3,'2023-04-10','2023-04-10 16:29:29',NULL,NULL,'2023-04-11 01:28:44',2,1),(602,33,3,'2023-04-11','2023-04-11 16:34:18',NULL,NULL,'2023-04-12 00:43:09',2,1),(605,33,3,'2023-04-12','2023-04-12 16:23:58',NULL,NULL,'2023-04-13 00:26:20',2,1),(607,23,3,'2023-04-13','2023-04-13 16:30:28',NULL,NULL,'2023-04-14 00:36:08',2,1),(610,23,3,'2023-04-14','2023-04-14 16:32:50',NULL,NULL,'2023-04-15 00:35:54',2,1),(613,23,3,'2023-04-15','2023-04-15 16:09:41',NULL,NULL,'2023-04-16 00:49:19',2,1),(616,23,3,'2023-04-16','2023-04-16 16:30:21',NULL,NULL,'2023-04-17 01:22:09',2,1),(619,23,3,'2023-04-17','2023-04-17 16:29:57',NULL,NULL,'2023-04-18 01:02:35',2,1),(622,23,3,'2023-04-18','2023-04-18 16:30:28',NULL,NULL,'2023-04-19 01:03:57',2,1),(625,23,3,'2023-04-19','2023-04-19 16:29:29',NULL,NULL,'2023-04-20 00:31:35',2,1),(628,26,3,'2023-04-20','2023-04-20 16:39:04',NULL,NULL,'2023-04-21 00:31:21',2,1),(631,26,3,'2023-04-21','2023-04-21 16:38:25',NULL,NULL,'2023-04-22 00:43:02',2,1),(634,26,3,'2023-04-22','2023-04-22 16:37:46',NULL,NULL,'2023-04-23 00:32:44',2,1),(637,26,3,'2023-04-23','2023-04-23 16:36:19',NULL,NULL,'2023-04-24 00:58:02',2,1),(641,26,3,'2023-04-24','2023-04-24 16:40:08',NULL,NULL,'2023-04-25 00:33:29',2,1),(644,26,3,'2023-04-25','2023-04-25 16:35:49',NULL,NULL,'2023-04-26 00:33:11',2,1),(647,26,3,'2023-04-26','2023-04-26 16:36:24',NULL,NULL,'2023-04-27 00:41:25',2,1),(649,24,3,'2023-04-27','2023-04-27 16:27:24',NULL,NULL,'2023-04-28 01:28:47',2,1),(652,24,3,'2023-04-28','2023-04-28 16:43:56',NULL,NULL,'2023-04-29 02:20:49',2,1),(655,24,3,'2023-04-29','2023-04-29 16:38:59',NULL,NULL,'2023-04-30 01:22:05',2,1),(658,24,3,'2023-04-30','2023-04-30 18:26:23',NULL,NULL,'2023-05-01 01:03:03',2,1),(661,24,3,'2023-05-01','2023-05-01 17:08:14',NULL,NULL,'2023-05-02 01:35:56',2,1),(664,24,3,'2023-05-02','2023-05-02 17:06:06',NULL,NULL,'2023-05-03 00:37:56',2,1),(667,24,3,'2023-05-03','2023-05-03 16:37:53',NULL,NULL,'2023-05-04 01:22:12',2,1),(669,33,3,'2023-05-04','2023-05-04 16:19:55',NULL,NULL,'2023-05-05 00:30:06',2,1),(672,33,3,'2023-05-05','2023-05-05 16:27:19',NULL,NULL,'2023-05-06 00:42:03',2,1),(675,33,3,'2023-05-06','2023-05-06 16:35:43',NULL,NULL,'2023-05-07 00:29:41',2,1),(678,33,3,'2023-05-07','2023-05-07 16:19:09',NULL,NULL,'2023-05-08 00:48:29',2,1),(681,33,3,'2023-05-08','2023-05-08 16:32:29',NULL,NULL,'2023-05-09 00:31:13',2,1),(684,33,3,'2023-05-09','2023-05-09 16:26:39','2023-05-09 19:54:03','2023-05-09 20:09:44','2023-05-10 00:36:02',2,1),(687,33,3,'2023-05-10','2023-05-10 16:26:36','2023-05-10 19:18:11','2023-05-10 19:42:21','2023-05-11 00:36:30',2,1),(689,23,3,'2023-05-11','2023-05-11 16:30:28','2023-05-11 23:17:08','2023-05-12 00:04:38','2023-05-12 00:53:04',2,1),(692,23,3,'2023-05-12','2023-05-12 16:32:49','2023-05-13 00:02:06','2023-05-13 00:02:26','2023-05-13 00:42:59',2,1),(695,23,3,'2023-05-13','2023-05-13 16:32:17','2023-05-13 17:15:14','2023-05-13 17:32:24','2023-05-14 00:43:35',2,1),(698,23,3,'2023-05-14','2023-05-14 16:32:27','2023-05-14 18:33:01','2023-05-14 18:56:48','2023-05-15 00:46:52',2,1),(701,23,3,'2023-05-15','2023-05-15 16:31:57','2023-05-15 18:40:24','2023-05-15 19:03:05','2023-05-16 00:36:28',2,1),(704,23,3,'2023-05-16','2023-05-16 16:29:42','2023-05-16 19:48:17','2023-05-16 20:52:33','2023-05-17 00:40:50',2,1),(707,23,3,'2023-05-17','2023-05-17 16:31:39','2023-05-17 18:35:08','2023-05-17 19:21:44','2023-05-18 00:53:14',2,1),(709,26,3,'2023-05-18','2023-05-18 16:29:40','2023-05-18 19:52:39','2023-05-18 20:22:10','2023-05-19 00:37:48',2,1),(712,26,3,'2023-05-19','2023-05-19 16:29:00','2023-05-19 20:26:42','2023-05-19 20:45:00','2023-05-20 00:53:12',2,1),(715,26,3,'2023-05-20','2023-05-20 16:20:27','2023-05-20 20:52:06','2023-05-20 21:56:12','2023-05-21 01:11:17',2,1),(718,26,3,'2023-05-21','2023-05-21 16:27:45','2023-05-21 19:52:06','2023-05-21 20:08:53','2023-05-22 00:36:52',2,1),(721,33,3,'2023-05-22','2023-05-22 16:23:01','2023-05-22 19:43:55','2023-05-22 20:30:06','2023-05-23 00:40:02',2,1),(724,33,3,'2023-05-23','2023-05-23 16:23:20','2023-05-23 18:59:29','2023-05-23 19:51:39','2023-05-24 00:37:53',2,1),(730,33,3,'2023-05-24','2023-05-24 16:24:11','2023-05-24 20:04:00','2023-05-24 20:22:19','2023-05-25 00:35:41',2,1),(733,24,3,'2023-05-25','2023-05-25 16:16:35','2023-05-25 21:24:38','2023-05-25 22:13:09','2023-05-26 01:32:37',2,1),(735,24,3,'2023-05-26','2023-05-26 16:23:31','2023-05-26 20:31:19','2023-05-26 21:24:11','2023-05-27 01:31:19',2,1),(737,24,3,'2023-05-27','2023-05-27 16:17:01','2023-05-27 19:36:12','2023-05-27 20:30:25','2023-05-28 01:32:50',2,1),(739,24,3,'2023-05-28','2023-05-28 16:20:30','2023-05-28 21:10:26','2023-05-28 22:05:26','2023-05-29 01:34:17',2,1),(741,24,3,'2023-05-29','2023-05-29 16:17:47','2023-05-29 19:30:39','2023-05-29 20:30:46','2023-05-30 01:33:13',2,1),(744,24,3,'2023-05-30','2023-05-30 16:18:55','2023-05-30 20:36:04','2023-05-30 21:30:10','2023-05-31 02:07:02',2,1),(747,24,3,'2023-05-31','2023-05-31 16:21:31','2023-05-31 20:44:31','2023-05-31 21:18:27','2023-06-01 01:33:26',2,1),(750,33,3,'2023-06-01','2023-06-01 16:32:31','2023-06-01 20:26:43','2023-06-01 23:31:00','2023-06-02 00:38:41',2,1),(753,33,3,'2023-06-02','2023-06-02 16:11:06','2023-06-02 19:42:20','2023-06-03 00:23:10','2023-06-03 00:33:28',2,1),(755,33,3,'2023-06-03','2023-06-03 16:14:25','2023-06-03 19:25:35','2023-06-03 19:25:35','2023-06-04 01:05:03',2,0),(757,33,3,'2023-06-04','2023-06-04 16:21:58','2023-06-04 19:38:27','2023-06-04 21:02:33','2023-06-05 00:45:57',2,1),(760,33,3,'2023-06-05','2023-06-05 16:23:11','2023-06-05 19:15:43','2023-06-05 19:40:38','2023-06-06 01:02:38',2,1),(763,33,3,'2023-06-06','2023-06-06 16:16:27','2023-06-06 21:35:39','2023-06-06 23:08:26','2023-06-07 00:41:04',2,1),(766,33,3,'2023-06-07','2023-06-07 16:27:13','2023-06-07 20:10:57','2023-06-07 20:24:26','2023-06-08 00:41:28',2,1),(769,23,3,'2023-06-08','2023-06-08 16:28:57','2023-06-08 19:19:35','2023-06-08 21:39:49','2023-06-09 00:46:18',2,1),(772,23,3,'2023-06-09','2023-06-09 16:51:14',NULL,NULL,'2023-06-10 00:58:03',2,1),(774,23,3,'2023-06-10','2023-06-10 16:30:28',NULL,NULL,'2023-06-11 00:50:03',2,1),(776,23,3,'2023-06-11','2023-06-11 16:29:18',NULL,NULL,'2023-06-12 00:46:44',2,1),(779,23,3,'2023-06-12','2023-06-12 16:29:41',NULL,NULL,'2023-06-13 00:41:42',2,1),(781,23,3,'2023-06-13','2023-06-13 16:30:56',NULL,NULL,'2023-06-14 00:45:01',2,1),(784,23,3,'2023-06-14','2023-06-14 16:29:53',NULL,NULL,'2023-06-15 00:41:27',2,1),(787,24,3,'2023-06-15','2023-06-15 16:19:01',NULL,NULL,'2023-06-16 00:57:46',2,1),(790,24,3,'2023-06-16','2023-06-16 16:23:31',NULL,NULL,'2023-06-17 01:47:10',2,1),(792,24,3,'2023-06-17','2023-06-17 16:19:20',NULL,NULL,'2023-06-18 01:25:37',2,1),(801,24,3,'2023-06-18','2023-06-18 17:22:23',NULL,NULL,'2023-06-19 01:32:03',2,1),(805,43,3,'2023-06-19','2023-06-19 16:28:50',NULL,NULL,'2023-06-20 00:36:33',2,1),(808,43,3,'2023-06-20','2023-06-20 16:38:23',NULL,NULL,'2023-06-21 16:33:41',2,1),(813,43,3,'2023-06-21','2023-06-21 16:59:49',NULL,NULL,'2023-06-22 00:45:28',2,1),(815,24,3,'2023-06-22','2023-06-22 16:11:35',NULL,NULL,'2023-06-23 00:43:10',2,1),(818,24,3,'2023-06-23','2023-06-23 16:25:22',NULL,NULL,'2023-06-24 00:32:41',2,1),(820,33,3,'2023-06-24','2023-06-24 16:28:09',NULL,NULL,'2023-06-25 01:02:16',2,1),(823,24,3,'2023-06-25','2023-06-25 16:22:20',NULL,NULL,'2023-06-26 00:55:59',2,1),(826,24,3,'2023-06-26','2023-06-26 16:11:29',NULL,NULL,'2023-06-27 01:53:04',2,1),(829,24,3,'2023-06-27','2023-06-27 16:19:45',NULL,NULL,'2023-06-28 00:46:29',2,1),(832,24,3,'2023-06-28','2023-06-28 16:23:29',NULL,NULL,'2023-06-29 00:54:10',2,1),(834,33,3,'2023-06-29','2023-06-29 16:21:08',NULL,NULL,'2023-06-30 00:51:49',2,1),(837,33,3,'2023-06-30','2023-06-30 16:17:46',NULL,NULL,'2023-07-01 00:47:27',2,1),(840,33,3,'2023-07-01','2023-07-01 16:26:52',NULL,NULL,'2023-07-02 01:06:00',2,1),(843,33,3,'2023-07-02','2023-07-02 16:30:04',NULL,NULL,'2023-07-03 00:41:18',2,1),(846,33,3,'2023-07-03','2023-07-03 16:27:43',NULL,NULL,'2023-07-04 00:39:05',2,1),(849,33,3,'2023-07-04','2023-07-04 16:24:58',NULL,NULL,'2023-07-05 00:58:06',2,1),(852,33,3,'2023-07-05','2023-07-05 16:15:08',NULL,NULL,'2023-07-06 01:15:34',2,1),(854,23,3,'2023-07-06','2023-07-06 16:30:42',NULL,NULL,'2023-07-07 00:49:25',2,1),(857,23,3,'2023-07-07','2023-07-07 16:30:03',NULL,NULL,'2023-07-08 00:36:23',2,1),(860,23,3,'2023-07-08','2023-07-08 16:30:52',NULL,NULL,'2023-07-09 00:51:00',2,1),(863,23,3,'2023-07-09','2023-07-09 16:29:03',NULL,NULL,'2023-07-10 00:37:04',2,1),(865,23,3,'2023-07-10','2023-07-10 16:30:54',NULL,NULL,'2023-07-11 01:03:07',2,1),(867,23,3,'2023-07-11','2023-07-11 16:28:37',NULL,NULL,'2023-07-12 00:36:37',2,1),(870,23,3,'2023-07-12','2023-07-12 16:28:02',NULL,NULL,'2023-07-13 00:38:06',2,1),(872,43,3,'2023-07-13','2023-07-13 16:28:44',NULL,NULL,'2023-07-14 00:56:51',2,1),(874,43,3,'2023-07-14','2023-07-14 16:26:40',NULL,NULL,NULL,1,0),(876,43,3,'2023-07-15','2023-07-15 16:28:18',NULL,NULL,'2023-07-16 02:11:43',2,1),(878,43,3,'2023-07-16','2023-07-16 16:25:35',NULL,NULL,'2023-07-17 00:36:41',2,1),(881,43,3,'2023-07-17','2023-07-17 16:25:20',NULL,NULL,'2023-07-18 00:35:29',2,1),(884,43,3,'2023-07-18','2023-07-18 16:28:34',NULL,NULL,'2023-07-19 00:36:10',2,1),(887,43,3,'2023-07-19','2023-07-19 16:26:42',NULL,NULL,'2023-07-20 00:40:22',2,1),(889,24,3,'2023-07-20','2023-07-20 16:16:43',NULL,NULL,'2023-07-21 00:35:08',2,1),(892,24,3,'2023-07-21','2023-07-21 16:21:25',NULL,NULL,'2023-07-22 00:37:32',2,1),(895,24,3,'2023-07-22','2023-07-22 16:26:04',NULL,NULL,'2023-07-23 00:35:24',2,1),(898,24,3,'2023-07-23','2023-07-23 16:07:59',NULL,NULL,'2023-07-24 01:30:03',2,1),(901,24,3,'2023-07-24','2023-07-24 16:25:02',NULL,NULL,'2023-07-25 00:37:06',2,1),(904,24,3,'2023-07-25','2023-07-25 16:15:14',NULL,NULL,'2023-07-26 00:34:49',2,1),(907,24,3,'2023-07-26','2023-07-26 16:19:52',NULL,NULL,'2023-07-27 00:54:17',2,1),(909,33,3,'2023-07-27','2023-07-27 16:20:18',NULL,NULL,'2023-07-28 00:49:43',2,1),(912,33,3,'2023-07-28','2023-07-28 16:14:43',NULL,NULL,'2023-07-29 01:03:23',2,1),(915,33,3,'2023-07-29','2023-07-29 16:02:17',NULL,NULL,'2023-07-30 00:32:56',2,1),(918,33,3,'2023-07-30','2023-07-30 16:17:54',NULL,NULL,'2023-07-31 00:47:14',2,1),(921,33,3,'2023-07-31','2023-07-31 16:28:56',NULL,NULL,'2023-08-01 00:37:34',2,1),(924,33,3,'2023-08-01','2023-08-01 16:28:29',NULL,NULL,'2023-08-02 00:28:11',2,1),(927,33,3,'2023-08-02','2023-08-02 16:17:50',NULL,NULL,'2023-08-03 00:38:47',2,1),(929,23,3,'2023-08-03','2023-08-03 16:30:12',NULL,NULL,'2023-08-04 01:01:06',2,1),(932,23,3,'2023-08-04','2023-08-04 16:36:43',NULL,NULL,'2023-08-05 00:45:56',2,1),(935,23,3,'2023-08-05','2023-08-05 16:29:14',NULL,NULL,'2023-08-06 00:50:53',2,1),(938,23,3,'2023-08-06','2023-08-06 16:29:40',NULL,NULL,'2023-08-07 00:46:09',2,1),(941,23,3,'2023-08-07','2023-08-07 16:28:55',NULL,NULL,'2023-08-08 01:00:59',2,1),(944,23,3,'2023-08-08','2023-08-08 16:29:35',NULL,NULL,'2023-08-09 00:47:12',2,1),(947,23,3,'2023-08-09','2023-08-09 16:30:13',NULL,NULL,'2023-08-10 00:36:51',2,1),(949,43,3,'2023-08-10','2023-08-10 16:26:17',NULL,NULL,'2023-08-11 00:31:33',2,1),(952,43,3,'2023-08-11','2023-08-11 16:28:23',NULL,NULL,'2023-08-12 00:36:45',2,1),(954,43,3,'2023-08-12','2023-08-12 00:35:40',NULL,NULL,'2023-08-13 00:30:42',2,1),(958,43,3,'2023-08-13','2023-08-13 16:26:15',NULL,NULL,'2023-08-14 00:31:26',2,1),(961,43,3,'2023-08-14','2023-08-14 16:27:08',NULL,NULL,'2023-08-15 00:47:21',2,1),(964,43,3,'2023-08-15','2023-08-15 16:24:21',NULL,NULL,'2023-08-16 00:53:19',2,1),(967,43,3,'2023-08-16','2023-08-16 16:26:38',NULL,NULL,'2023-08-17 00:33:26',2,1),(969,24,3,'2023-08-17','2023-08-17 16:16:41',NULL,NULL,'2023-08-18 00:58:37',2,1),(972,24,3,'2023-08-18','2023-08-18 16:25:50',NULL,NULL,'2023-08-19 03:32:09',2,1),(976,24,3,'2023-08-19','2023-08-19 16:13:36',NULL,NULL,'2023-08-20 00:36:57',2,1),(979,24,3,'2023-08-20','2023-08-20 16:17:26',NULL,NULL,'2023-08-21 01:08:07',2,1),(982,24,3,'2023-08-21','2023-08-21 16:11:20',NULL,NULL,'2023-08-22 01:01:48',2,1),(985,24,3,'2023-08-22','2023-08-22 16:08:35',NULL,NULL,'2023-08-23 01:17:55',2,1),(988,24,3,'2023-08-23','2023-08-23 16:15:30',NULL,NULL,'2023-08-24 01:34:16',2,0),(990,33,3,'2023-08-24','2023-08-24 16:27:10',NULL,NULL,'2023-08-25 01:13:34',2,0),(993,33,3,'2023-08-25','2023-08-25 16:29:07',NULL,NULL,'2023-08-26 01:18:58',2,0),(996,33,3,'2023-08-26','2023-08-26 16:24:03',NULL,NULL,'2023-08-27 01:40:16',2,0),(999,33,3,'2023-08-27','2023-08-27 16:24:54',NULL,NULL,'2023-08-28 00:41:10',2,0),(1002,33,3,'2023-08-28','2023-08-28 16:28:36',NULL,NULL,'2023-08-29 00:43:40',2,1),(1005,33,3,'2023-08-29','2023-08-29 16:28:09',NULL,NULL,'2023-08-30 00:34:39',2,1),(1008,33,3,'2023-08-30','2023-08-30 16:30:06',NULL,NULL,'2023-08-31 01:35:20',2,1),(1010,23,3,'2023-08-31','2023-08-31 16:30:52',NULL,NULL,'2023-09-01 01:01:46',2,1),(1013,23,3,'2023-09-01','2023-09-01 16:29:59',NULL,NULL,'2023-09-02 01:05:43',2,1),(1016,23,3,'2023-09-02','2023-09-02 16:30:18',NULL,NULL,'2023-09-03 00:40:50',2,1),(1019,23,3,'2023-09-03','2023-09-03 16:32:10',NULL,NULL,'2023-09-04 00:39:10',2,1),(1021,23,3,'2023-09-04','2023-09-04 16:30:30',NULL,NULL,'2023-09-05 00:39:19',2,1),(1023,23,3,'2023-09-05','2023-09-05 16:30:27',NULL,NULL,'2023-09-06 00:39:37',2,1),(1026,23,3,'2023-09-06','2023-09-06 16:30:44',NULL,NULL,'2023-09-07 00:47:23',2,1),(1028,43,3,'2023-09-07','2023-09-07 16:22:23',NULL,NULL,'2023-09-08 00:32:38',2,1),(1031,43,3,'2023-09-08','2023-09-08 16:20:19',NULL,NULL,'2023-09-09 00:31:55',2,1),(1034,43,3,'2023-09-09','2023-09-09 16:22:47',NULL,NULL,'2023-09-10 00:30:23',2,1),(1037,43,3,'2023-09-10','2023-09-10 16:25:52',NULL,NULL,'2023-09-11 00:32:52',2,1),(1040,43,3,'2023-09-11','2023-09-11 16:21:39',NULL,NULL,'2023-09-12 01:03:10',2,1),(1043,43,3,'2023-09-12','2023-09-12 16:22:42',NULL,NULL,'2023-09-13 00:33:53',2,1),(1046,43,3,'2023-09-13','2023-09-13 16:20:51',NULL,NULL,'2023-09-14 00:46:26',2,1),(1048,24,3,'2023-09-14','2023-09-14 16:05:18',NULL,NULL,'2023-09-15 00:36:58',2,1),(1051,24,3,'2023-09-15','2023-09-15 16:02:50',NULL,NULL,'2023-09-16 00:42:36',2,1),(1054,24,3,'2023-09-16','2023-09-16 16:13:42',NULL,NULL,'2023-09-17 00:32:30',2,1),(1057,24,3,'2023-09-17','2023-09-17 16:05:09',NULL,NULL,'2023-09-18 01:45:03',2,1),(1060,24,3,'2023-09-18','2023-09-18 16:08:12',NULL,NULL,'2023-09-19 00:49:21',2,1),(1063,24,3,'2023-09-19','2023-09-19 16:05:04',NULL,NULL,'2023-09-20 00:35:23',2,1),(1075,24,3,'2023-09-20','2023-09-20 16:52:48',NULL,NULL,'2023-09-21 01:03:05',2,1),(1077,33,3,'2023-09-21','2023-09-21 16:31:00',NULL,NULL,'2023-09-22 00:58:33',2,1),(1080,33,3,'2023-09-22','2023-09-22 16:28:36',NULL,NULL,'2023-09-23 01:12:18',2,1),(1083,33,3,'2023-09-23','2023-09-23 15:45:33',NULL,NULL,'2023-09-24 00:42:06',2,1),(1086,33,3,'2023-09-24','2023-09-24 16:02:28',NULL,NULL,'2023-09-25 00:30:19',2,1),(1089,33,3,'2023-09-25','2023-09-25 16:28:43',NULL,NULL,'2023-09-26 00:42:40',2,1),(1092,33,3,'2023-09-26','2023-09-26 16:28:08',NULL,NULL,'2023-09-27 00:31:35',2,1),(1095,33,3,'2023-09-27','2023-09-27 16:26:53',NULL,NULL,'2023-09-28 00:40:23',2,1),(1097,23,3,'2023-09-28','2023-09-28 16:30:15',NULL,NULL,'2023-09-29 00:33:26',2,1),(1100,23,3,'2023-09-29','2023-09-29 16:30:07',NULL,NULL,'2023-09-30 00:50:15',2,1),(1103,23,3,'2023-09-30','2023-09-30 16:30:02',NULL,NULL,'2023-10-01 00:57:29',2,1),(1106,23,3,'2023-10-01','2023-10-01 16:30:08',NULL,NULL,'2023-10-02 00:54:48',2,1),(1109,23,3,'2023-10-02','2023-10-02 16:30:27',NULL,NULL,'2023-10-03 00:39:34',2,1),(1112,23,3,'2023-10-03','2023-10-03 16:29:30',NULL,NULL,'2023-10-04 00:47:39',2,1),(1115,23,3,'2023-10-04','2023-10-04 16:29:21',NULL,NULL,'2023-10-05 00:47:04',2,1),(1117,43,3,'2023-10-05','2023-10-05 16:22:09',NULL,NULL,'2023-10-06 00:33:18',2,1),(1120,43,3,'2023-10-06','2023-10-06 16:20:36',NULL,NULL,'2023-10-07 00:30:36',2,1),(1123,43,3,'2023-10-07','2023-10-07 16:26:15',NULL,NULL,'2023-10-08 00:32:44',2,1),(1126,43,3,'2023-10-08','2023-10-08 16:20:46',NULL,NULL,'2023-10-09 00:31:57',2,1),(1128,43,3,'2023-10-09','2023-10-09 16:24:19',NULL,NULL,'2023-10-10 00:31:47',2,1),(1130,43,3,'2023-10-10','2023-10-10 16:24:22',NULL,NULL,'2023-10-11 01:00:18',2,1),(1133,43,3,'2023-10-11','2023-10-11 16:22:07',NULL,NULL,'2023-10-12 00:34:19',2,1),(1135,24,3,'2023-10-12','2023-10-12 16:10:33',NULL,NULL,'2023-10-13 00:50:52',2,1),(1139,24,3,'2023-10-13','2023-10-13 16:15:22',NULL,NULL,'2023-10-14 01:11:11',2,1),(1141,24,3,'2023-10-14','2023-10-14 16:08:03',NULL,NULL,'2023-10-15 00:57:02',2,1),(1143,24,3,'2023-10-15','2023-10-15 16:10:21',NULL,NULL,'2023-10-16 01:03:26',2,1),(1145,24,3,'2023-10-16','2023-10-16 16:21:02',NULL,NULL,'2023-10-17 01:12:57',2,1),(1147,24,3,'2023-10-17','2023-10-17 16:05:12',NULL,NULL,'2023-10-18 01:21:33',2,1),(1150,24,3,'2023-10-18','2023-10-18 16:19:39',NULL,NULL,'2023-10-19 01:02:53',2,1),(1152,33,3,'2023-10-19','2023-10-19 16:19:03',NULL,NULL,'2023-10-20 00:48:26',2,1),(1154,33,3,'2023-10-20','2023-10-20 16:51:20',NULL,NULL,'2023-10-21 00:55:59',2,1),(1156,33,3,'2023-10-21','2023-10-21 16:15:48',NULL,NULL,'2023-10-22 00:50:44',2,1),(1158,33,3,'2023-10-22','2023-10-22 16:06:41',NULL,NULL,'2023-10-23 00:38:15',2,1),(1161,33,3,'2023-10-23','2023-10-23 16:22:51',NULL,NULL,'2023-10-24 00:30:43',2,1),(1164,33,3,'2023-10-24','2023-10-24 16:22:11',NULL,NULL,'2023-10-25 00:38:54',2,1),(1167,33,3,'2023-10-25','2023-10-25 16:20:45',NULL,NULL,'2023-10-26 00:32:46',2,1),(1169,23,3,'2023-10-26','2023-10-26 16:29:03',NULL,NULL,'2023-10-27 01:00:04',2,1),(1172,23,3,'2023-10-27','2023-10-27 16:26:36',NULL,NULL,'2023-10-28 00:35:08',2,1),(1175,23,3,'2023-10-28','2023-10-28 16:26:27',NULL,NULL,'2023-10-28 23:34:34',2,1),(1178,23,3,'2023-10-29','2023-10-29 15:28:16',NULL,NULL,'2023-10-29 23:33:10',2,1),(1180,23,3,'2023-10-30','2023-10-30 15:29:56',NULL,NULL,'2023-10-30 23:40:17',2,1),(1182,23,3,'2023-10-31','2023-10-31 15:30:14',NULL,NULL,'2023-10-31 23:44:29',2,1),(1185,23,3,'2023-11-01','2023-11-01 15:30:17',NULL,NULL,'2023-11-01 23:37:23',2,1),(1187,43,3,'2023-11-02','2023-11-02 15:22:55',NULL,NULL,'2023-11-02 23:42:53',2,1),(1189,43,3,'2023-11-03','2023-11-03 15:24:14',NULL,NULL,'2023-11-03 23:35:50',2,1),(1191,43,3,'2023-11-04','2023-11-04 15:25:44',NULL,NULL,'2023-11-04 23:32:40',2,1),(1193,43,3,'2023-11-05','2023-11-05 15:27:54',NULL,NULL,'2023-11-05 23:31:06',2,1),(1196,43,3,'2023-11-06','2023-11-06 15:22:05',NULL,NULL,'2023-11-06 23:30:34',2,1),(1199,43,3,'2023-11-07','2023-11-07 15:27:24',NULL,NULL,'2023-11-07 23:33:09',2,1),(1202,43,3,'2023-11-08','2023-11-08 16:26:24',NULL,NULL,'2023-11-09 00:38:30',2,1),(1204,24,3,'2023-11-09','2023-11-09 16:09:48',NULL,NULL,'2023-11-10 00:38:35',2,1),(1207,24,3,'2023-11-10','2023-11-10 16:11:13',NULL,NULL,'2023-11-11 00:36:58',2,1),(1210,24,3,'2023-11-11','2023-11-11 16:02:25',NULL,NULL,'2023-11-12 00:49:22',2,1),(1213,24,3,'2023-11-12','2023-11-12 16:09:00',NULL,NULL,'2023-11-13 00:53:21',2,1),(1216,24,3,'2023-11-13','2023-11-13 16:03:51',NULL,NULL,'2023-11-14 01:19:10',2,1),(1219,24,3,'2023-11-14','2023-11-14 16:12:08',NULL,NULL,'2023-11-15 01:03:07',2,1),(1222,24,3,'2023-11-15','2023-11-15 16:12:58',NULL,NULL,'2023-11-16 00:47:33',2,1),(1224,33,3,'2023-11-16','2023-11-16 16:30:57',NULL,NULL,'2023-11-17 00:33:45',2,1),(1227,33,3,'2023-11-17','2023-11-17 16:24:46',NULL,NULL,'2023-11-18 00:42:20',2,1),(1230,33,3,'2023-11-18','2023-11-18 16:15:27',NULL,NULL,'2023-11-19 00:59:48',2,1),(1233,33,3,'2023-11-19','2023-11-19 16:01:39',NULL,NULL,'2023-11-20 00:46:10',2,1),(1236,33,3,'2023-11-20','2023-11-20 16:29:35',NULL,NULL,'2023-11-21 00:31:28',2,1),(1239,33,3,'2023-11-21','2023-11-21 16:27:52',NULL,NULL,'2023-11-22 00:32:28',2,1),(1242,33,3,'2023-11-22','2023-11-22 16:30:34',NULL,NULL,'2023-11-23 00:39:36',2,1),(1244,23,3,'2023-11-23','2023-11-23 16:30:33',NULL,NULL,'2023-11-24 00:52:28',2,1),(1247,23,3,'2023-11-24','2023-11-24 16:29:39',NULL,NULL,'2023-11-25 00:46:24',2,1),(1250,23,3,'2023-11-25','2023-11-25 16:28:07',NULL,NULL,'2023-11-26 00:47:06',2,1),(1253,23,3,'2023-11-26','2023-11-26 16:29:02',NULL,NULL,'2023-11-27 00:57:10',2,1),(1256,23,3,'2023-11-27','2023-11-27 16:28:45',NULL,NULL,'2023-11-28 01:09:55',2,1),(1259,23,3,'2023-11-28','2023-11-28 16:27:39',NULL,NULL,'2023-11-29 00:34:33',2,1),(1262,23,3,'2023-11-29','2023-11-29 16:30:48',NULL,NULL,'2023-11-30 00:57:32',2,1),(1264,43,3,'2023-11-30','2023-11-30 16:23:47',NULL,NULL,'2023-12-01 00:31:57',2,1),(1267,43,3,'2023-12-01','2023-12-01 16:28:03',NULL,NULL,'2023-12-02 00:33:43',2,1),(1270,43,3,'2023-12-02','2023-12-02 16:21:43',NULL,NULL,'2023-12-03 01:05:36',2,1),(1273,43,3,'2023-12-03','2023-12-03 16:33:00',NULL,NULL,'2023-12-04 00:31:29',2,1),(1276,43,3,'2023-12-04','2023-12-04 16:23:51',NULL,NULL,'2023-12-05 00:34:43',2,1),(1279,43,3,'2023-12-05','2023-12-05 16:26:05',NULL,NULL,'2023-12-06 00:32:15',2,1),(1282,43,3,'2023-12-06','2023-12-06 16:24:57',NULL,NULL,'2023-12-07 00:51:15',2,1),(1284,24,3,'2023-12-07','2023-12-07 16:05:59',NULL,NULL,'2023-12-08 00:41:23',2,1),(1287,24,3,'2023-12-08','2023-12-08 16:05:41',NULL,NULL,'2023-12-09 01:02:43',2,1),(1290,24,3,'2023-12-09','2023-12-09 16:08:50',NULL,NULL,'2023-12-10 00:53:02',2,1),(1293,24,3,'2023-12-10','2023-12-10 16:12:36',NULL,NULL,'2023-12-11 00:40:01',2,1),(1296,24,3,'2023-12-11','2023-12-11 16:00:25',NULL,NULL,'2023-12-12 00:41:27',2,1),(1304,24,3,'2023-12-12','2023-12-12 16:39:47',NULL,NULL,'2023-12-13 00:36:28',2,1),(1307,24,3,'2023-12-13','2023-12-13 16:12:38',NULL,NULL,'2023-12-14 00:33:20',2,1),(1309,33,3,'2023-12-14','2023-12-14 16:28:59',NULL,NULL,'2023-12-15 01:07:49',2,1),(1312,33,3,'2023-12-15','2023-12-15 16:28:24',NULL,NULL,'2023-12-16 00:43:35',2,1),(1315,33,3,'2023-12-16','2023-12-16 16:19:30',NULL,NULL,'2023-12-17 00:38:21',2,1),(1318,33,3,'2023-12-17','2023-12-17 16:29:07',NULL,NULL,'2023-12-18 00:32:09',2,1),(1321,33,3,'2023-12-18','2023-12-18 16:28:20',NULL,NULL,'2023-12-19 00:45:27',2,1),(1324,33,3,'2023-12-19','2023-12-19 16:27:03',NULL,NULL,'2023-12-20 00:36:40',2,1),(1327,33,3,'2023-12-20','2023-12-20 16:28:24',NULL,NULL,'2023-12-21 00:39:16',2,1),(1329,23,3,'2023-12-21','2023-12-21 16:29:11',NULL,NULL,'2023-12-22 00:38:01',2,1),(1332,23,3,'2023-12-22','2023-12-22 16:28:20',NULL,NULL,'2023-12-23 00:35:33',2,1),(1335,23,3,'2023-12-23','2023-12-23 16:29:10',NULL,NULL,'2023-12-24 00:39:50',2,1),(1338,23,3,'2023-12-24','2023-12-24 16:27:11',NULL,NULL,'2023-12-25 00:37:39',2,1),(1341,23,3,'2023-12-25','2023-12-25 16:29:36',NULL,NULL,'2023-12-26 00:59:51',2,1),(1344,23,3,'2023-12-26','2023-12-26 16:29:14',NULL,NULL,'2023-12-27 00:34:30',2,1),(1347,23,3,'2023-12-27','2023-12-27 16:29:49',NULL,NULL,'2023-12-28 00:54:27',2,1),(1349,43,3,'2023-12-28','2023-12-28 16:24:59',NULL,NULL,'2023-12-29 00:30:50',2,1),(1352,43,3,'2023-12-29','2023-12-29 16:26:19',NULL,NULL,NULL,1,0),(1355,43,3,'2023-12-30','2023-12-30 16:28:18',NULL,NULL,'2023-12-31 00:59:13',2,1),(1358,43,3,'2023-12-31','2023-12-31 16:23:03',NULL,NULL,'2024-01-01 00:37:01',2,1),(1361,43,3,'2024-01-01','2024-01-01 16:21:10',NULL,NULL,'2024-01-02 01:28:37',2,1),(1364,43,3,'2024-01-02','2024-01-02 16:27:05',NULL,NULL,'2024-01-03 00:31:21',2,1),(1367,43,3,'2024-01-03','2024-01-03 16:22:12',NULL,NULL,'2024-01-04 00:50:54',2,1),(1369,24,3,'2024-01-04','2024-01-04 16:08:13',NULL,NULL,'2024-01-05 00:36:07',2,1),(1372,24,3,'2024-01-05','2024-01-05 16:05:15',NULL,NULL,'2024-01-06 00:36:22',2,1),(1375,24,3,'2024-01-06','2024-01-06 16:21:55',NULL,NULL,'2024-01-07 00:36:27',2,1),(1378,24,3,'2024-01-07','2024-01-07 16:30:12',NULL,NULL,'2024-01-08 00:32:21',2,1),(1381,24,3,'2024-01-08','2024-01-08 16:02:18',NULL,NULL,'2024-01-09 00:44:31',2,1),(1384,24,3,'2024-01-09','2024-01-09 16:18:48',NULL,NULL,'2024-01-10 00:41:39',2,1),(1387,24,3,'2024-01-10','2024-01-10 16:09:22',NULL,NULL,'2024-01-11 00:34:08',2,1),(1389,33,3,'2024-01-11','2024-01-11 16:27:00',NULL,NULL,'2024-01-12 00:31:19',2,1),(1392,33,3,'2024-01-12','2024-01-12 16:27:14',NULL,NULL,'2024-01-13 00:33:32',2,1),(1395,33,3,'2024-01-13','2024-01-13 16:28:29',NULL,NULL,'2024-01-14 00:55:16',2,1),(1398,33,3,'2024-01-14','2024-01-14 15:52:40',NULL,NULL,'2024-01-15 00:34:50',2,1),(1401,33,3,'2024-01-15','2024-01-15 16:27:38',NULL,NULL,'2024-01-16 00:32:37',2,1),(1404,33,3,'2024-01-16','2024-01-16 16:19:16',NULL,NULL,'2024-01-17 01:47:24',2,1),(1407,33,3,'2024-01-17','2024-01-17 16:27:09',NULL,NULL,'2024-01-18 00:42:14',2,1),(1409,23,3,'2024-01-18','2024-01-18 16:29:27',NULL,NULL,'2024-01-19 00:35:02',2,1),(1412,23,3,'2024-01-19','2024-01-19 16:29:53',NULL,NULL,'2024-01-20 00:43:56',2,1),(1415,23,3,'2024-01-20','2024-01-20 16:28:43',NULL,NULL,'2024-01-21 00:36:37',2,1),(1418,23,3,'2024-01-21','2024-01-21 16:28:25',NULL,NULL,'2024-01-22 00:46:56',2,1),(1421,23,3,'2024-01-22','2024-01-22 16:29:26',NULL,NULL,'2024-01-23 00:39:34',2,1),(1424,23,3,'2024-01-23','2024-01-23 16:28:58',NULL,NULL,'2024-01-24 00:42:44',2,1),(1427,23,3,'2024-01-24','2024-01-24 16:25:21',NULL,NULL,'2024-01-25 00:45:25',2,1),(1429,43,3,'2024-01-25','2024-01-25 16:28:10',NULL,NULL,'2024-01-26 00:36:14',2,1),(1432,43,3,'2024-01-26','2024-01-26 16:24:59',NULL,NULL,'2024-01-27 00:39:41',2,1),(1435,43,3,'2024-01-27','2024-01-27 17:21:44',NULL,NULL,'2024-01-28 00:36:52',2,1),(1438,43,3,'2024-01-28','2024-01-28 16:23:17',NULL,NULL,'2024-01-29 00:33:21',2,1),(1441,43,3,'2024-01-29','2024-01-29 16:26:38',NULL,NULL,'2024-01-30 00:36:16',2,1),(1444,43,3,'2024-01-30','2024-01-30 16:26:06',NULL,NULL,'2024-01-31 00:34:28',2,1),(1447,43,3,'2024-01-31','2024-01-31 16:30:57',NULL,NULL,'2024-02-01 00:34:52',2,1),(1449,24,3,'2024-02-01','2024-02-01 16:04:56',NULL,NULL,'2024-02-02 00:31:48',2,1),(1452,24,3,'2024-02-02','2024-02-02 16:16:04',NULL,NULL,'2024-02-03 00:41:12',2,1),(1455,24,3,'2024-02-03','2024-02-03 16:26:52',NULL,NULL,'2024-02-04 00:36:48',2,1),(1458,24,3,'2024-02-04','2024-02-04 16:05:33',NULL,NULL,'2024-02-05 00:34:36',2,1),(1461,24,3,'2024-02-05','2024-02-05 16:23:05',NULL,NULL,'2024-02-06 00:53:18',2,1),(1464,24,3,'2024-02-06','2024-02-06 16:11:59',NULL,NULL,'2024-02-07 01:25:01',2,1),(1467,24,3,'2024-02-07','2024-02-07 16:07:03',NULL,NULL,'2024-02-08 00:53:37',2,1),(1469,33,3,'2024-02-08','2024-02-08 16:24:42',NULL,NULL,'2024-02-09 01:22:55',2,1),(1472,33,3,'2024-02-09','2024-02-09 16:28:35',NULL,NULL,'2024-02-10 00:32:49',2,1),(1475,33,3,'2024-02-10','2024-02-10 16:09:15',NULL,NULL,'2024-02-11 00:31:17',2,1),(1478,33,3,'2024-02-11','2024-02-11 15:48:42',NULL,NULL,'2024-02-12 00:30:32',2,1),(1481,33,3,'2024-02-12','2024-02-12 16:09:57',NULL,NULL,'2024-02-13 00:32:46',2,1),(1484,33,3,'2024-02-13','2024-02-13 16:25:39',NULL,NULL,'2024-02-14 00:30:44',2,1),(1487,33,3,'2024-02-14','2024-02-14 16:19:32',NULL,NULL,'2024-02-15 01:21:30',2,1),(1489,23,3,'2024-02-15','2024-02-15 16:29:27',NULL,NULL,'2024-02-16 00:41:36',2,1),(1492,23,3,'2024-02-16','2024-02-16 16:30:07',NULL,NULL,'2024-02-17 00:38:34',2,1),(1495,23,3,'2024-02-17','2024-02-17 16:29:50',NULL,NULL,'2024-02-18 00:35:56',2,1),(1498,23,3,'2024-02-18','2024-02-18 16:29:36',NULL,NULL,'2024-02-19 00:32:14',2,1),(1500,23,3,'2024-02-19','2024-02-19 16:29:23',NULL,NULL,'2024-02-20 00:33:27',2,1),(1502,23,3,'2024-02-20','2024-02-20 16:29:18',NULL,NULL,'2024-02-21 00:38:54',2,1),(1505,23,3,'2024-02-21','2024-02-21 16:29:08',NULL,NULL,'2024-02-22 00:37:13',2,1),(1507,43,3,'2024-02-22','2024-02-22 16:27:55',NULL,NULL,'2024-02-23 01:12:39',2,1),(1510,43,3,'2024-02-23','2024-02-23 16:25:16',NULL,NULL,'2024-02-24 00:44:16',2,1),(1513,43,3,'2024-02-24','2024-02-24 16:24:42',NULL,NULL,'2024-02-25 00:37:42',2,1),(1516,43,3,'2024-02-25','2024-02-25 16:24:41',NULL,NULL,'2024-02-26 00:30:52',2,1),(1519,43,3,'2024-02-26','2024-02-26 16:25:43',NULL,NULL,'2024-02-27 00:31:07',2,1),(1522,43,3,'2024-02-27','2024-02-27 16:25:46',NULL,NULL,'2024-02-28 00:31:19',2,1),(1525,43,3,'2024-02-28','2024-02-28 16:23:27',NULL,NULL,'2024-02-29 00:31:44',2,1),(1527,24,3,'2024-02-29','2024-02-29 16:14:20',NULL,NULL,'2024-03-01 00:34:23',2,1),(1530,24,3,'2024-03-01','2024-03-01 16:13:13',NULL,NULL,'2024-03-02 01:35:31',2,1),(1533,24,3,'2024-03-02','2024-03-02 16:10:10',NULL,NULL,'2024-03-03 00:45:55',2,1),(1536,24,3,'2024-03-03','2024-03-03 16:22:15',NULL,NULL,'2024-03-04 00:48:55',2,1),(1539,24,3,'2024-03-04','2024-03-04 16:14:52',NULL,NULL,'2024-03-05 00:41:19',2,1),(1542,24,3,'2024-03-05','2024-03-05 16:06:38',NULL,NULL,'2024-03-06 01:04:59',2,1),(1545,24,3,'2024-03-06','2024-03-06 16:14:25',NULL,NULL,'2024-03-07 01:03:38',2,1),(1547,33,3,'2024-03-07','2024-03-07 16:30:25',NULL,NULL,'2024-03-08 00:51:30',2,1),(1550,33,3,'2024-03-08','2024-03-08 15:59:22',NULL,NULL,'2024-03-09 00:45:56',2,1),(1553,33,3,'2024-03-09','2024-03-09 16:28:55',NULL,NULL,'2024-03-10 00:33:06',2,1),(1556,33,3,'2024-03-10','2024-03-10 16:29:15',NULL,NULL,'2024-03-11 00:34:59',2,1),(1559,33,3,'2024-03-11','2024-03-11 16:14:53',NULL,NULL,'2024-03-12 00:35:54',2,1),(1562,33,3,'2024-03-12','2024-03-12 16:31:30',NULL,NULL,'2024-03-13 01:12:52',2,1),(1565,33,3,'2024-03-13','2024-03-13 16:23:40',NULL,NULL,'2024-03-14 00:35:10',2,1),(1567,23,3,'2024-03-14','2024-03-14 16:30:22',NULL,NULL,'2024-03-15 00:48:40',2,1),(1570,23,3,'2024-03-15','2024-03-15 16:29:25',NULL,NULL,'2024-03-16 00:34:38',2,1),(1573,23,3,'2024-03-16','2024-03-16 16:29:21',NULL,NULL,'2024-03-17 00:35:46',2,1),(1576,23,3,'2024-03-17','2024-03-17 16:29:42',NULL,NULL,'2024-03-18 00:32:59',2,1),(1579,23,3,'2024-03-18','2024-03-18 16:28:20',NULL,NULL,'2024-03-19 00:37:14',2,1),(1582,23,3,'2024-03-19','2024-03-19 16:28:55',NULL,NULL,'2024-03-20 00:32:37',2,1),(1585,23,3,'2024-03-20','2024-03-20 16:28:24',NULL,NULL,'2024-03-21 00:49:06',2,1),(1587,43,3,'2024-03-21','2024-03-21 16:20:58',NULL,NULL,'2024-03-22 00:35:31',2,1),(1590,43,3,'2024-03-22','2024-03-22 16:24:48',NULL,NULL,'2024-03-23 00:31:13',2,1),(1593,43,3,'2024-03-23','2024-03-23 16:24:31',NULL,NULL,'2024-03-24 00:31:10',2,1),(1596,43,3,'2024-03-24','2024-03-24 16:19:57',NULL,NULL,'2024-03-25 00:33:38',2,1),(1598,43,3,'2024-03-25','2024-03-25 16:27:04',NULL,NULL,'2024-03-26 00:30:07',2,1),(1602,43,3,'2024-03-27','2024-03-27 16:26:28',NULL,NULL,'2024-03-28 00:30:48',2,1),(1604,24,3,'2024-03-28','2024-03-28 16:18:41',NULL,NULL,'2024-03-29 00:35:47',2,1),(1606,24,3,'2024-03-29','2024-03-29 16:20:45',NULL,NULL,'2024-03-30 00:33:22',2,1),(1608,24,3,'2024-03-30','2024-03-30 16:19:23',NULL,NULL,'2024-03-31 01:34:08',2,1),(1610,24,3,'2024-03-31','2024-03-31 17:10:55',NULL,NULL,'2024-04-01 01:20:20',2,1),(1613,24,3,'2024-04-01','2024-04-01 16:12:49',NULL,NULL,'2024-04-02 00:37:50',2,1),(1616,24,3,'2024-04-02','2024-04-02 16:15:16',NULL,NULL,'2024-04-03 00:31:21',2,1),(1619,24,3,'2024-04-03','2024-04-03 16:12:45',NULL,NULL,'2024-04-04 00:37:21',2,1),(1621,33,3,'2024-04-04','2024-04-04 16:26:05',NULL,NULL,'2024-04-05 01:00:26',2,1),(1624,33,3,'2024-04-05','2024-04-05 16:17:50',NULL,NULL,'2024-04-06 00:30:01',2,1),(1627,33,3,'2024-04-06','2024-04-06 16:05:24',NULL,NULL,'2024-04-07 00:36:23',2,1),(1630,33,3,'2024-04-07','2024-04-07 16:28:42',NULL,NULL,'2024-04-08 00:36:22',2,1),(1633,33,3,'2024-04-08','2024-04-08 18:28:06',NULL,NULL,'2024-04-09 02:32:00',2,1),(1636,33,3,'2024-04-09','2024-04-09 16:30:07',NULL,NULL,'2024-04-10 00:33:31',2,1),(1639,33,3,'2024-04-10','2024-04-10 16:24:32',NULL,NULL,'2024-04-11 00:33:40',2,1),(1641,23,3,'2024-04-11','2024-04-11 16:29:41',NULL,NULL,'2024-04-12 00:38:42',2,1),(1644,23,3,'2024-04-12','2024-04-12 16:30:23',NULL,NULL,'2024-04-13 00:47:27',2,1),(1647,23,3,'2024-04-13','2024-04-13 16:32:24',NULL,NULL,'2024-04-14 00:38:57',2,1),(1650,23,3,'2024-04-14','2024-04-14 16:29:41',NULL,NULL,'2024-04-15 00:36:12',2,1),(1652,23,3,'2024-04-15','2024-04-15 16:29:12',NULL,NULL,'2024-04-16 00:47:08',2,1),(1654,23,3,'2024-04-16','2024-04-16 16:28:26',NULL,NULL,'2024-04-17 00:33:38',2,1),(1657,23,3,'2024-04-17','2024-04-17 16:28:35',NULL,NULL,'2024-04-18 00:38:25',2,1),(1659,33,3,'2024-04-18','2024-04-18 16:28:35',NULL,NULL,'2024-04-19 00:30:15',2,1),(1662,33,3,'2024-04-19','2024-04-19 16:05:28',NULL,NULL,'2024-04-20 00:34:05',2,1),(1665,43,3,'2024-04-20','2024-04-20 16:29:37',NULL,NULL,'2024-04-21 00:36:44',2,1),(1668,43,3,'2024-04-21','2024-04-21 16:26:39',NULL,NULL,'2024-04-22 00:30:43',2,1),(1671,43,3,'2024-04-22','2024-04-22 16:32:14',NULL,NULL,'2024-04-23 00:44:38',2,1),(1674,43,3,'2024-04-23','2024-04-23 16:24:15',NULL,NULL,'2024-04-24 00:31:30',2,1),(1677,43,3,'2024-04-24','2024-04-24 16:26:20',NULL,NULL,'2024-04-25 00:30:13',2,1),(1679,24,3,'2024-04-25','2024-04-25 16:07:13',NULL,NULL,'2024-04-26 00:58:55',2,1),(1682,24,3,'2024-04-26','2024-04-26 16:14:14',NULL,NULL,'2024-04-27 00:38:05',2,1),(1685,24,3,'2024-04-27','2024-04-27 16:19:26',NULL,NULL,'2024-04-28 00:51:58',2,1),(1688,33,3,'2024-04-28','2024-04-28 16:28:55',NULL,NULL,'2024-04-29 00:35:42',2,1),(1691,24,3,'2024-04-29','2024-04-29 16:14:06',NULL,NULL,'2024-04-30 00:37:58',2,1),(1694,24,3,'2024-04-30','2024-04-30 16:17:26',NULL,NULL,'2024-05-01 00:45:26',2,1),(1697,24,3,'2024-05-01','2024-05-01 16:18:53',NULL,NULL,'2024-05-02 00:43:39',2,1),(1699,33,3,'2024-05-02','2024-05-02 16:26:51',NULL,NULL,'2024-05-03 00:37:10',2,1),(1702,33,3,'2024-05-03','2024-05-03 16:26:24',NULL,NULL,'2024-05-04 00:31:11',2,1),(1705,33,3,'2024-05-04','2024-05-04 16:28:49',NULL,NULL,'2024-05-05 00:47:19',2,1),(1708,33,3,'2024-05-05','2024-05-05 16:30:04',NULL,NULL,'2024-05-06 01:12:41',2,1),(1711,33,3,'2024-05-06','2024-05-06 16:22:02',NULL,NULL,'2024-05-07 01:31:03',2,1),(1714,33,3,'2024-05-07','2024-05-07 16:27:06',NULL,NULL,'2024-05-08 00:40:21',2,1),(1717,33,3,'2024-05-08','2024-05-08 16:20:44',NULL,NULL,'2024-05-09 00:39:28',2,1),(1719,23,3,'2024-05-09','2024-05-09 16:29:46',NULL,NULL,'2024-05-10 00:33:39',2,1),(1722,23,3,'2024-05-10','2024-05-10 16:28:30',NULL,NULL,'2024-05-11 00:38:03',2,1),(1725,23,3,'2024-05-11','2024-05-11 16:28:42',NULL,NULL,'2024-05-12 00:31:00',2,1),(1728,23,3,'2024-05-12','2024-05-12 16:29:02',NULL,NULL,'2024-05-13 00:34:40',2,1),(1731,23,3,'2024-05-13','2024-05-13 16:27:24',NULL,NULL,'2024-05-14 00:37:23',2,1),(1734,23,3,'2024-05-14','2024-05-14 16:29:12',NULL,NULL,'2024-05-15 00:31:15',2,1),(1737,23,3,'2024-05-15','2024-05-15 16:26:45',NULL,NULL,'2024-05-16 00:35:08',2,1),(1739,43,3,'2024-05-16','2024-05-16 16:21:04',NULL,NULL,'2024-05-17 01:16:30',2,1),(1742,43,3,'2024-05-17','2024-05-17 16:22:24',NULL,NULL,'2024-05-18 00:45:10',2,1),(1745,43,3,'2024-05-18','2024-05-18 16:23:31',NULL,NULL,'2024-05-19 00:31:10',2,1),(1748,43,3,'2024-05-19','2024-05-19 16:27:35',NULL,NULL,'2024-05-20 00:31:20',2,1),(1751,43,3,'2024-05-20','2024-05-20 16:23:24',NULL,NULL,'2024-05-21 00:33:42',2,1),(1754,43,3,'2024-05-21','2024-05-21 16:27:32',NULL,NULL,'2024-05-22 00:31:29',2,1),(1757,43,3,'2024-05-22','2024-05-22 16:25:52',NULL,NULL,'2024-05-23 00:58:46',2,1),(1759,24,3,'2024-05-23','2024-05-23 16:02:06',NULL,NULL,'2024-05-24 00:42:54',2,1),(1762,24,3,'2024-05-24','2024-05-24 16:05:27',NULL,NULL,'2024-05-25 00:48:37',2,1),(1765,24,3,'2024-05-25','2024-05-25 16:12:54',NULL,NULL,'2024-05-26 00:33:02',2,1),(1768,24,3,'2024-05-26','2024-05-26 16:20:01',NULL,NULL,'2024-05-27 02:27:11',2,1),(1771,24,3,'2024-05-27','2024-05-27 16:16:39',NULL,NULL,'2024-05-28 00:35:34',2,1),(1774,24,3,'2024-05-28','2024-05-28 16:16:55',NULL,NULL,'2024-05-29 00:39:57',2,1),(1777,24,3,'2024-05-29','2024-05-29 16:20:47',NULL,NULL,'2024-05-30 00:37:31',2,1),(1779,33,3,'2024-05-30','2024-05-30 16:26:32',NULL,NULL,'2024-05-31 00:52:55',2,1),(1782,33,3,'2024-05-31','2024-05-31 16:29:49',NULL,NULL,'2024-06-01 01:17:46',2,1),(1785,33,3,'2024-06-01','2024-06-01 16:28:27',NULL,NULL,'2024-06-02 00:31:09',2,1),(1788,33,3,'2024-06-02','2024-06-02 16:29:49',NULL,NULL,'2024-06-03 00:44:28',2,1),(1790,33,3,'2024-06-03','2024-06-03 16:30:22',NULL,NULL,'2024-06-04 00:41:07',2,1),(1792,33,3,'2024-06-04','2024-06-04 16:29:31',NULL,NULL,'2024-06-05 00:56:27',2,1),(1795,33,3,'2024-06-05','2024-06-05 16:30:02',NULL,NULL,'2024-06-06 01:35:37',2,1),(1797,23,3,'2024-06-06','2024-06-06 16:29:46',NULL,NULL,'2024-06-07 00:35:10',2,1),(1799,23,3,'2024-06-07','2024-06-07 16:29:20',NULL,NULL,'2024-06-08 00:40:28',2,1),(1801,23,3,'2024-06-08','2024-06-08 16:28:10',NULL,NULL,'2024-06-09 00:49:12',2,1),(1803,23,3,'2024-06-09','2024-06-09 16:28:49',NULL,NULL,'2024-06-10 00:33:52',2,1),(1806,23,3,'2024-06-10','2024-06-10 16:28:11',NULL,NULL,'2024-06-11 00:34:18',2,1),(1809,23,3,'2024-06-11','2024-06-11 16:29:04',NULL,NULL,'2024-06-12 00:41:33',2,1),(1812,23,3,'2024-06-12','2024-06-12 16:29:59',NULL,NULL,'2024-06-13 01:07:47',2,1),(1814,43,3,'2024-06-13','2024-06-13 18:14:56',NULL,NULL,'2024-06-14 00:42:19',2,1),(1817,43,3,'2024-06-14','2024-06-14 16:22:07',NULL,NULL,'2024-06-15 00:30:41',2,1),(1820,43,3,'2024-06-15','2024-06-15 16:20:23',NULL,NULL,'2024-06-16 00:37:52',2,1),(1823,43,3,'2024-06-16','2024-06-16 16:34:35',NULL,NULL,'2024-06-17 00:33:10',2,1),(1826,43,3,'2024-06-17','2024-06-17 16:20:41',NULL,NULL,'2024-06-18 00:30:31',2,1),(1829,43,3,'2024-06-18','2024-06-18 16:25:51',NULL,NULL,'2024-06-19 00:32:26',2,1),(1832,43,3,'2024-06-19','2024-06-19 16:28:56',NULL,NULL,'2024-06-20 00:31:15',2,1),(1834,24,3,'2024-06-20','2024-06-20 16:05:35',NULL,NULL,'2024-06-21 00:50:30',2,1),(1837,24,3,'2024-06-21','2024-06-21 16:24:03',NULL,NULL,'2024-06-22 00:32:53',2,1),(1840,24,3,'2024-06-22','2024-06-22 16:05:14',NULL,NULL,'2024-06-23 00:35:28',2,1),(1843,24,3,'2024-06-23','2024-06-23 16:22:16',NULL,NULL,'2024-06-24 00:39:33',2,1),(1846,24,3,'2024-06-24','2024-06-24 16:06:44',NULL,NULL,'2024-06-25 00:39:59',2,1),(1849,24,3,'2024-06-25','2024-06-25 16:21:34',NULL,NULL,'2024-06-26 00:34:49',2,1),(1852,24,3,'2024-06-26','2024-06-26 16:07:14',NULL,NULL,'2024-06-27 00:39:48',2,1),(1854,33,3,'2024-06-27','2024-06-27 16:31:01',NULL,NULL,'2024-06-28 00:59:39',2,1),(1857,33,3,'2024-06-28','2024-06-28 16:28:10',NULL,NULL,'2024-06-29 00:36:36',2,1),(1860,33,3,'2024-06-29','2024-06-29 16:18:27',NULL,NULL,'2024-06-30 00:33:51',2,1),(1863,33,3,'2024-06-30','2024-06-30 16:30:05',NULL,NULL,'2024-07-01 00:30:47',2,1),(1866,33,3,'2024-07-01','2024-07-01 16:30:19',NULL,NULL,'2024-07-02 00:58:47',2,1),(1869,33,3,'2024-07-02','2024-07-02 16:27:14',NULL,NULL,'2024-07-03 00:34:23',2,1),(1872,33,3,'2024-07-03','2024-07-03 16:29:37',NULL,NULL,'2024-07-04 00:34:22',2,1),(1874,23,3,'2024-07-04','2024-07-04 16:29:30',NULL,NULL,'2024-07-05 00:43:43',2,1),(1877,23,3,'2024-07-05','2024-07-05 16:29:17',NULL,NULL,'2024-07-06 00:43:15',2,1),(1880,23,3,'2024-07-06','2024-07-06 16:29:33',NULL,NULL,'2024-07-07 00:42:22',2,1),(1883,23,3,'2024-07-07','2024-07-07 16:30:06',NULL,NULL,'2024-07-08 00:32:41',2,1),(1886,23,3,'2024-07-08','2024-07-08 16:30:02',NULL,NULL,'2024-07-09 00:40:05',2,1),(1889,23,3,'2024-07-09','2024-07-09 16:28:08',NULL,NULL,'2024-07-10 00:46:44',2,1),(1892,23,3,'2024-07-10','2024-07-10 16:28:03',NULL,NULL,'2024-07-11 00:47:41',2,1),(1894,43,3,'2024-07-11','2024-07-11 16:26:49',NULL,NULL,'2024-07-12 01:09:29',2,1),(1897,43,3,'2024-07-12','2024-07-12 16:19:47',NULL,NULL,'2024-07-13 00:39:19',2,1),(1900,43,3,'2024-07-13','2024-07-13 16:25:00',NULL,NULL,'2024-07-14 00:51:32',2,1),(1903,43,3,'2024-07-14','2024-07-14 16:23:00',NULL,NULL,'2024-07-15 00:36:16',2,1),(1906,43,3,'2024-07-15','2024-07-15 16:20:07',NULL,NULL,'2024-07-16 00:32:51',2,1),(1909,43,3,'2024-07-16','2024-07-16 16:21:08',NULL,NULL,'2024-07-17 00:31:13',2,1),(1911,43,3,'2024-07-17','2024-07-17 16:21:56',NULL,NULL,'2024-07-18 00:39:20',2,1),(1913,24,3,'2024-07-18','2024-07-18 16:07:57',NULL,NULL,'2024-07-19 01:36:55',2,1),(1916,24,3,'2024-07-19','2024-07-19 16:06:51',NULL,NULL,'2024-07-20 01:11:34',2,1),(1919,24,3,'2024-07-20','2024-07-20 16:23:18',NULL,NULL,'2024-07-21 00:50:54',2,1),(1922,24,3,'2024-07-21','2024-07-21 16:08:54',NULL,NULL,'2024-07-22 00:39:03',2,1),(1925,24,3,'2024-07-22','2024-07-22 16:13:05',NULL,NULL,'2024-07-23 00:36:49',2,1),(1928,24,3,'2024-07-23','2024-07-23 16:16:50',NULL,NULL,'2024-07-24 01:16:56',2,1),(1931,24,3,'2024-07-24','2024-07-24 16:22:00',NULL,NULL,'2024-07-25 01:20:42',2,1),(1933,33,3,'2024-07-25','2024-07-25 16:24:50',NULL,NULL,'2024-07-26 01:57:01',2,1),(1936,33,3,'2024-07-26','2024-07-26 16:49:16',NULL,NULL,'2024-07-27 00:52:32',2,1),(1939,33,3,'2024-07-27','2024-07-27 16:32:21',NULL,NULL,'2024-07-28 00:46:54',2,1),(1942,33,3,'2024-07-28','2024-07-28 16:29:54',NULL,NULL,'2024-07-29 00:54:41',2,1),(1945,33,3,'2024-07-29','2024-07-29 16:41:19',NULL,NULL,'2024-07-30 01:49:54',2,1),(1948,33,3,'2024-07-30','2024-07-30 16:36:20',NULL,NULL,'2024-07-31 00:59:59',2,1),(1951,33,3,'2024-07-31','2024-07-31 16:07:18',NULL,NULL,'2024-08-01 00:32:36',2,1),(1953,23,3,'2024-08-01','2024-08-01 16:36:49',NULL,NULL,'2024-08-02 00:36:32',2,1),(1956,23,3,'2024-08-02','2024-08-02 16:28:45',NULL,NULL,'2024-08-03 00:50:57',2,1),(1959,23,3,'2024-08-03','2024-08-03 16:27:37',NULL,NULL,'2024-08-04 00:32:39',2,1),(1962,23,3,'2024-08-04','2024-08-04 16:28:12',NULL,NULL,'2024-08-05 00:37:36',2,1),(1965,23,3,'2024-08-05','2024-08-05 16:28:21',NULL,NULL,'2024-08-06 00:36:34',2,1),(1968,23,3,'2024-08-06','2024-08-06 16:29:29',NULL,NULL,'2024-08-07 00:59:34',2,1),(1971,23,3,'2024-08-07','2024-08-07 16:29:07',NULL,NULL,'2024-08-08 01:01:57',2,1),(1973,43,3,'2024-08-08','2024-08-08 16:23:37',NULL,NULL,'2024-08-09 00:35:46',2,1),(1976,43,3,'2024-08-09','2024-08-09 16:21:22',NULL,NULL,'2024-08-10 00:31:17',2,1),(1979,43,3,'2024-08-10','2024-08-10 16:21:17',NULL,NULL,'2024-08-11 00:42:07',2,1),(1982,43,3,'2024-08-11','2024-08-11 16:18:33',NULL,NULL,'2024-08-12 00:33:17',2,1),(1985,43,3,'2024-08-12','2024-08-12 16:25:02',NULL,NULL,'2024-08-13 00:34:59',2,1),(1988,43,3,'2024-08-13','2024-08-13 16:23:54',NULL,NULL,'2024-08-14 00:30:34',2,1),(1991,43,3,'2024-08-14','2024-08-14 16:22:35',NULL,NULL,'2024-08-15 00:31:11',2,1),(1994,24,3,'2024-08-15','2024-08-15 16:16:07',NULL,NULL,'2024-08-16 00:36:09',2,1),(1997,24,3,'2024-08-16','2024-08-16 16:00:27',NULL,NULL,'2024-08-17 00:45:03',2,1),(2000,24,3,'2024-08-17','2024-08-17 16:29:28',NULL,NULL,'2024-08-18 00:40:29',2,1),(2003,24,3,'2024-08-18','2024-08-18 16:12:39',NULL,NULL,'2024-08-19 00:33:23',2,1),(2006,24,3,'2024-08-19','2024-08-19 16:26:11',NULL,NULL,'2024-08-20 01:51:44',2,1),(2009,24,3,'2024-08-20','2024-08-20 16:10:55',NULL,NULL,'2024-08-21 00:52:12',2,1),(2012,24,3,'2024-08-21','2024-08-21 16:10:54',NULL,NULL,'2024-08-22 00:48:23',2,1),(2014,33,3,'2024-08-22','2024-08-22 16:30:20',NULL,NULL,'2024-08-23 01:00:34',2,1),(2017,33,3,'2024-08-23','2024-08-23 16:22:48',NULL,NULL,'2024-08-24 01:30:00',2,1),(2020,33,3,'2024-08-24','2024-08-24 16:31:16',NULL,NULL,'2024-08-25 02:32:00',2,1),(2023,33,3,'2024-08-25','2024-08-25 16:34:03',NULL,NULL,'2024-08-26 00:37:52',2,1),(2026,33,3,'2024-08-26','2024-08-26 16:25:49',NULL,NULL,'2024-08-27 01:04:12',2,1),(2029,33,3,'2024-08-27','2024-08-27 16:41:36',NULL,NULL,'2024-08-28 01:31:48',2,1),(2032,33,3,'2024-08-28','2024-08-28 16:26:43',NULL,NULL,'2024-08-29 01:00:19',2,1),(2034,23,3,'2024-08-29','2024-08-29 16:28:19',NULL,NULL,'2024-08-30 00:33:11',2,1),(2037,23,3,'2024-08-30','2024-08-30 16:28:21',NULL,NULL,'2024-08-31 00:40:22',2,1),(2040,23,3,'2024-08-31','2024-08-31 16:30:09',NULL,NULL,'2024-09-01 00:34:37',2,1),(2043,23,3,'2024-09-01','2024-09-01 16:28:59',NULL,NULL,'2024-09-02 01:07:26',2,1),(2046,23,3,'2024-09-02','2024-09-02 16:28:40',NULL,NULL,'2024-09-03 01:00:14',2,1),(2048,23,3,'2024-09-03','2024-09-03 16:28:49',NULL,NULL,'2024-09-04 00:35:26',2,1),(2051,23,3,'2024-09-04','2024-09-04 16:30:34',NULL,NULL,'2024-09-05 00:36:37',2,1),(2053,43,3,'2024-09-05','2024-09-05 16:21:09',NULL,NULL,'2024-09-06 00:40:42',2,1),(2056,43,3,'2024-09-06','2024-09-06 16:19:36',NULL,NULL,'2024-09-07 00:30:30',2,1),(2059,43,3,'2024-09-07','2024-09-07 16:22:13',NULL,NULL,'2024-09-08 00:42:44',2,1),(2062,43,3,'2024-09-08','2024-09-08 16:23:52',NULL,NULL,'2024-09-09 00:30:24',2,1),(2065,43,3,'2024-09-09','2024-09-09 16:19:41',NULL,NULL,'2024-09-10 00:31:01',2,1),(2068,43,3,'2024-09-10','2024-09-10 16:21:59',NULL,NULL,'2024-09-11 00:30:28',2,1),(2071,43,3,'2024-09-11','2024-09-11 16:22:45',NULL,NULL,'2024-09-12 00:31:33',2,1),(2073,24,3,'2024-09-12','2024-09-12 16:17:21',NULL,NULL,'2024-09-13 00:42:36',2,1),(2076,24,3,'2024-09-13','2024-09-13 16:12:38',NULL,NULL,'2024-09-14 00:39:26',2,1),(2080,33,3,'2024-09-15','2024-09-15 16:36:04',NULL,NULL,'2024-09-16 00:54:40',2,1),(2082,23,3,'2024-09-16','2024-09-16 16:29:30',NULL,NULL,'2024-09-17 00:55:55',2,1),(2084,23,3,'2024-09-17','2024-09-17 16:28:15',NULL,NULL,'2024-09-18 00:56:32',2,1),(2086,33,3,'2024-09-18','2024-09-18 16:30:11',NULL,NULL,'2024-09-19 00:47:02',2,1),(2088,33,3,'2024-09-19','2024-09-19 16:25:44',NULL,NULL,'2024-09-20 00:42:15',2,1),(2090,23,3,'2024-09-20','2024-09-20 16:28:15',NULL,NULL,'2024-09-21 00:36:13',2,1),(2092,23,3,'2024-09-21','2024-09-21 16:27:31',NULL,NULL,'2024-09-22 00:40:53',2,1),(2094,23,3,'2024-09-22','2024-09-22 16:28:31',NULL,NULL,'2024-09-23 00:39:39',2,1),(2096,43,3,'2024-09-23','2024-09-23 17:28:05',NULL,NULL,'2024-09-24 00:43:21',2,1),(2098,43,3,'2024-09-24','2024-09-24 16:52:16',NULL,NULL,'2024-09-25 00:30:21',2,1),(2100,23,3,'2024-09-25','2024-09-25 17:23:35',NULL,NULL,'2024-09-26 00:34:20',2,1),(2102,23,3,'2024-09-26','2024-09-26 16:31:35',NULL,NULL,'2024-09-27 00:35:17',2,1),(2104,43,3,'2024-09-27','2024-09-27 16:34:59',NULL,NULL,'2024-09-28 00:58:40',2,1),(2106,43,3,'2024-09-28','2024-09-28 16:28:23',NULL,NULL,'2024-09-29 00:33:21',2,1),(2108,43,3,'2024-09-29','2024-09-29 16:29:05',NULL,NULL,'2024-09-30 00:30:39',2,1),(2110,43,3,'2024-09-30','2024-09-30 17:45:05',NULL,NULL,'2024-10-01 00:38:28',2,1),(2112,43,3,'2024-10-01','2024-10-01 16:24:52',NULL,NULL,'2024-10-02 00:31:10',2,1),(2115,43,3,'2024-10-02','2024-10-02 16:24:41',NULL,NULL,'2024-10-03 00:40:21',2,1),(2117,33,3,'2024-10-03','2024-10-03 16:16:52',NULL,NULL,'2024-10-04 00:56:26',2,1),(2119,33,3,'2024-10-04','2024-10-04 16:36:55',NULL,NULL,'2024-10-05 01:08:11',2,1),(2121,33,3,'2024-10-05','2024-10-05 16:28:37',NULL,NULL,'2024-10-06 00:42:08',2,1),(2123,33,3,'2024-10-06','2024-10-06 15:31:21',NULL,NULL,'2024-10-07 00:30:41',2,1),(2125,33,3,'2024-10-07','2024-10-07 16:31:01',NULL,NULL,'2024-10-08 00:42:33',2,1),(2127,33,3,'2024-10-08','2024-10-08 16:31:32',NULL,NULL,'2024-10-09 00:32:55',2,1),(2130,33,3,'2024-10-09','2024-10-09 16:30:15',NULL,NULL,'2024-10-10 00:38:55',2,1),(2132,23,3,'2024-10-10','2024-10-10 16:29:04',NULL,NULL,'2024-10-11 00:46:00',2,1),(2134,23,3,'2024-10-11','2024-10-11 16:28:47',NULL,NULL,'2024-10-12 00:38:24',2,1),(2136,23,3,'2024-10-12','2024-10-12 16:28:55',NULL,NULL,'2024-10-13 00:44:04',2,1),(2138,23,3,'2024-10-13','2024-10-13 16:31:04',NULL,NULL,'2024-10-14 00:47:44',2,1),(2140,23,3,'2024-10-14','2024-10-14 16:28:34',NULL,NULL,'2024-10-15 00:49:41',2,1),(2142,23,3,'2024-10-15','2024-10-15 16:31:47',NULL,NULL,'2024-10-16 00:40:32',2,1),(2145,23,3,'2024-10-16','2024-10-16 16:30:24',NULL,NULL,'2024-10-17 00:47:56',2,1),(2147,43,3,'2024-10-17','2024-10-17 16:27:25',NULL,NULL,'2024-10-18 01:39:15',2,1),(2149,43,3,'2024-10-18','2024-10-18 16:20:49',NULL,NULL,'2024-10-19 00:30:35',2,1),(2151,43,3,'2024-10-19','2024-10-19 16:26:15',NULL,NULL,'2024-10-20 00:31:05',2,1),(2153,43,3,'2024-10-20','2024-10-20 16:28:46',NULL,NULL,'2024-10-21 00:31:05',2,1),(2155,43,3,'2024-10-21','2024-10-21 16:23:41',NULL,NULL,'2024-10-22 00:34:33',2,1),(2157,43,3,'2024-10-22','2024-10-22 16:26:36',NULL,NULL,'2024-10-23 00:30:40',2,1),(2160,43,3,'2024-10-23','2024-10-23 16:22:17',NULL,NULL,'2024-10-24 00:30:59',2,1),(2162,33,3,'2024-10-24','2024-10-24 16:25:44',NULL,NULL,'2024-10-25 02:18:17',2,1),(2164,33,3,'2024-10-25','2024-10-25 16:52:49',NULL,NULL,'2024-10-26 00:54:11',2,1),(2166,33,3,'2024-10-26','2024-10-26 16:39:51',NULL,NULL,'2024-10-26 23:49:24',2,1),(2168,33,3,'2024-10-27','2024-10-27 13:34:22',NULL,NULL,'2024-10-28 00:39:03',2,1),(2170,23,3,'2024-10-28','2024-10-28 15:28:43',NULL,NULL,'2024-10-29 00:42:00',2,1),(2172,33,3,'2024-10-29','2024-10-29 17:25:34',NULL,NULL,'2024-10-30 02:56:06',2,1),(2175,33,3,'2024-10-30','2024-10-30 16:28:43',NULL,NULL,'2024-10-31 01:16:45',2,1),(2177,33,3,'2024-10-31','2024-10-31 16:30:13',NULL,NULL,'2024-11-01 01:20:08',2,1),(2179,23,3,'2024-11-01','2024-11-01 16:26:34',NULL,NULL,'2024-11-02 00:43:24',2,1),(2181,23,3,'2024-11-02','2024-11-02 16:26:23',NULL,NULL,'2024-11-03 00:35:08',2,1),(2183,23,3,'2024-11-03','2024-11-03 16:27:42',NULL,NULL,'2024-11-04 00:42:06',2,1),(2185,23,3,'2024-11-04','2024-11-04 16:32:17',NULL,NULL,'2024-11-05 00:50:15',2,0),(2187,23,3,'2024-11-05','2024-11-05 16:30:43',NULL,NULL,'2024-11-06 00:46:30',2,0),(2190,23,3,'2024-11-06','2024-11-06 16:29:44',NULL,NULL,'2024-11-07 01:00:44',2,1),(2192,43,3,'2024-11-07','2024-11-07 16:27:57',NULL,NULL,'2024-11-08 00:45:11',2,1),(2194,43,3,'2024-11-08','2024-11-08 16:19:29',NULL,NULL,'2024-11-09 00:57:44',2,1),(2196,43,3,'2024-11-09','2024-11-09 16:18:40',NULL,NULL,'2024-11-09 20:05:37',2,1),(2198,43,3,'2024-11-10','2024-11-10 16:26:10',NULL,NULL,'2024-11-11 00:34:14',2,1),(2200,43,3,'2024-11-11','2024-11-11 16:35:04',NULL,NULL,'2024-11-12 00:30:50',2,1),(2202,43,3,'2024-11-12','2024-11-12 16:25:13',NULL,NULL,'2024-11-13 00:40:16',2,1),(2205,43,3,'2024-11-13','2024-11-13 16:28:02',NULL,NULL,'2024-11-14 00:32:42',2,1),(2207,33,3,'2024-11-14','2024-11-14 16:31:38',NULL,NULL,'2024-11-15 01:13:10',2,1),(2209,33,3,'2024-11-15','2024-11-15 16:35:09',NULL,NULL,'2024-11-16 01:34:05',2,1),(2211,33,3,'2024-11-16','2024-11-16 16:30:06',NULL,NULL,'2024-11-17 00:55:02',2,0),(2213,33,3,'2024-11-17','2024-11-17 16:08:23',NULL,NULL,'2024-11-18 00:51:44',2,0),(2215,33,3,'2024-11-18','2024-11-18 16:55:51',NULL,NULL,'2024-11-19 01:43:59',2,1),(2217,33,3,'2024-11-19','2024-11-19 17:23:14',NULL,NULL,'2024-11-20 11:28:39',2,1),(2220,33,3,'2024-11-20','2024-11-20 16:34:35',NULL,NULL,'2024-11-21 00:32:48',2,1),(2222,23,3,'2024-11-21','2024-11-21 16:28:37',NULL,NULL,'2024-11-22 00:54:52',2,1),(2224,23,3,'2024-11-22','2024-11-22 16:28:26',NULL,NULL,'2024-11-23 00:31:57',2,1),(2226,23,3,'2024-11-23','2024-11-23 16:31:59',NULL,NULL,'2024-11-24 00:45:55',2,1),(2228,23,3,'2024-11-24','2024-11-24 16:29:41',NULL,NULL,'2024-11-25 00:36:21',2,1),(2230,23,3,'2024-11-25','2024-11-25 16:28:26',NULL,NULL,'2024-11-26 00:58:29',2,1),(2232,23,3,'2024-11-26','2024-11-26 16:30:20',NULL,NULL,'2024-11-27 01:02:27',2,1),(2235,23,3,'2024-11-27','2024-11-27 16:28:05',NULL,NULL,'2024-11-28 00:51:05',2,1),(2237,43,3,'2024-11-28','2024-11-28 16:21:07',NULL,NULL,'2024-11-29 00:40:27',2,1),(2239,43,3,'2024-11-29','2024-11-29 16:23:53',NULL,NULL,'2024-11-30 00:30:42',2,1),(2241,43,3,'2024-11-30','2024-11-30 16:30:00',NULL,NULL,'2024-12-01 00:42:46',2,1),(2243,43,3,'2024-12-01','2024-12-01 16:22:17',NULL,NULL,'2024-12-02 00:37:10',2,1),(2245,43,3,'2024-12-02','2024-12-02 16:18:10',NULL,NULL,'2024-12-03 00:41:25',2,1),(2247,43,3,'2024-12-03','2024-12-03 16:25:36',NULL,NULL,'2024-12-04 00:50:28',2,1),(2250,43,3,'2024-12-04','2024-12-04 16:21:03',NULL,NULL,'2024-12-05 00:39:11',2,1),(2252,33,3,'2024-12-05','2024-12-05 16:22:17',NULL,NULL,'2024-12-06 00:51:02',2,1),(2254,33,3,'2024-12-06','2024-12-06 16:42:18',NULL,NULL,'2024-12-07 00:44:03',2,1),(2256,33,3,'2024-12-07','2024-12-07 16:23:39',NULL,NULL,'2024-12-08 00:34:46',2,1),(2258,33,3,'2024-12-08','2024-12-08 16:21:29',NULL,NULL,'2024-12-09 00:47:56',2,1),(2260,33,3,'2024-12-09','2024-12-09 16:28:06',NULL,NULL,'2024-12-10 16:36:02',2,1),(2262,33,3,'2024-12-10','2024-12-10 16:36:16',NULL,NULL,'2024-12-11 02:41:30',2,1),(2265,33,3,'2024-12-11','2024-12-11 16:42:28',NULL,NULL,'2024-12-12 01:07:45',2,1),(2267,23,3,'2024-12-12','2024-12-12 16:27:36',NULL,NULL,'2024-12-13 00:33:14',2,1),(2269,23,3,'2024-12-13','2024-12-13 16:28:24',NULL,NULL,'2024-12-14 00:40:37',2,1),(2271,23,3,'2024-12-14','2024-12-14 16:27:09',NULL,NULL,'2024-12-15 00:34:57',2,1),(2273,23,3,'2024-12-15','2024-12-15 16:30:58',NULL,NULL,'2024-12-16 01:06:42',2,1),(2275,23,3,'2024-12-16','2024-12-16 16:28:46',NULL,NULL,'2024-12-17 01:05:38',2,1),(2277,23,3,'2024-12-17','2024-12-17 16:29:29',NULL,NULL,'2024-12-18 00:41:17',2,1),(2280,23,3,'2024-12-18','2024-12-18 16:29:16',NULL,NULL,'2024-12-19 01:16:03',2,1),(2282,43,3,'2024-12-19','2024-12-19 16:20:03',NULL,NULL,'2024-12-20 00:34:17',2,1),(2284,43,3,'2024-12-20','2024-12-20 16:23:36',NULL,NULL,'2024-12-21 00:30:20',2,1),(2287,43,3,'2024-12-21','2024-12-21 16:17:04',NULL,NULL,'2024-12-22 00:30:59',2,1),(2290,43,3,'2024-12-22','2024-12-22 16:25:58',NULL,NULL,'2024-12-23 00:30:28',2,1),(2293,43,3,'2024-12-23','2024-12-23 16:21:52',NULL,NULL,'2024-12-24 00:36:13',2,1),(2296,43,3,'2024-12-24','2024-12-24 16:21:32',NULL,NULL,'2024-12-25 00:31:39',2,1),(2299,43,3,'2024-12-25','2024-12-25 16:25:48',NULL,NULL,'2024-12-26 01:09:11',2,1),(2301,24,3,'2024-12-26','2024-12-26 17:06:55',NULL,NULL,'2024-12-26 23:37:12',2,1),(2304,24,3,'2024-12-27','2024-12-27 17:14:05',NULL,NULL,'2024-12-27 23:47:49',2,1),(2307,24,3,'2024-12-28','2024-12-28 17:24:58',NULL,NULL,'2024-12-29 00:55:22',2,1),(2310,24,3,'2024-12-29','2024-12-29 17:24:29',NULL,NULL,'2024-12-29 23:44:48',2,1),(2313,24,3,'2024-12-30','2024-12-30 17:20:39',NULL,NULL,'2024-12-30 23:38:13',2,0),(2316,24,3,'2024-12-31','2024-12-31 17:18:47',NULL,NULL,'2024-12-31 23:45:29',2,0),(2319,24,3,'2025-01-01','2025-01-01 17:12:51',NULL,NULL,'2025-01-02 00:49:49',2,0),(2321,33,3,'2025-01-02','2025-01-02 17:23:46',NULL,NULL,'2025-01-03 00:41:03',2,0),(2324,33,3,'2025-01-03','2025-01-03 16:33:11',NULL,NULL,'2025-01-04 01:58:00',2,0),(2327,33,3,'2025-01-04','2025-01-04 16:26:46',NULL,NULL,'2025-01-05 01:44:39',2,0),(2330,33,3,'2025-01-05','2025-01-05 16:33:06',NULL,NULL,'2025-01-06 01:21:26',2,0),(2333,33,3,'2025-01-06','2025-01-06 16:29:35',NULL,NULL,'2025-01-07 02:13:56',2,1),(2336,33,3,'2025-01-07','2025-01-07 18:21:17',NULL,NULL,'2025-01-08 02:50:34',2,1),(2339,33,3,'2025-01-08','2025-01-08 16:49:28',NULL,NULL,'2025-01-09 02:25:47',2,1),(2341,23,3,'2025-01-09','2025-01-09 16:28:09',NULL,NULL,'2025-01-10 00:55:23',2,1),(2344,23,3,'2025-01-10','2025-01-10 16:34:35',NULL,NULL,'2025-01-11 00:39:52',2,1),(2347,23,3,'2025-01-11','2025-01-11 16:32:51',NULL,NULL,'2025-01-12 00:41:57',2,1),(2350,23,3,'2025-01-12','2025-01-12 16:28:25',NULL,NULL,'2025-01-13 00:32:56',2,1),(2353,23,3,'2025-01-13','2025-01-13 16:28:48',NULL,NULL,'2025-01-14 00:33:36',2,1),(2356,23,3,'2025-01-14','2025-01-14 16:30:29',NULL,NULL,'2025-01-15 00:34:16',2,1),(2359,23,3,'2025-01-15','2025-01-15 16:30:28',NULL,NULL,'2025-01-16 00:39:02',2,1),(2361,43,3,'2025-01-16','2025-01-16 16:21:17',NULL,NULL,'2025-01-17 00:30:39',2,1),(2364,43,3,'2025-01-17','2025-01-17 16:26:10',NULL,NULL,'2025-01-18 00:31:41',2,1),(2367,43,3,'2025-01-18','2025-01-18 16:16:04',NULL,NULL,'2025-01-19 00:35:03',2,1),(2370,43,3,'2025-01-19','2025-01-19 16:26:00',NULL,NULL,'2025-01-20 00:31:38',2,1),(2372,43,3,'2025-01-20','2025-01-20 16:23:36',NULL,NULL,'2025-01-21 00:31:05',2,1),(2374,43,3,'2025-01-21','2025-01-21 16:24:50',NULL,NULL,'2025-01-22 01:00:19',2,1),(2377,43,3,'2025-01-22','2025-01-22 16:23:28',NULL,NULL,'2025-01-23 00:30:39',2,1),(2379,24,3,'2025-01-23','2025-01-23 17:23:06',NULL,NULL,'2025-01-24 02:13:22',2,1),(2381,24,3,'2025-01-24','2025-01-24 17:12:17',NULL,NULL,'2025-01-25 01:06:41',2,1),(2383,24,3,'2025-01-25','2025-01-25 17:26:00',NULL,NULL,'2025-01-25 23:39:11',2,1),(2385,24,3,'2025-01-26','2025-01-26 17:13:14',NULL,NULL,'2025-01-26 23:33:09',2,1),(2388,24,3,'2025-01-27','2025-01-27 17:20:05',NULL,NULL,'2025-01-27 23:47:04',2,1),(2391,24,3,'2025-01-28','2025-01-28 17:23:43',NULL,NULL,'2025-01-28 23:47:32',2,1),(2394,24,3,'2025-01-29','2025-01-29 17:20:55',NULL,NULL,'2025-01-29 23:57:12',2,1),(2396,33,3,'2025-01-30','2025-01-30 16:41:38',NULL,NULL,'2025-01-31 03:58:07',2,1),(2399,33,3,'2025-01-31','2025-01-31 17:30:49',NULL,NULL,'2025-02-01 02:23:45',2,1),(2402,33,3,'2025-02-01','2025-02-01 21:19:22',NULL,NULL,'2025-02-02 16:31:42',2,1),(2405,33,3,'2025-02-02','2025-02-02 16:31:50',NULL,NULL,'2025-02-03 02:01:51',2,1),(2408,33,3,'2025-02-03','2025-02-03 17:06:32',NULL,NULL,'2025-02-04 02:41:37',2,1),(2411,33,3,'2025-02-04','2025-02-04 17:31:13',NULL,NULL,'2025-02-05 01:55:46',2,1),(2414,33,3,'2025-02-05','2025-02-05 18:04:16',NULL,NULL,'2025-02-06 02:10:45',2,1),(2416,23,3,'2025-02-06','2025-02-06 17:26:02',NULL,NULL,'2025-02-07 01:47:54',2,1),(2419,23,3,'2025-02-07','2025-02-07 16:30:02',NULL,NULL,'2025-02-08 01:28:11',2,1),(2422,23,3,'2025-02-08','2025-02-08 16:26:47',NULL,NULL,'2025-02-09 00:37:46',2,1),(2425,23,3,'2025-02-09','2025-02-09 16:51:30',NULL,NULL,'2025-02-10 00:48:34',2,1),(2428,23,3,'2025-02-10','2025-02-10 16:26:48',NULL,NULL,'2025-02-11 00:44:49',2,1),(2431,23,3,'2025-02-11','2025-02-11 16:28:34',NULL,NULL,'2025-02-12 00:36:19',2,1),(2434,23,3,'2025-02-12','2025-02-12 16:27:14',NULL,NULL,'2025-02-13 01:02:21',2,1),(2436,43,3,'2025-02-13','2025-02-13 16:23:32',NULL,NULL,'2025-02-14 00:31:01',2,1),(2439,43,3,'2025-02-14','2025-02-14 16:21:06',NULL,NULL,'2025-02-15 00:36:23',2,1),(2442,43,3,'2025-02-15','2025-02-15 16:16:11',NULL,NULL,'2025-02-16 00:38:47',2,1),(2445,43,3,'2025-02-16','2025-02-16 16:18:50',NULL,NULL,NULL,1,0),(2448,43,3,'2025-02-17','2025-02-17 16:20:35',NULL,NULL,'2025-02-18 00:36:23',2,1),(2451,43,3,'2025-02-18','2025-02-18 16:19:38',NULL,NULL,'2025-02-19 00:30:44',2,1),(2454,43,3,'2025-02-19','2025-02-19 16:23:46',NULL,NULL,'2025-02-20 00:30:52',2,1),(2456,24,3,'2025-02-20','2025-02-20 17:16:12',NULL,NULL,'2025-02-20 23:34:34',2,1),(2459,24,3,'2025-02-21','2025-02-21 17:12:22',NULL,NULL,'2025-02-22 00:10:35',2,1),(2462,24,3,'2025-02-22','2025-02-22 17:28:11',NULL,NULL,'2025-02-22 23:55:29',2,1),(2465,24,3,'2025-02-23','2025-02-23 17:20:16',NULL,NULL,'2025-02-23 23:39:46',2,1),(2468,24,3,'2025-02-24','2025-02-24 17:14:02',NULL,NULL,'2025-02-24 23:38:28',2,1),(2471,24,3,'2025-02-25','2025-02-25 17:15:23',NULL,NULL,'2025-02-25 23:39:40',2,1),(2474,24,3,'2025-02-26','2025-02-26 17:13:19',NULL,NULL,'2025-02-27 00:24:51',2,1),(2476,33,3,'2025-02-27','2025-02-27 16:51:49',NULL,NULL,'2025-02-28 01:44:07',2,1),(2479,33,3,'2025-02-28','2025-02-28 18:51:02',NULL,NULL,'2025-03-01 03:08:43',2,1),(2482,33,3,'2025-03-01','2025-03-01 18:27:48',NULL,NULL,'2025-03-02 02:28:54',2,1),(2485,33,3,'2025-03-02','2025-03-02 17:11:16',NULL,NULL,'2025-03-03 01:27:18',2,1),(2488,33,3,'2025-03-03','2025-03-03 16:35:45',NULL,NULL,'2025-03-04 01:14:29',2,1),(2491,33,3,'2025-03-04','2025-03-04 17:50:21',NULL,NULL,'2025-03-05 03:30:02',2,1),(2494,33,3,'2025-03-05','2025-03-05 17:55:56',NULL,NULL,'2025-03-06 12:55:38',2,1),(2496,23,3,'2025-03-06','2025-03-06 17:25:36',NULL,NULL,'2025-03-07 01:44:54',2,1),(2499,23,3,'2025-03-07','2025-03-07 16:24:39',NULL,NULL,'2025-03-08 00:50:00',2,1),(2502,23,3,'2025-03-08','2025-03-08 16:28:14',NULL,NULL,'2025-03-09 00:38:28',2,1),(2505,23,3,'2025-03-09','2025-03-09 16:25:54',NULL,NULL,'2025-03-10 00:55:03',2,1),(2508,23,3,'2025-03-10','2025-03-10 16:29:44',NULL,NULL,'2025-03-11 00:39:15',2,1),(2511,23,3,'2025-03-11','2025-03-11 16:27:00',NULL,NULL,'2025-03-12 00:43:16',2,1),(2514,23,3,'2025-03-12','2025-03-12 16:26:51',NULL,NULL,'2025-03-13 00:55:55',2,1),(2516,43,3,'2025-03-13','2025-03-13 16:22:20','2025-03-13 17:32:08','2025-03-13 17:32:14','2025-03-14 01:25:38',2,1),(2519,43,3,'2025-03-14','2025-03-14 16:22:13',NULL,NULL,'2025-03-15 00:34:13',2,1),(2541,43,3,'2025-03-15','2025-03-15 16:48:29',NULL,NULL,'2025-03-16 00:30:26',2,1),(2544,43,3,'2025-03-16','2025-03-16 16:24:29',NULL,NULL,'2025-03-17 01:06:33',2,1),(2547,43,3,'2025-03-17','2025-03-17 16:22:02',NULL,NULL,'2025-03-18 00:48:20',2,1),(2550,43,3,'2025-03-18','2025-03-18 16:19:41',NULL,NULL,'2025-03-19 00:50:28',2,1),(2553,43,3,'2025-03-19','2025-03-19 16:26:07',NULL,NULL,'2025-03-20 00:45:22',2,1),(2555,24,3,'2025-03-20','2025-03-20 17:06:54','2025-03-21 00:30:15','2025-03-21 00:30:18','2025-03-21 00:30:20',2,1),(2558,24,3,'2025-03-21','2025-03-21 17:18:49',NULL,NULL,'2025-03-22 00:32:25',2,1),(2561,24,3,'2025-03-22','2025-03-22 17:39:35',NULL,NULL,'2025-03-23 00:09:21',2,1),(2564,24,3,'2025-03-23','2025-03-23 17:25:40',NULL,NULL,'2025-03-24 00:12:43',2,1),(2566,24,3,'2025-03-24','2025-03-24 17:18:33',NULL,NULL,'2025-03-25 00:07:57',2,1),(2568,24,3,'2025-03-25','2025-03-25 17:18:02',NULL,NULL,'2025-03-26 00:08:01',2,1),(2571,24,3,'2025-03-26','2025-03-26 17:27:13',NULL,NULL,'2025-03-27 00:29:09',2,1),(2573,33,3,'2025-03-27','2025-03-27 17:08:05',NULL,NULL,'2025-03-28 00:53:17',2,1),(2575,33,3,'2025-03-28','2025-03-28 17:49:59',NULL,NULL,'2025-03-29 03:43:06',2,1),(2577,33,3,'2025-03-29','2025-03-29 16:11:12',NULL,NULL,'2025-03-30 03:37:13',2,1),(2579,33,3,'2025-03-30','2025-03-30 16:01:31',NULL,NULL,'2025-03-31 02:23:25',2,1),(2582,33,3,'2025-03-31','2025-03-31 19:05:55',NULL,NULL,'2025-04-01 01:46:08',2,1),(2585,33,3,'2025-04-01','2025-04-01 17:47:12',NULL,NULL,'2025-04-02 02:05:21',2,1),(2588,33,3,'2025-04-02','2025-04-02 18:16:28',NULL,NULL,'2025-04-03 02:39:41',2,1),(2590,23,3,'2025-04-03','2025-04-03 17:26:10',NULL,NULL,'2025-04-04 00:40:24',2,1),(2593,23,3,'2025-04-04','2025-04-04 16:28:33',NULL,NULL,'2025-04-05 00:43:39',2,1),(2596,23,3,'2025-04-05','2025-04-05 16:27:28',NULL,NULL,'2025-04-06 00:54:54',2,1),(2599,23,3,'2025-04-06','2025-04-06 16:29:32',NULL,NULL,'2025-04-07 00:44:48',2,1),(2602,23,3,'2025-04-07','2025-04-07 16:27:30',NULL,NULL,'2025-04-08 00:47:30',2,1),(2605,23,3,'2025-04-08','2025-04-08 16:28:17',NULL,NULL,'2025-04-09 00:53:46',2,1),(2608,23,3,'2025-04-09','2025-04-09 16:28:50',NULL,NULL,'2025-04-10 00:40:16',2,1),(2610,43,3,'2025-04-10','2025-04-10 16:19:51',NULL,NULL,'2025-04-11 00:31:22',2,1),(2613,43,3,'2025-04-11','2025-04-11 16:23:33',NULL,NULL,'2025-04-12 00:58:00',2,1),(2616,43,3,'2025-04-12','2025-04-12 16:26:28',NULL,NULL,'2025-04-13 01:02:12',2,1),(2619,43,3,'2025-04-13','2025-04-13 16:24:14',NULL,NULL,'2025-04-14 01:15:32',2,1),(2622,43,3,'2025-04-14','2025-04-14 16:25:44',NULL,NULL,'2025-04-15 00:36:44',2,1),(2625,43,3,'2025-04-15','2025-04-15 16:19:52',NULL,NULL,'2025-04-16 00:38:14',2,1),(2628,43,3,'2025-04-16','2025-04-16 16:21:31',NULL,NULL,'2025-04-17 00:42:36',2,1),(2630,24,3,'2025-04-17','2025-04-17 17:29:12',NULL,NULL,'2025-04-18 00:07:19',2,1),(2633,24,3,'2025-04-18','2025-04-18 17:18:00',NULL,NULL,'2025-04-19 00:33:15',2,1),(2636,24,3,'2025-04-19','2025-04-19 17:24:59',NULL,NULL,'2025-04-20 00:23:00',2,1),(2639,24,3,'2025-04-20','2025-04-20 17:02:41',NULL,NULL,'2025-04-20 23:47:10',2,1),(2642,24,3,'2025-04-21','2025-04-21 17:20:46',NULL,NULL,'2025-04-22 00:47:20',2,1),(2645,24,3,'2025-04-22','2025-04-22 17:24:42',NULL,NULL,'2025-04-23 00:15:12',2,1),(2648,24,3,'2025-04-23','2025-04-23 17:12:52',NULL,NULL,'2025-04-23 23:53:23',2,1),(2650,33,3,'2025-04-24','2025-04-24 18:02:32',NULL,NULL,'2025-04-25 12:06:19',2,1),(2653,33,3,'2025-04-25','2025-04-25 20:04:58',NULL,NULL,'2025-04-26 03:28:32',2,1),(2656,33,3,'2025-04-26','2025-04-26 16:30:36',NULL,NULL,'2025-04-27 02:31:21',2,1),(2659,33,3,'2025-04-27','2025-04-27 19:50:32',NULL,NULL,'2025-04-28 17:27:08',2,1),(2661,33,3,'2025-04-28','2025-04-28 17:33:31',NULL,NULL,'2025-04-29 03:04:09',2,1),(2664,33,3,'2025-04-29','2025-04-29 19:34:33',NULL,NULL,'2025-04-30 02:37:46',2,1),(2667,33,3,'2025-04-30','2025-04-30 17:30:33',NULL,NULL,'2025-05-01 02:54:42',2,1),(2669,23,3,'2025-05-01','2025-05-01 17:25:30',NULL,NULL,'2025-05-02 01:48:05',2,1),(2672,23,3,'2025-05-02','2025-05-02 16:27:44',NULL,NULL,'2025-05-03 00:40:53',2,1),(2675,23,3,'2025-05-03','2025-05-03 16:27:28',NULL,NULL,'2025-05-04 01:00:40',2,1),(2678,23,3,'2025-05-04','2025-05-04 16:26:32',NULL,NULL,'2025-05-05 00:47:33',2,1),(2680,23,3,'2025-05-05','2025-05-05 16:25:27',NULL,NULL,'2025-05-06 00:55:27',2,1),(2682,23,3,'2025-05-06','2025-05-06 16:26:13',NULL,NULL,'2025-05-07 00:55:58',2,1),(2685,23,3,'2025-05-07','2025-05-07 16:26:37',NULL,NULL,'2025-05-08 00:52:10',2,1),(2687,43,3,'2025-05-08','2025-05-08 16:23:03',NULL,NULL,'2025-05-09 01:58:13',2,1),(2689,43,3,'2025-05-09','2025-05-09 16:25:46',NULL,NULL,'2025-05-10 00:34:34',2,1),(2691,43,3,'2025-05-10','2025-05-10 16:22:28',NULL,NULL,'2025-05-11 00:39:17',2,1),(2693,43,3,'2025-05-11','2025-05-11 16:25:09',NULL,NULL,'2025-05-12 00:44:58',2,1),(2696,43,3,'2025-05-12','2025-05-12 18:59:59',NULL,NULL,'2025-05-13 00:39:30',2,1),(2698,33,3,'2025-05-13','2025-05-13 18:52:37',NULL,NULL,'2025-05-14 12:20:31',2,1),(2700,33,3,'2025-05-14','2025-05-14 16:42:36',NULL,NULL,'2025-05-15 00:49:26',2,1),(2702,24,3,'2025-05-15','2025-05-15 17:23:55',NULL,NULL,'2025-05-16 00:24:41',2,1),(2704,24,3,'2025-05-16','2025-05-16 17:12:45',NULL,NULL,'2025-05-17 00:03:01',2,1),(2706,24,3,'2025-05-17','2025-05-17 17:24:59',NULL,NULL,'2025-05-18 00:51:37',2,1),(2708,24,3,'2025-05-18','2025-05-18 17:18:25',NULL,NULL,'2025-05-18 23:51:39',2,1),(2710,24,3,'2025-05-19','2025-05-19 17:21:38',NULL,NULL,'2025-05-20 00:29:09',2,1),(2712,24,3,'2025-05-20','2025-05-20 17:19:34',NULL,NULL,'2025-05-21 00:26:33',2,1),(2715,24,3,'2025-05-21','2025-05-21 17:25:21',NULL,NULL,'2025-05-22 01:03:40',2,1),(2717,23,3,'2025-05-22','2025-05-22 16:27:14',NULL,NULL,'2025-05-23 00:47:08',2,1),(2719,23,3,'2025-05-23','2025-05-23 16:27:11',NULL,NULL,'2025-05-24 00:40:09',2,1),(2721,23,3,'2025-05-24','2025-05-24 16:25:24',NULL,NULL,'2025-05-25 00:33:38',2,1),(2723,23,3,'2025-05-25','2025-05-25 16:25:30',NULL,NULL,'2025-05-26 00:39:36',2,1),(2725,23,3,'2025-05-26','2025-05-26 17:25:23',NULL,NULL,'2025-05-27 01:33:02',2,1),(2727,23,3,'2025-05-27','2025-05-27 17:26:38',NULL,NULL,'2025-05-28 01:48:08',2,1),(2730,23,3,'2025-05-28','2025-05-28 17:25:28',NULL,NULL,'2025-05-29 01:38:17',2,1),(2732,33,3,'2025-05-29','2025-05-29 22:05:42',NULL,NULL,'2025-05-30 16:44:46',2,1),(2734,33,3,'2025-05-30','2025-05-30 16:44:53',NULL,NULL,'2025-05-31 01:18:14',2,1),(2736,33,3,'2025-05-31','2025-05-31 15:16:54',NULL,NULL,'2025-06-01 00:37:44',2,1),(2738,33,3,'2025-06-01','2025-06-01 16:01:06',NULL,NULL,'2025-06-02 11:56:33',2,1),(2740,33,3,'2025-06-02','2025-06-02 18:11:14',NULL,NULL,'2025-06-03 01:07:16',2,1),(2742,33,3,'2025-06-03','2025-06-03 17:20:08',NULL,NULL,'2025-06-04 10:31:55',2,1),(2745,33,3,'2025-06-04','2025-06-04 16:35:47',NULL,NULL,'2025-06-07 00:34:55',2,1),(2747,24,3,'2025-06-05','2025-06-05 17:15:59',NULL,NULL,'2025-06-05 23:54:41',2,1),(2749,24,3,'2025-06-06','2025-06-06 17:16:29',NULL,NULL,'2025-06-06 23:53:04',2,1),(2751,24,3,'2025-06-07','2025-06-07 17:08:03',NULL,NULL,'2025-06-07 23:52:19',2,1),(2753,24,3,'2025-06-08','2025-06-08 17:22:01',NULL,NULL,'2025-06-08 23:53:43',2,1),(2755,24,3,'2025-06-09','2025-06-09 17:22:40',NULL,NULL,'2025-06-10 00:35:34',2,1),(2757,24,3,'2025-06-10','2025-06-10 17:26:20',NULL,NULL,'2025-06-10 23:51:40',2,1),(2760,24,3,'2025-06-11','2025-06-11 17:16:42',NULL,NULL,'2025-06-12 00:15:02',2,1),(2762,23,3,'2025-06-12','2025-06-12 16:27:42',NULL,NULL,'2025-06-13 00:49:10',2,1),(2764,23,3,'2025-06-13','2025-06-13 17:25:39',NULL,NULL,'2025-06-14 01:33:16',2,1),(2766,23,3,'2025-06-14','2025-06-14 16:28:44',NULL,NULL,'2025-06-15 00:38:10',2,1),(2768,23,3,'2025-06-15','2025-06-15 16:30:35',NULL,NULL,'2025-06-16 00:42:29',2,1),(2770,23,3,'2025-06-16','2025-06-16 17:24:58',NULL,NULL,'2025-06-17 02:13:18',2,1),(2772,23,3,'2025-06-17','2025-06-17 17:25:03',NULL,NULL,'2025-06-18 01:32:23',2,1),(2775,23,3,'2025-06-18','2025-06-18 17:24:48',NULL,NULL,'2025-06-19 01:36:35',2,1),(2777,33,3,'2025-06-19','2025-06-19 18:44:44',NULL,NULL,'2025-06-20 01:23:32',2,1),(2779,33,3,'2025-06-20','2025-06-20 17:09:56',NULL,NULL,'2025-06-21 01:31:29',2,1),(2781,33,3,'2025-06-21','2025-06-21 18:06:51',NULL,NULL,'2025-06-22 01:46:30',2,1),(2783,33,3,'2025-06-22','2025-06-22 18:58:09',NULL,NULL,'2025-06-23 01:25:27',2,1),(2785,33,3,'2025-06-23','2025-06-23 16:08:14',NULL,NULL,'2025-06-24 00:48:44',2,1),(2787,33,3,'2025-06-24','2025-06-24 19:30:07',NULL,NULL,'2025-06-25 01:01:23',2,1),(2790,33,3,'2025-06-25','2025-06-25 19:06:55',NULL,NULL,'2025-06-26 02:21:47',2,1),(2792,24,3,'2025-06-26','2025-06-26 17:15:41',NULL,NULL,'2025-06-26 23:52:20',2,1),(2794,24,3,'2025-06-27','2025-06-27 17:12:00',NULL,NULL,'2025-06-28 00:15:28',2,1),(2796,24,3,'2025-06-28','2025-06-28 17:26:42',NULL,NULL,'2025-06-29 00:12:13',2,1),(2798,24,3,'2025-06-29','2025-06-29 17:33:55',NULL,NULL,'2025-06-30 00:46:59',2,1),(2800,24,3,'2025-06-30','2025-06-30 17:19:39',NULL,NULL,'2025-07-01 01:10:05',2,1),(2802,24,3,'2025-07-01','2025-07-01 17:20:38',NULL,NULL,'2025-07-01 23:57:49',2,1),(2805,24,3,'2025-07-02','2025-07-02 17:20:51',NULL,NULL,'2025-07-02 23:59:55',2,1),(2807,23,3,'2025-07-03','2025-07-03 16:27:28',NULL,NULL,'2025-07-04 00:38:26',2,1),(2809,23,3,'2025-07-04','2025-07-04 17:25:34',NULL,NULL,'2025-07-05 01:42:25',2,1),(2811,23,3,'2025-07-05','2025-07-05 16:28:31',NULL,NULL,'2025-07-06 00:43:13',2,1),(2813,23,3,'2025-07-06','2025-07-06 16:28:54',NULL,NULL,'2025-07-07 00:33:16',2,1),(2815,23,3,'2025-07-07','2025-07-07 17:28:18',NULL,NULL,'2025-07-08 01:35:41',2,1),(2817,23,3,'2025-07-08','2025-07-08 17:27:04',NULL,NULL,'2025-07-09 01:33:29',2,1),(2820,23,3,'2025-07-09','2025-07-09 17:27:15',NULL,NULL,'2025-07-10 01:41:43',2,1),(2822,33,3,'2025-07-10','2025-07-10 18:40:24',NULL,NULL,'2025-07-11 01:55:07',2,1),(2824,33,3,'2025-07-11','2025-07-11 17:27:11',NULL,NULL,'2025-07-12 03:16:17',2,1),(2826,33,3,'2025-07-12','2025-07-12 17:36:16',NULL,NULL,'2025-07-13 01:26:55',2,1),(2828,33,3,'2025-07-13','2025-07-13 15:11:44',NULL,NULL,'2025-07-14 00:54:27',2,1),(2830,33,3,'2025-07-14','2025-07-14 17:44:14',NULL,NULL,NULL,1,0),(2832,33,3,'2025-07-15','2025-07-15 16:47:30',NULL,NULL,'2025-07-16 02:42:11',2,1),(2835,33,3,'2025-07-16','2025-07-16 19:39:24',NULL,NULL,'2025-07-17 01:58:45',2,1),(2837,24,3,'2025-07-17','2025-07-17 17:26:17',NULL,NULL,'2025-07-18 00:04:15',2,1),(2839,33,3,'2025-07-18','2025-07-18 18:36:39',NULL,NULL,'2025-07-19 02:39:25',2,1),(2841,33,3,'2025-07-19','2025-07-19 14:45:05',NULL,NULL,'2025-07-20 02:17:46',2,1),(2843,33,3,'2025-07-20','2025-07-20 16:07:53',NULL,NULL,'2025-07-21 00:27:47',2,1),(2845,24,3,'2025-07-21','2025-07-21 17:13:34',NULL,NULL,'2025-07-22 00:23:49',2,1),(2847,24,3,'2025-07-22','2025-07-22 17:19:51',NULL,NULL,'2025-07-23 00:14:07',2,1),(2850,24,3,'2025-07-23','2025-07-23 17:24:09',NULL,NULL,'2025-07-24 00:01:49',2,1),(2852,23,3,'2025-07-24','2025-07-24 16:28:43',NULL,NULL,'2025-07-25 00:43:49',2,1),(2854,23,3,'2025-07-25','2025-07-25 16:27:58',NULL,NULL,'2025-07-26 00:40:13',2,1),(2856,23,3,'2025-07-26','2025-07-26 16:29:43',NULL,NULL,'2025-07-27 00:46:15',2,1),(2858,23,3,'2025-07-27','2025-07-27 16:30:23',NULL,NULL,'2025-07-28 01:02:11',2,1),(2860,23,3,'2025-07-28','2025-07-28 17:27:57',NULL,NULL,'2025-07-29 01:35:53',2,1),(2862,23,3,'2025-07-29','2025-07-29 17:27:26',NULL,NULL,'2025-07-30 01:33:29',2,1),(2865,23,3,'2025-07-30','2025-07-30 17:26:41',NULL,NULL,'2025-07-31 01:34:01',2,1),(2867,33,3,'2025-07-31','2025-07-31 20:31:22',NULL,NULL,'2025-08-01 13:19:15',2,1),(2869,33,3,'2025-08-01','2025-08-01 16:34:20',NULL,NULL,'2025-08-02 00:50:10',2,1),(2871,33,3,'2025-08-02','2025-08-02 12:38:22',NULL,NULL,'2025-08-03 01:08:24',2,1),(2873,33,3,'2025-08-03','2025-08-03 11:49:19',NULL,NULL,'2025-08-04 03:05:30',2,1),(2875,33,3,'2025-08-04','2025-08-04 19:47:21',NULL,NULL,'2025-08-05 02:54:28',2,1),(2877,33,3,'2025-08-05','2025-08-05 17:16:55',NULL,NULL,'2025-08-06 02:06:22',2,1),(2879,33,3,'2025-08-06','2025-08-06 17:54:47',NULL,NULL,'2025-08-07 00:56:42',2,1),(2881,24,3,'2025-08-07','2025-08-07 17:22:07',NULL,NULL,'2025-08-08 00:02:02',2,1),(2883,24,3,'2025-08-08','2025-08-08 17:23:04',NULL,NULL,'2025-08-09 00:21:42',2,1),(2886,24,3,'2025-08-09','2025-08-09 17:26:03',NULL,NULL,'2025-08-09 23:39:47',2,1),(2888,24,3,'2025-08-10','2025-08-10 17:33:24',NULL,NULL,'2025-08-10 23:33:44',2,1),(2890,24,3,'2025-08-11','2025-08-11 17:43:07',NULL,NULL,'2025-08-12 00:13:42',2,1),(2892,24,3,'2025-08-12','2025-08-12 17:23:02',NULL,NULL,'2025-08-13 00:44:02',2,1),(2895,24,3,'2025-08-13','2025-08-13 17:21:00',NULL,NULL,'2025-08-13 23:56:20',2,1),(2897,23,3,'2025-08-14','2025-08-14 16:25:35',NULL,NULL,'2025-08-15 00:58:58',2,1),(2900,23,3,'2025-08-15','2025-08-15 17:27:55',NULL,NULL,'2025-08-16 01:41:37',2,1),(2903,23,3,'2025-08-16','2025-08-16 17:25:09',NULL,NULL,'2025-08-17 01:37:51',2,1),(2906,23,3,'2025-08-17','2025-08-17 17:25:35',NULL,NULL,'2025-08-18 02:25:30',2,1),(2909,23,3,'2025-08-18','2025-08-18 17:24:13',NULL,NULL,'2025-08-19 02:25:52',2,1),(2912,23,3,'2025-08-19','2025-08-19 17:25:44',NULL,NULL,'2025-08-20 01:49:56',2,1),(2915,23,3,'2025-08-20','2025-08-20 17:25:11',NULL,NULL,'2025-08-21 01:53:45',2,1),(2917,33,3,'2025-08-21','2025-08-21 18:40:31',NULL,NULL,'2025-08-22 03:09:12',2,1),(2920,33,3,'2025-08-22','2025-08-22 17:29:36',NULL,NULL,'2025-08-23 17:05:45',2,1),(2923,33,3,'2025-08-23','2025-08-23 17:05:53',NULL,NULL,'2025-08-24 18:00:59',2,1),(2926,33,3,'2025-08-24','2025-08-24 18:01:38',NULL,NULL,'2025-08-25 03:33:45',2,1),(2929,33,3,'2025-08-25','2025-08-25 17:50:13',NULL,NULL,'2025-08-26 01:35:10',2,1),(2932,33,3,'2025-08-26','2025-08-26 17:19:10',NULL,NULL,'2025-08-27 16:40:39',2,1),(2935,33,3,'2025-08-27','2025-08-27 16:40:48',NULL,NULL,'2025-08-29 22:33:00',2,1),(2937,24,3,'2025-08-28','2025-08-28 17:24:17',NULL,NULL,'2025-08-28 23:58:27',2,0),(2940,24,3,'2025-08-29','2025-08-29 17:06:49',NULL,NULL,'2025-08-29 23:33:04',2,1),(2943,24,3,'2025-08-30','2025-08-30 17:23:14',NULL,NULL,'2025-08-30 23:41:08',2,1),(2946,24,3,'2025-08-31','2025-08-31 17:22:21',NULL,NULL,'2025-08-31 23:40:09',2,1),(2949,24,3,'2025-09-01','2025-09-01 17:24:18',NULL,NULL,'2025-09-01 23:44:27',2,1),(2952,24,3,'2025-09-02','2025-09-02 17:51:25',NULL,NULL,'2025-09-02 23:42:21',2,1),(2955,24,3,'2025-09-03','2025-09-03 17:29:25',NULL,NULL,'2025-09-03 23:37:24',2,1),(2957,23,3,'2025-09-04','2025-09-04 16:25:59',NULL,NULL,'2025-09-05 00:42:04',2,1),(2960,23,3,'2025-09-05','2025-09-05 17:26:32',NULL,NULL,'2025-09-06 01:43:20',2,1),(2963,23,3,'2025-09-06','2025-09-06 17:27:28',NULL,NULL,'2025-09-07 01:59:18',2,1),(2966,23,3,'2025-09-07','2025-09-07 17:27:36',NULL,NULL,'2025-09-08 01:47:08',2,1),(2969,23,3,'2025-09-08','2025-09-08 17:24:57',NULL,NULL,'2025-09-09 02:26:28',2,1),(2972,23,3,'2025-09-09','2025-09-09 17:25:04',NULL,NULL,'2025-09-10 01:30:27',2,1),(2975,23,3,'2025-09-10','2025-09-10 17:26:34',NULL,NULL,'2025-09-11 01:30:13',2,1),(2977,33,3,'2025-09-11','2025-09-11 18:22:34',NULL,NULL,'2025-09-12 02:48:04',2,1),(2979,43,3,'2025-09-12','2025-09-12 17:22:07',NULL,NULL,'2025-09-13 00:18:14',2,1),(2981,43,3,'2025-09-13','2025-09-13 17:24:49',NULL,NULL,'2025-09-13 23:30:18',2,1),(2983,43,3,'2025-09-14','2025-09-14 17:18:25',NULL,NULL,'2025-09-14 23:31:52',2,1),(2985,33,3,'2025-09-15','2025-09-15 17:13:13',NULL,NULL,'2025-09-16 00:45:06',2,1),(2988,33,3,'2025-09-16','2025-09-16 21:24:57',NULL,NULL,'2025-09-17 03:27:46',2,1),(2991,33,3,'2025-09-17','2025-09-17 18:33:48',NULL,NULL,'2025-09-18 01:44:36',2,1),(2993,24,3,'2025-09-18','2025-09-18 17:17:04',NULL,NULL,'2025-09-19 00:55:46',2,1),(2996,24,3,'2025-09-19','2025-09-19 17:05:27',NULL,NULL,'2025-09-19 23:47:04',2,1),(2999,24,3,'2025-09-20','2025-09-20 17:53:00',NULL,NULL,'2025-09-20 23:57:59',2,1),(3002,24,3,'2025-09-21','2025-09-21 17:18:47',NULL,NULL,'2025-09-22 00:03:59',2,1),(3005,24,3,'2025-09-22','2025-09-22 17:37:37',NULL,NULL,'2025-09-23 00:23:41',2,1),(3008,24,3,'2025-09-23','2025-09-23 17:20:58',NULL,NULL,'2025-09-23 23:46:02',2,1),(3011,24,3,'2025-09-24','2025-09-24 17:26:36',NULL,NULL,'2025-09-25 00:23:57',2,1),(3013,23,3,'2025-09-25','2025-09-25 16:26:58',NULL,NULL,'2025-09-26 01:02:00',2,1),(3016,23,3,'2025-09-26','2025-09-26 17:26:39',NULL,NULL,'2025-09-27 02:15:24',2,1),(3019,23,3,'2025-09-27','2025-09-27 17:27:35',NULL,NULL,'2025-09-28 02:03:18',2,1),(3022,23,3,'2025-09-28','2025-09-28 17:28:17',NULL,NULL,'2025-09-29 01:30:49',2,1),(3025,23,3,'2025-09-29','2025-09-29 17:27:00',NULL,NULL,'2025-09-30 01:37:21',2,1),(3028,23,3,'2025-09-30','2025-09-30 17:26:33',NULL,NULL,'2025-10-01 01:43:22',2,1),(3031,23,3,'2025-10-01','2025-10-01 17:26:27',NULL,NULL,'2025-10-02 01:49:17',2,1),(3033,33,3,'2025-10-02','2025-10-02 22:40:37',NULL,NULL,'2025-10-03 11:52:52',2,1),(3036,33,3,'2025-10-03','2025-10-03 16:37:54',NULL,NULL,'2025-10-04 04:43:36',2,1),(3039,33,3,'2025-10-04','2025-10-04 18:04:59',NULL,NULL,'2025-10-05 06:12:15',2,1),(3042,33,3,'2025-10-05','2025-10-05 16:48:36',NULL,NULL,'2025-10-06 00:35:15',2,1),(3045,33,3,'2025-10-06','2025-10-06 18:17:51',NULL,NULL,'2025-10-07 01:08:27',2,1),(3048,33,3,'2025-10-07','2025-10-07 19:06:55',NULL,NULL,'2025-10-08 17:05:06',2,1),(3051,33,3,'2025-10-08','2025-10-08 17:05:40',NULL,NULL,'2025-10-09 03:04:38',2,1),(3053,24,3,'2025-10-09','2025-10-09 17:33:27',NULL,NULL,'2025-10-10 00:29:23',2,1),(3055,24,3,'2025-10-10','2025-10-10 17:32:21',NULL,NULL,'2025-10-11 00:38:49',2,1),(3058,24,3,'2025-10-11','2025-10-11 17:26:29',NULL,NULL,'2025-10-12 00:16:19',2,1),(3061,24,3,'2025-10-12','2025-10-12 18:07:34',NULL,NULL,'2025-10-13 01:37:18',2,1),(3064,24,3,'2025-10-13','2025-10-13 17:23:00',NULL,NULL,'2025-10-14 00:21:04',2,1),(3067,24,3,'2025-10-14','2025-10-14 17:46:29',NULL,NULL,'2025-10-15 00:26:12',2,1),(3070,24,3,'2025-10-15','2025-10-15 17:17:53',NULL,NULL,'2025-10-16 00:00:03',2,1),(3072,23,3,'2025-10-16','2025-10-16 16:29:48',NULL,NULL,'2025-10-17 01:33:59',2,1),(3075,23,3,'2025-10-17','2025-10-17 17:28:14',NULL,NULL,'2025-10-18 01:43:13',2,1),(3078,23,3,'2025-10-18','2025-10-18 17:28:38',NULL,NULL,'2025-10-19 01:31:37',2,1),(3081,23,3,'2025-10-19','2025-10-19 17:25:50',NULL,NULL,'2025-10-20 02:13:34',2,1),(3084,23,3,'2025-10-20','2025-10-20 17:26:59',NULL,NULL,'2025-10-21 01:57:09',2,1),(3087,23,3,'2025-10-21','2025-10-21 17:27:56',NULL,NULL,'2025-10-22 02:00:14',2,1),(3090,23,3,'2025-10-22','2025-10-22 17:26:06',NULL,NULL,'2025-10-23 02:08:39',2,1),(3092,33,3,'2025-10-23','2025-10-23 22:31:00',NULL,NULL,'2025-10-24 17:55:32',2,1),(3095,33,3,'2025-10-24','2025-10-24 17:55:41',NULL,NULL,'2025-10-25 17:16:38',2,1),(3098,33,3,'2025-10-25','2025-10-25 19:55:52',NULL,NULL,'2025-10-26 11:04:12',2,1),(3101,33,3,'2025-10-26','2025-10-26 18:31:54',NULL,NULL,'2025-10-27 00:23:39',2,1),(3104,33,3,'2025-10-27','2025-10-27 22:13:52',NULL,NULL,'2025-10-28 02:00:21',2,1),(3107,33,3,'2025-10-28','2025-10-28 14:50:43',NULL,NULL,'2025-10-29 06:03:55',2,1),(3110,33,3,'2025-10-29','2025-10-29 15:35:59',NULL,NULL,'2025-10-30 00:45:59',2,1),(3112,24,3,'2025-10-30','2025-10-30 16:12:13',NULL,NULL,'2025-10-30 23:25:24',2,1),(3115,24,3,'2025-10-31','2025-10-31 16:28:03',NULL,NULL,'2025-11-01 00:22:26',2,1),(3118,24,3,'2025-11-01','2025-11-01 17:58:24',NULL,NULL,'2025-11-01 23:03:34',2,1),(3121,24,3,'2025-11-02','2025-11-02 16:48:33',NULL,NULL,'2025-11-03 15:36:12',2,1),(3124,24,3,'2025-11-03','2025-11-03 15:36:20',NULL,NULL,'2025-11-03 22:45:02',2,1),(3127,24,3,'2025-11-04','2025-11-04 15:49:14',NULL,NULL,'2025-11-05 00:00:25',2,1),(3130,24,3,'2025-11-05','2025-11-05 16:29:44',NULL,NULL,'2025-11-05 23:23:27',2,1),(3132,23,3,'2025-11-06','2025-11-06 15:34:23',NULL,NULL,'2025-11-07 00:03:04',2,1),(3135,23,3,'2025-11-07','2025-11-07 16:17:00',NULL,NULL,'2025-11-08 04:28:06',2,1),(3138,23,3,'2025-11-08','2025-11-08 16:17:04',NULL,NULL,'2025-11-09 01:03:11',2,1),(3141,23,3,'2025-11-09','2025-11-09 17:39:05',NULL,NULL,'2025-11-10 01:11:23',2,1),(3144,23,3,'2025-11-10','2025-11-10 16:27:32',NULL,NULL,'2025-11-11 00:58:26',2,1),(3147,23,3,'2025-11-11','2025-11-11 16:26:18',NULL,NULL,'2025-11-12 01:47:09',2,1),(3149,23,3,'2025-11-12','2025-11-12 16:29:13',NULL,NULL,'2025-11-13 01:11:18',2,1),(3152,33,3,'2025-11-13','2025-11-13 20:23:28',NULL,NULL,'2025-11-14 01:41:01',2,1),(3155,33,3,'2025-11-14','2025-11-14 16:56:59',NULL,NULL,'2025-11-14 23:40:32',2,1),(3158,33,3,'2025-11-15','2025-11-15 23:03:21',NULL,NULL,'2025-11-16 01:24:38',2,1),(3161,33,3,'2025-11-16','2025-11-16 16:28:56',NULL,NULL,'2025-11-17 00:17:40',2,1),(3166,33,3,'2025-11-18','2025-11-18 22:51:14',NULL,NULL,NULL,1,0),(3169,33,3,'2025-11-19','2025-11-19 21:49:55',NULL,NULL,'2025-11-21 21:58:11',2,1),(3171,24,3,'2025-11-20','2025-11-20 16:19:33',NULL,NULL,'2025-11-20 23:52:22',2,1),(3174,24,3,'2025-11-21','2025-11-21 17:26:30',NULL,NULL,'2025-11-22 00:46:05',2,1),(3177,24,3,'2025-11-22','2025-11-22 16:18:18',NULL,NULL,'2025-11-23 00:08:10',2,1),(3180,24,3,'2025-11-23','2025-11-23 16:52:50',NULL,NULL,'2025-11-23 23:46:28',2,1),(3183,24,3,'2025-11-24','2025-11-24 17:27:48',NULL,NULL,'2025-11-25 00:18:34',2,1),(3186,24,3,'2025-11-25','2025-11-25 17:22:03',NULL,NULL,'2025-11-26 00:14:38',2,1),(3189,24,3,'2025-11-26','2025-11-26 21:23:31',NULL,NULL,'2025-11-26 23:49:43',2,1),(3191,23,3,'2025-11-27','2025-11-27 16:26:52',NULL,NULL,'2025-11-28 01:28:45',2,1),(3194,23,3,'2025-11-28','2025-11-28 17:27:16',NULL,NULL,'2025-11-29 01:44:39',2,1),(3197,23,3,'2025-11-29','2025-11-29 17:25:32',NULL,NULL,'2025-11-30 02:00:03',2,1),(3200,23,3,'2025-11-30','2025-11-30 17:26:01',NULL,NULL,'2025-12-01 01:34:43',2,1),(3203,23,3,'2025-12-01','2025-12-01 17:25:19',NULL,NULL,'2025-12-02 01:32:54',2,1),(3206,23,3,'2025-12-02','2025-12-02 17:25:41',NULL,NULL,'2025-12-03 01:34:53',2,1),(3209,23,3,'2025-12-03','2025-12-03 17:25:16',NULL,NULL,'2025-12-04 02:06:35',2,1),(3211,33,3,'2025-12-04','2025-12-04 19:53:26',NULL,NULL,'2025-12-05 02:20:02',2,1),(3214,33,3,'2025-12-05','2025-12-05 19:48:35',NULL,NULL,'2025-12-06 02:10:51',2,1),(3217,33,3,'2025-12-06','2025-12-06 16:14:15',NULL,NULL,'2025-12-07 13:56:29',2,1),(3220,33,3,'2025-12-07','2025-12-07 15:31:07',NULL,NULL,'2025-12-08 01:53:47',2,1),(3222,33,3,'2025-12-08','2025-12-08 19:30:06',NULL,NULL,'2025-12-09 03:51:13',2,1),(3225,33,3,'2025-12-09','2025-12-09 17:22:31',NULL,NULL,'2025-12-10 11:30:28',2,1),(3228,33,3,'2025-12-10','2025-12-10 19:54:43',NULL,NULL,'2025-12-11 01:01:27',2,1),(3230,24,3,'2025-12-11','2025-12-11 21:08:50',NULL,NULL,'2025-12-12 01:04:59',2,1),(3233,24,3,'2025-12-12','2025-12-12 17:16:16',NULL,NULL,'2025-12-13 00:36:55',2,1),(3236,24,3,'2025-12-13','2025-12-13 17:07:03',NULL,NULL,'2025-12-14 01:13:54',2,1),(3239,24,3,'2025-12-14','2025-12-14 17:30:02',NULL,NULL,'2025-12-15 00:32:21',2,1),(3242,24,3,'2025-12-15','2025-12-15 17:26:33',NULL,NULL,'2025-12-16 00:09:57',2,1),(3245,24,3,'2025-12-16','2025-12-16 17:29:47',NULL,NULL,'2025-12-16 23:56:01',2,1),(3248,24,3,'2025-12-17','2025-12-17 17:21:50',NULL,NULL,'2025-12-17 23:46:37',2,1),(3250,23,3,'2025-12-18','2025-12-18 16:30:12',NULL,NULL,'2025-12-19 01:07:54',2,1),(3253,23,3,'2025-12-19','2025-12-19 17:24:04',NULL,NULL,'2025-12-20 01:30:53',2,1),(3256,23,3,'2025-12-20','2025-12-20 17:29:23',NULL,NULL,'2025-12-21 01:30:17',2,1),(3259,23,3,'2025-12-21','2025-12-21 16:28:51',NULL,NULL,'2025-12-22 00:58:35',2,1),(3262,23,3,'2025-12-22','2025-12-22 16:26:48',NULL,NULL,'2025-12-23 00:54:41',2,1),(3265,23,3,'2025-12-23','2025-12-23 16:27:09',NULL,NULL,'2025-12-24 00:44:49',2,1),(3268,23,3,'2025-12-24','2025-12-24 16:27:47',NULL,NULL,'2025-12-25 00:32:48',2,1),(3270,43,3,'2025-12-25','2025-12-25 17:30:40',NULL,NULL,'2025-12-26 00:00:34',2,1),(3273,43,3,'2025-12-26','2025-12-26 17:19:11',NULL,NULL,'2025-12-26 23:58:42',2,1),(3276,43,3,'2025-12-27','2025-12-27 17:19:10',NULL,NULL,'2025-12-27 23:38:37',2,1),(3279,43,3,'2025-12-28','2025-12-28 17:16:19',NULL,NULL,'2025-12-29 00:17:15',2,1),(3281,43,3,'2025-12-29','2025-12-29 17:19:08',NULL,NULL,'2025-12-30 00:31:25',2,1),(3284,43,3,'2025-12-30','2025-12-30 17:23:15',NULL,NULL,'2025-12-31 00:53:44',2,1),(3287,43,3,'2025-12-31','2025-12-31 17:24:27',NULL,NULL,'2025-12-31 23:40:59',2,1),(3289,33,3,'2026-01-01','2026-01-01 17:06:24',NULL,NULL,'2026-01-02 01:07:00',2,1),(3292,33,3,'2026-01-02','2026-01-02 16:42:14',NULL,NULL,'2026-01-03 13:24:38',2,1),(3295,33,3,'2026-01-03','2026-01-03 16:49:41',NULL,NULL,'2026-01-04 00:41:35',2,1),(3298,33,3,'2026-01-04','2026-01-04 19:46:17',NULL,NULL,'2026-01-05 01:46:24',2,1),(3301,33,3,'2026-01-05','2026-01-05 19:08:01',NULL,NULL,'2026-01-06 01:53:00',2,1);

--
-- Table structure for table `turnos_monitoreo`
--

CREATE TABLE `turnos_monitoreo` (
  `id_turno` int NOT NULL AUTO_INCREMENT,
  `nombre` varchar(50) NOT NULL,
  `hora_inicio` time NOT NULL,
  `hora_fin` time NOT NULL,
  `estado` int NOT NULL DEFAULT '1',
  PRIMARY KEY (`id_turno`)
) ENGINE=InnoDB AUTO_INCREMENT=4 DEFAULT CHARSET=latin1;

--
-- Dumping data for table `turnos_monitoreo`
--

INSERT INTO `turnos_monitoreo` (`id_turno`, `nombre`, `hora_inicio`, `hora_fin`, `estado`) VALUES (1,'TURNO 1','00:30:00','08:29:59',1),(2,'TURNO 2','08:30:00','17:29:59',1),(3,'TURNO 3','17:30:00','00:29:59',1);

--
-- Table structure for table `users`
--

CREATE TABLE `users` (
  `id` bigint unsigned NOT NULL AUTO_INCREMENT,
  `usu_id` bigint unsigned DEFAULT NULL COMMENT 'FK a tabla usuarios',
  `tipo_usuario` enum('interno','externo') COLLATE utf8mb4_unicode_ci NOT NULL DEFAULT 'interno',
  `cedula` varchar(13) COLLATE utf8mb4_unicode_ci DEFAULT NULL,
  `telefono` varchar(20) COLLATE utf8mb4_unicode_ci DEFAULT NULL,
  `cargo` varchar(100) COLLATE utf8mb4_unicode_ci DEFAULT NULL,
  `empresa_externa` varchar(200) COLLATE utf8mb4_unicode_ci DEFAULT NULL,
  `per_id` bigint unsigned DEFAULT NULL,
  `estado` tinyint NOT NULL DEFAULT '1',
  `intentos_fallidos` int NOT NULL DEFAULT '0',
  `bloqueado_hasta` timestamp NULL DEFAULT NULL,
  `requiere_cambio_password` tinyint(1) NOT NULL DEFAULT '1',
  `ultimo_login` timestamp NULL DEFAULT NULL,
  `name` varchar(255) COLLATE utf8mb4_unicode_ci NOT NULL,
  `email` varchar(255) COLLATE utf8mb4_unicode_ci NOT NULL,
  `email_verified_at` timestamp NULL DEFAULT NULL,
  `password` varchar(255) COLLATE utf8mb4_unicode_ci NOT NULL,
  `remember_token` varchar(100) COLLATE utf8mb4_unicode_ci DEFAULT NULL,
  `created_at` timestamp NULL DEFAULT NULL,
  `updated_at` timestamp NULL DEFAULT NULL,
  PRIMARY KEY (`id`),
  UNIQUE KEY `users_email_unique` (`email`),
  UNIQUE KEY `users_cedula_unique` (`cedula`),
  KEY `users_usu_id_index` (`usu_id`),
  KEY `users_tipo_usuario_index` (`tipo_usuario`),
  KEY `users_per_id_index` (`per_id`)
) ENGINE=InnoDB AUTO_INCREMENT=43 DEFAULT CHARSET=utf8mb4 COLLATE=utf8mb4_unicode_ci;

--
-- Dumping data for table `users`
--

INSERT INTO `users` (`id`, `usu_id`, `tipo_usuario`, `cedula`, `telefono`, `cargo`, `empresa_externa`, `per_id`, `estado`, `intentos_fallidos`, `bloqueado_hasta`, `requiere_cambio_password`, `ultimo_login`, `name`, `email`, `email_verified_at`, `password`, `remember_token`, `created_at`, `updated_at`) VALUES (1,1,'interno','0924575962',NULL,NULL,NULL,1,1,0,NULL,0,'2026-02-07 06:20:12','CARLOS ALBERTO ALCIVAR SALAZAR','calcivar@macrogramec.com',NULL,'$2y$12$VEca22rN3ptv4VXuutVv9O030JPGS7zYVq4bcM82cwmnMuAkuDmD2',NULL,'2026-02-07 06:14:49','2026-02-07 06:20:22'),(2,7,'interno','0944135078',NULL,NULL,NULL,5,1,0,NULL,1,NULL,'GUSTAVO ALEXANDER ALCIVAR MARIDUEÑA','galcivar@macrogramec.com',NULL,'$2y$12$Pr1JEGLGIUx.89WD7eU.5ukr.nbOghBM/P3OlCrzy8qgLZkBgqZdq',NULL,'2026-02-07 06:14:49','2026-02-07 06:14:49'),(3,8,'interno','0951412956',NULL,NULL,NULL,9,1,0,NULL,1,NULL,'ANA MARIA BARBOSA VARGAS','abarbosa@macrogramec.com',NULL,'$2y$12$YbeXyniDe17eiYQdI43qGuMosA0LA/a2wFkrtWHEFoh57kSeEbMOO',NULL,'2026-02-07 06:14:49','2026-02-07 06:14:49'),(4,9,'interno','0922402078',NULL,NULL,NULL,1,1,0,NULL,1,NULL,'PAUL FERNANDO GARCIA ALCIVAR','pgaral@hotmail.com',NULL,'$2y$12$Dja8veHkNXNE4JQ3ybdzUu/V2c8BF9SdtvcJy5Xj/Wo6bi4p9QNnG',NULL,'2026-02-07 06:14:49','2026-02-07 06:14:49'),(5,15,'interno','0950269928',NULL,NULL,NULL,6,1,0,NULL,1,NULL,'ANGELA ALEJANDRA LOOR BAQUE','aloor@lab2de.com',NULL,'$2y$12$ga00TGGe9fLad7XHMZoQi.bADdZoqFsoiAigBCzhwXTZzMUTvBmYa',NULL,'2026-02-07 06:14:50','2026-02-07 06:14:50'),(6,20,'interno','0941358814',NULL,NULL,NULL,5,1,0,NULL,1,NULL,'DEIVI JOSE VELIZ ESPINALES','dveliz@macrogramec.com',NULL,'$2y$12$G0FNN0VmHpCl9J8tB21RCeLBkMYvRed4c5DR4QZM2QaCCSCVOfU/G',NULL,'2026-02-07 06:14:50','2026-02-07 06:14:50'),(7,22,'interno','0958677981',NULL,NULL,NULL,4,1,0,NULL,1,NULL,'ELIAS ALBERTO REYES CONFORME','ereyes@macrogramec.com',NULL,'$2y$12$Uy3OXUbVdJsp7PZFRIRsKu1MrW0yC4d.uFdLbBarNGAUPQORy3OFa',NULL,'2026-02-07 06:14:50','2026-02-07 06:14:50'),(8,23,'interno','0922967716',NULL,NULL,NULL,8,1,0,NULL,1,NULL,'CARLOS XAVIER  LEMA ROMERO','helpdesk@siryc-soporte.com',NULL,'$2y$12$IV33p7AnhlOtC10M0y1vjO9n0810PnOqdgNEInba3LMYKbw3Ds3SS',NULL,'2026-02-07 06:14:50','2026-02-07 06:14:50'),(9,26,'interno','0951406743',NULL,NULL,NULL,9,1,0,NULL,1,NULL,'WALTER ALEXANDER VERA MACIAS','wvera@macrogramec.com',NULL,'$2y$12$qt0TsbAt3uPhjMvoGKVdV.RmXtH.NQxyUomrCtKYVOi2w1A1CbvQ2',NULL,'2026-02-07 06:14:51','2026-02-07 06:14:51'),(10,29,'interno','0915593644',NULL,NULL,NULL,5,1,0,NULL,0,'2026-02-07 10:13:02','NELSON GASPAR PEÑAFIEL HERRERA','npenafiel@macrogramec.com',NULL,'$2y$12$TxDqdd.gDJSDjK2HEuYUX.tJqDQHuLAv4kVjwG07SD9YAdP/j1DAC',NULL,'2026-02-07 06:14:51','2026-02-07 10:13:10'),(11,30,'interno','0927218487',NULL,NULL,NULL,4,1,0,NULL,1,NULL,'OSCAR LENARDO CORNEJO BAQUERO','ocornejo@macrogramec.com',NULL,'$2y$12$nyVWVoYWWC2aTkGsPyGVfOsGZBTANPfR303B3pzv5uHXBYrmAweLO',NULL,'2026-02-07 06:14:51','2026-02-07 06:14:51'),(12,31,'interno','0928109511',NULL,NULL,NULL,4,1,0,NULL,1,NULL,'WELLINGTON CRISTOBAL MIELES SARMIENTO','wmieles@macrogramec.com',NULL,'$2y$12$R7pAz9T2r3M2ORn.yNbGO.njS.YVA5zAD2U3u7r7bnHyPt0qphoiS',NULL,'2026-02-07 06:14:51','2026-02-07 06:14:51'),(13,32,'interno','0950961151',NULL,NULL,NULL,4,1,0,NULL,1,NULL,'JOSELYNE LILIANA RODRIGUEZ ACOSTA','jrodriguez@macrogramec.com',NULL,'$2y$12$NQ24BYiTf7E0hRqEjhbKdOGts326lM2JBNYrRiZMXuNGZ9GS1/Jdu',NULL,'2026-02-07 06:14:52','2026-02-07 06:14:52'),(14,36,'interno','0950913780',NULL,NULL,NULL,10,1,0,NULL,1,NULL,'JEHU NAYIB LYNCH DELGADO','jlynch@macrogramec.com',NULL,'$2y$12$rgUUGdJDErXmsX475eFAte/b.I3n.2lHZa3uhHD0guh7t62fO/2rG',NULL,'2026-02-07 06:14:52','2026-02-07 06:14:52'),(15,39,'interno','0918245812',NULL,NULL,NULL,5,1,0,NULL,1,NULL,'JULIO CESAR ALVEAR RUIZ','jalvear@macrogramec.com',NULL,'$2y$12$LPWBBk4WW7N2MucW5YDxYO5VknJqXSQaUs.GNU68/BQZOmtdShZ3m',NULL,'2026-02-07 06:14:52','2026-02-07 06:14:52'),(16,40,'interno','0922961644',NULL,NULL,NULL,11,1,0,NULL,1,NULL,'GINGER LISETH PEÑAFIEL BERNITA','gpenafiel@macrogramec.com',NULL,'$2y$12$Mk/Xm6/11y35Mi17Lr02n.PhJUykT61BBa40j3wYT5o/Eocjsc7Um',NULL,'2026-02-07 06:14:52','2026-02-07 06:14:52'),(17,42,'interno','0924102908',NULL,NULL,NULL,12,1,0,NULL,1,NULL,'PRISCILLA NICOLE VITERI SALAZAR','pviteri@macrogramec.com',NULL,'$2y$12$SfTHxwGUwP3P/kblWGHBcO0pQiWvuweVxHDtHS8JmdI1BA.nZ/X22',NULL,'2026-02-07 06:14:53','2026-02-07 06:14:53'),(18,43,'interno','0952080208',NULL,NULL,NULL,8,1,0,NULL,1,NULL,'JENNIFER MARISOL ARREAGA SANCHEZ','jarreaga@macrogramec.com',NULL,'$2y$12$Udt6UpT7f1Pveaugn2m.6.fXTcfUKfQMknQQWiRaP8szlyWv1M5ba',NULL,'2026-02-07 06:14:53','2026-02-07 06:14:53'),(19,44,'interno','0952431708',NULL,NULL,NULL,9,1,0,NULL,1,NULL,'JAIRON ADRIAN PONCE GONZABAY','jponce@macrogramec.com',NULL,'$2y$12$/LVNuaVxuFIBiphQJTKjBeN9l70.vgUvqQBS/4KNwKKjIF4X3jrlG',NULL,'2026-02-07 06:14:53','2026-02-07 06:14:53'),(20,47,'interno','0940421647',NULL,NULL,NULL,5,1,0,NULL,1,NULL,'SANTIAGO JAVIER MASACHE CHEVEZ','smasache@macrogramec.com',NULL,'$2y$12$7SQNIL4UqYm3xWCzYQ7hRu6k4gUJYKguoObVYHusCG7HR06wCZ3Hm',NULL,'2026-02-07 06:14:53','2026-02-07 06:14:53'),(21,48,'interno','0924555717',NULL,NULL,NULL,11,1,0,NULL,1,NULL,'ANDREA STEFANIE ASTUDILLO VILLACIS','aastudillo@macrogramec.com',NULL,'$2y$12$v2vN5.9wmPINI8Bj3IhT0.6LBk6U//zrMiXoBdjC/oLheLbU1Il9S',NULL,'2026-02-07 06:14:54','2026-02-07 06:14:54'),(22,49,'interno','0930059829',NULL,NULL,NULL,5,1,0,NULL,1,NULL,'JONATHAN EDUARDO GONZALEZ FIGUEROA','jgonzalez@macrogramec.com',NULL,'$2y$12$RlLpH.zJtf4H65.3fuAIeeDajnR8S9FD.vMYdFrV9jDkv2/N8SSEC',NULL,'2026-02-07 06:14:54','2026-02-07 06:14:54'),(23,50,'interno','0930635735',NULL,NULL,NULL,4,1,0,NULL,1,NULL,'STEPHANIE NICOLLE PLUA ALVIA','splua@macrogramec.com',NULL,'$2y$12$lWxBNwU6JHxgwTDapQ84rOADI6s5Lxka.8Ou/idc3fJeC0CZ9vSSC',NULL,'2026-02-07 06:14:54','2026-02-07 06:14:54'),(24,51,'interno','0952040418',NULL,NULL,NULL,4,1,0,NULL,1,NULL,'GUIDO ROBERTO GUTIERREZ MORA','ggutierrez@macrogramec.com',NULL,'$2y$12$g3yLRKDx/G8inuHFE3QMQuWshA3BVUw5lUlpnD2u71EzDi9ZngvjC',NULL,'2026-02-07 06:14:54','2026-02-07 06:14:54'),(25,52,'interno','0926457540',NULL,NULL,NULL,1,1,0,NULL,1,NULL,'XAVIER EDUARDO RAMIREZ LARA','xramirez@macrogramec.com',NULL,'$2y$12$XA7aSnhfXm.HV6tGYcg0eeF43Oo0x7WhvWkJt16VN.RZPLln40Cm2',NULL,'2026-02-07 06:14:55','2026-02-07 06:14:55'),(26,53,'interno','0955291042',NULL,NULL,NULL,4,1,0,NULL,1,NULL,'CRISTOPHER GUSTAVO SOLIS VACA','csolis@macrogramec.com',NULL,'$2y$12$55H9SdpqTXx9Qky3HDmJle8yZUhzNvUVZzbSUucoM98xUb/DO0Yzq',NULL,'2026-02-07 06:14:55','2026-02-07 06:14:55'),(27,54,'interno','0950178913',NULL,NULL,NULL,4,1,0,NULL,1,NULL,'KATHERINE ELIZABETH SANCHEZ MUÑOZ','ksanchez@macrogramec.com',NULL,'$2y$12$pwYsdGKtbHSAXhhMKnfkw.oEQGNUVuWVHoxPDwovze7.o1wdmmzHe',NULL,'2026-02-07 06:14:55','2026-02-07 06:14:55'),(28,55,'interno','0951136795',NULL,NULL,NULL,5,1,0,NULL,1,NULL,'KEVIN GEOVANNY MOYANO MENDOZA','kmoyano@macrogramec.com',NULL,'$2y$12$MPPHplT89P8UIVO54g.g9OBdBkTXjcm89wa/uIMoTSuK0CSVrub8m',NULL,'2026-02-07 06:14:55','2026-02-07 06:14:55'),(29,56,'interno','0955322623',NULL,NULL,NULL,5,1,0,NULL,1,NULL,'JORGE ELIAS GODOY SALAZAR','jgodoy@macrogramec.com',NULL,'$2y$12$a9k30hfa1LAzCHdbOK2OquGCAwlmdJZcIhESlWtcPO.8md2o7Fwn6',NULL,'2026-02-07 06:14:55','2026-02-07 06:14:55'),(30,57,'interno','0932529738',NULL,NULL,NULL,6,1,0,NULL,1,NULL,'MARIELA ROXANA FLORES LIBERIO','mflores@macrogramec.com',NULL,'$2y$12$OCAyyQvao5POtwF9EzDsx.DaJQhSrXyM9zlNH7lLEwC4tWVlDHdW.',NULL,'2026-02-07 06:14:56','2026-02-07 06:14:56'),(31,58,'interno','1251297287',NULL,NULL,NULL,4,1,0,NULL,1,NULL,'STEVEN ALEXANDER NARANJO ALCIVAR','snaranjo@macrogramec.com',NULL,'$2y$12$4aEIUmxYgXqj5Zwnq/2uzuuwzm5Totpg/.39IKPoUvfYia1.hpipC',NULL,'2026-02-07 06:14:56','2026-02-07 06:14:56'),(32,59,'interno','0955728910',NULL,NULL,NULL,5,1,0,NULL,1,NULL,'BRYAN CRISTIAN RUIZ CHIQUITO','bruiz@macrogramec.com',NULL,'$2y$12$caYqrYiS9rQBrJbv8jbG..w5BpNEmFX/Zj2r2JWspG7ppLIe7RedC',NULL,'2026-02-07 06:14:56','2026-02-07 06:14:56'),(33,60,'interno','0930351832',NULL,NULL,NULL,14,1,0,NULL,1,NULL,'JUSTHYN MISAEL CEDEÑO SUAREZ','jcedeno@macrogramec.com',NULL,'$2y$12$dvLIv5FhRKNXr.uNXOmd8O3PJxUcJgKw9pFb9N.wUTJJ2AHGAmmEm',NULL,'2026-02-07 06:14:56','2026-02-07 06:14:56'),(34,61,'interno','0932507189',NULL,NULL,NULL,14,1,0,NULL,1,NULL,'GENESIS FIORELLA GAVILANEZ CORDOVA','ggavilanez@macrogramec.com',NULL,'$2y$12$02AiTXm05HuStJckBV4uG.WgLo7HoQ54Q3gFMPY3je9OfT/XY9TPi',NULL,'2026-02-07 06:14:57','2026-02-07 06:14:57'),(35,62,'interno','2351001140',NULL,NULL,NULL,4,1,0,NULL,1,NULL,'DAYRA JOMARA CHAVEZ ALAVA','dchavez@macrogramec.com',NULL,'$2y$12$bG5pZd0B7/ZxAHrH/gmaHuqtN9Sq5dRmr3ViHyyk/5JsH1cKAGcBq',NULL,'2026-02-07 06:14:57','2026-02-07 06:14:57'),(36,63,'interno','0926281361',NULL,NULL,NULL,6,1,0,NULL,1,NULL,'ANALY VANESSA GAROFALO GAIBOR','agarofalo@macrogramec.com',NULL,'$2y$12$9KgsPPtQDd3DxiexreThy.swrjcnsw09hEVerip8UOurFrZ1ovAri',NULL,'2026-02-07 06:14:57','2026-02-07 06:14:57'),(37,64,'interno','0900000001',NULL,NULL,NULL,18,1,0,NULL,0,'2026-02-07 06:17:50','USUARIO GERENTE','gerente@test.com',NULL,'$2y$12$VLyKdHWxo2swhPt90PHSPe05Hxnv1532CTWINqnn3GBSrtD8bgCFq',NULL,'2026-02-07 06:14:57','2026-02-07 06:18:32'),(38,65,'interno','0900000002',NULL,NULL,NULL,6,1,0,NULL,1,NULL,'USUARIO ADMINISTRACION','admin_dpto@test.com',NULL,'$2y$12$GDhNlRgiZGBz8.F7FiRQMeT1fGQI0gl32shKekKHnUsIhl5bH06yW',NULL,'2026-02-07 06:14:58','2026-02-07 06:14:58'),(39,66,'interno','0900000003',NULL,NULL,NULL,4,1,0,NULL,1,NULL,'USUARIO PROGRAMADOR','programador@test.com',NULL,'$2y$12$EkU7G/Y7BntS4dlRdyF95udT1CFZzOVYqfsjrtjfigbhv8bigUqf2',NULL,'2026-02-07 06:14:58','2026-02-07 06:14:58'),(40,67,'interno','0900000004',NULL,NULL,NULL,8,1,0,NULL,1,NULL,'USUARIO MESA AYUDA','mesa@test.com',NULL,'$2y$12$w3W/La4swUUYIL45u0Yi.eEYzl/j/F/HBsCuhzmUOBqaPBMsY/wQe',NULL,'2026-02-07 06:14:58','2026-02-07 06:14:58'),(41,68,'interno','0900000005',NULL,NULL,NULL,5,1,0,NULL,1,NULL,'USUARIO TECNICO','tecnico@test.com',NULL,'$2y$12$Ca6Fha8mWXuwnlIjyjII7.u1puXOQH1xa5QS6HSCUTN7RCHZrLldO',NULL,'2026-02-07 06:14:58','2026-02-07 06:14:58'),(42,69,'interno','0900000006',NULL,NULL,NULL,17,1,0,NULL,1,NULL,'USUARIO JEFE OPERATIVO','jefe_op@test.com',NULL,'$2y$12$Z021v9FFwn9BfM.zMI7b1eScFT.159JqD7FIVxR7mloSJqISDNPTe',NULL,'2026-02-07 06:14:59','2026-02-07 06:14:59');

--
-- Table structure for table `usuario`
--

CREATE TABLE `usuario` (
  `usuario_id` int NOT NULL AUTO_INCREMENT,
  `usuario_nombre` varchar(70) CHARACTER SET utf8mb3 COLLATE utf8mb3_spanish2_ci NOT NULL,
  `usuario_apellido` varchar(70) CHARACTER SET utf8mb3 COLLATE utf8mb3_spanish2_ci NOT NULL,
  `usuario_email` varchar(100) CHARACTER SET utf8mb3 COLLATE utf8mb3_spanish2_ci NOT NULL,
  `usuario_usuario` varchar(30) CHARACTER SET utf8mb3 COLLATE utf8mb3_spanish2_ci NOT NULL,
  `usuario_clave` varchar(200) CHARACTER SET utf8mb3 COLLATE utf8mb3_spanish2_ci NOT NULL,
  `usuario_foto` varchar(535) CHARACTER SET utf8mb3 COLLATE utf8mb3_spanish2_ci NOT NULL,
  `usuario_creado` timestamp NOT NULL DEFAULT CURRENT_TIMESTAMP ON UPDATE CURRENT_TIMESTAMP,
  `usuario_actualizado` timestamp NOT NULL DEFAULT '0000-00-00 00:00:00',
  PRIMARY KEY (`usuario_id`)
) ENGINE=InnoDB AUTO_INCREMENT=4 DEFAULT CHARSET=utf8mb3 COLLATE=utf8mb3_spanish2_ci;

--
-- Dumping data for table `usuario`
--

INSERT INTO `usuario` (`usuario_id`, `usuario_nombre`, `usuario_apellido`, `usuario_email`, `usuario_usuario`, `usuario_clave`, `usuario_foto`, `usuario_creado`, `usuario_actualizado`) VALUES (1,'Administrador','Principal','admin@admin.com','Administrador','$2y$10$F0J8k.lFjgGAK6I/tcbhyuMKSaitXy8ENMSBVZWErIoA6.VSU8MQy','','2023-07-06 19:48:05','2023-07-06 19:48:05'),(2,'owong','owong','thewong26@gmail.com','owong','$2y$10$tOONVHHRB6e9JB2Ls2PwGOVeAX9RLnPiBkAQxT6Sxraa7mZdFELvy','','2023-12-06 20:43:21','2023-12-06 20:43:21'),(3,'Orlando Aurelio','Wong Maigual','thewong266@gmail.com','owong69','$2y$10$zv48eSLWfjb838REx/mLnekfgoZ0FgFVeAGY3Ws9dA/bEJNJQYDDa','','2024-03-04 21:21:09','2024-03-04 21:21:09');

--
-- Table structure for table `usuario_empresa`
--

CREATE TABLE `usuario_empresa` (
  `usu_id` bigint NOT NULL,
  `emp_id` bigint NOT NULL
) ENGINE=InnoDB DEFAULT CHARSET=latin1;

--
-- Dumping data for table `usuario_empresa`
--

INSERT INTO `usuario_empresa` (`usu_id`, `emp_id`) VALUES (1,1),(1,2),(6,1),(7,1),(8,1),(9,1),(9,2),(10,1),(11,1),(11,2),(12,1),(13,1),(14,1),(16,2),(17,2),(18,1),(19,1),(20,1),(15,1),(15,2),(21,1),(22,1),(24,1),(23,1),(26,1),(25,1),(27,1),(28,1),(29,1),(30,1),(31,1),(32,1),(33,1),(34,1),(35,1),(37,1),(38,1),(39,1),(40,1),(42,1),(43,1),(44,1),(45,1),(46,1),(36,1),(47,1),(48,1),(49,1),(50,1),(51,1),(52,1),(53,1),(54,1),(55,1),(56,1),(57,1),(58,1),(59,1),(60,1),(62,1),(63,1);

--
-- Table structure for table `usuarios`
--

CREATE TABLE `usuarios` (
  `usu_id` bigint NOT NULL AUTO_INCREMENT,
  `usu_nombre` varchar(50) NOT NULL,
  `usu_apellido` varchar(50) NOT NULL,
  `usu_cedula` varchar(13) NOT NULL,
  `usu_fecha_nac` date DEFAULT NULL,
  `usu_cod_tc` bigint DEFAULT NULL,
  `usu_usuario` varchar(50) NOT NULL,
  `password_laravel` varchar(200) DEFAULT NULL,
  `usu_clave` varchar(250) NOT NULL,
  `per_id` bigint NOT NULL,
  `usu_estado` int NOT NULL DEFAULT '1',
  `usu_email` varchar(250) DEFAULT NULL,
  `fecha_ingreso` date DEFAULT NULL,
  `id_sotickets` int NOT NULL DEFAULT '0',
  `usu_ultimo_login` datetime DEFAULT NULL,
  `usu_intentos_fallidos` int NOT NULL DEFAULT '0',
  `usu_bloqueado_hasta` datetime DEFAULT NULL,
  `usu_cambio_password` tinyint(1) NOT NULL DEFAULT '0',
  `usu_token_recuperacion` varchar(100) DEFAULT NULL,
  `usu_token_expira` datetime DEFAULT NULL,
  `usuario_crea` bigint DEFAULT NULL,
  `fecha_crea` datetime DEFAULT CURRENT_TIMESTAMP,
  `usuario_modifica` bigint DEFAULT NULL,
  `fecha_modifica` datetime DEFAULT NULL,
  `usuario_elimina` bigint DEFAULT NULL,
  `fecha_elimina` datetime DEFAULT NULL,
  `remember_token` varchar(100) DEFAULT NULL,
  PRIMARY KEY (`usu_id`),
  UNIQUE KEY `usu_cedula` (`usu_cedula`)
) ENGINE=InnoDB AUTO_INCREMENT=70 DEFAULT CHARSET=latin1;

--
-- Dumping data for table `usuarios`
--

INSERT INTO `usuarios` (`usu_id`, `usu_nombre`, `usu_apellido`, `usu_cedula`, `usu_fecha_nac`, `usu_cod_tc`, `usu_usuario`, `password_laravel`, `usu_clave`, `per_id`, `usu_estado`, `usu_email`, `fecha_ingreso`, `id_sotickets`, `usu_ultimo_login`, `usu_intentos_fallidos`, `usu_bloqueado_hasta`, `usu_cambio_password`, `usu_token_recuperacion`, `usu_token_expira`, `usuario_crea`, `fecha_crea`, `usuario_modifica`, `fecha_modifica`, `usuario_elimina`, `fecha_elimina`, `remember_token`) VALUES (1,'CARLOS ALBERTO','ALCIVAR SALAZAR','0924575962','2019-05-11',30,'calcivar','$2y$12$GBFKpSIyQk2nqeBobiUoDujuvCTRjyRboNX5uVUumNj1tKir23K/6','0000',1,1,'calcivar@macrogramec.com','2017-10-21',0,'2026-02-06 05:14:15',0,NULL,0,NULL,NULL,NULL,'2026-02-03 00:29:20',NULL,'2026-02-06 05:14:15',NULL,NULL,NULL),(6,'JOSE XAVIER','ALCIVAR MARIDUEÑA','0931192157','1992-08-19',33,'jalcivar','$2y$12$FOu3I1eGp/mjuQn48LyjE.E.tWKiDhosWY/F92YzLt7mr5Od6o8Mm','0000',5,0,'','2018-05-15',0,NULL,0,NULL,0,NULL,NULL,NULL,'2026-02-03 00:29:20',NULL,'2026-02-04 04:56:51',NULL,NULL,NULL),(7,'GUSTAVO ALEXANDER','ALCIVAR MARIDUEÑA','0944135078','1998-06-18',57,'galcivar','$2y$12$3/puvcec7X/A/f7S4JUZuOBfo2Ve09zVydwVFlZ2vEvouA9EOz0oa','0000',5,1,'galcivar@macrogramec.com','2025-11-20',0,NULL,0,NULL,0,NULL,NULL,NULL,'2026-02-03 00:29:20',NULL,'2026-02-04 04:56:51',NULL,NULL,NULL),(8,'ANA MARIA','BARBOSA VARGAS','0951412956','1994-07-06',39,'abarbosa','$2y$12$eSDcba4LH4M9qseAZikpFelS/GtoJHhyNArjIlNXgKetkk/soFaWi','0000',9,1,'abarbosa@macrogramec.com','2018-11-05',0,NULL,0,NULL,0,NULL,NULL,NULL,'2026-02-03 00:29:20',NULL,'2026-02-04 04:56:52',NULL,NULL,NULL),(9,'PAUL FERNANDO','GARCIA ALCIVAR','0922402078','1984-11-03',7,'pgarcia','$2y$12$YrV0JjF1cM29NKFGYaroWuqPqd7TcGqFVQzmnYJ2VJr7nEa8vqz2W','0000',1,1,'pgaral@hotmail.com','2015-09-21',0,'2026-02-05 06:16:15',0,NULL,0,NULL,NULL,NULL,'2026-02-03 00:29:20',NULL,'2026-02-05 06:16:15',NULL,NULL,NULL),(10,'HECTOR EFRAIN','GARCIA MACKENZIE','0921234696','1981-01-19',6,'hgarcia','$2y$12$HJlPBbr2CKVrtCe./6ljceK1grxwsIEJLtGOVksBxEAqt/bIRYNCS','0000',5,0,'','2018-05-22',0,NULL,0,NULL,0,NULL,NULL,NULL,'2026-02-03 00:29:20',NULL,'2026-02-04 04:56:52',NULL,NULL,NULL),(11,'SILVIA LORENA','ORTEGA MOLINA','0940185911','1992-03-05',23,'sortega','$2y$12$TCwpyxoz6rLSFMl2HxIdEO7YB2gu7A82WwYfl4B.pvcU5xlULtHSm','0000',6,0,'sortega@macrogramec.com','2017-02-15',0,NULL,0,NULL,0,NULL,NULL,NULL,'2026-02-03 00:29:20',NULL,'2026-02-04 04:56:52',NULL,NULL,NULL),(12,'JOSE ALBERTO','SANCHEZ CERCADO','0923082341','2020-03-28',34,'jsanchez','$2y$12$dAkploCujWhbMQJIl8/eWOTp1m00gdbPTSuiF58kT8UoI.mYcbH5C','0000',4,0,'jsanchez@macrogramec.com',NULL,0,NULL,0,NULL,0,NULL,NULL,NULL,'2026-02-03 00:29:20',NULL,'2026-02-04 04:56:52',NULL,NULL,NULL),(13,'ADRIAN ENRIQUE','ULLOA YAGUAL','0950311068','1993-07-12',40,'aulloa','$2y$12$Vl9C85p5Gzpvdd2tLilWfuTyCSLSScnmqmbYpwlwV0mxkknFDGn56','0000',4,0,'aulloa@macrogramec.com','2019-02-06',0,NULL,0,NULL,0,NULL,NULL,NULL,'2026-02-03 00:29:20',1,'2026-02-06 05:28:36',NULL,NULL,NULL),(14,'JEFFERSON HOLGER','YEPEZ MACIAS','0941206989','1994-05-03',25,'jyepez','$2y$12$d1Dq6TBnsID9TNB/uIVjnOZ1c5P/eB9wcTaxcm4xNEfXV.BFMAnoi','0000',7,0,'jyepez@macrogramec.com','2017-09-07',0,NULL,0,NULL,0,NULL,NULL,NULL,'2026-02-03 00:29:20',NULL,'2026-02-04 04:56:53',NULL,NULL,NULL),(15,'ANGELA ALEJANDRA','LOOR BAQUE','0950269928','1994-09-09',28,'aloor','$2y$12$MExXWz.LEuEs3g758u1KvuPCDHYsQfLigXYWUzEFytb0r94kH.suS','0000',6,1,'aloor@lab2de.com','2017-12-11',0,NULL,0,NULL,0,NULL,NULL,NULL,'2026-02-03 00:29:20',NULL,'2026-02-04 04:56:53',NULL,NULL,NULL),(16,'LIZBETH MARILU','NACIPUCHA DURAZNO','0950771907','1995-10-20',21,'lnacipucha','$2y$12$yRYOgIBWvlsmGZzr5Ll3fedxRshi65PSZH1PDiAbeMrZVo7AsVSsq','0000',4,0,'lnacipucha@lab2de.com',NULL,0,NULL,0,NULL,0,NULL,NULL,NULL,'2026-02-03 00:29:20',NULL,'2026-02-04 04:56:53',NULL,NULL,NULL),(17,'ALEXY INES','PINTO OCHOA','0929905933','1993-06-24',37,'apinto','$2y$12$oWZzLDHMD8WorsjY.TGWFOumiXylNcKULBy/SCmRvacWrR3xhXIB6','0000',4,0,'apinto@lab2de.com',NULL,0,NULL,0,NULL,0,NULL,NULL,NULL,'2026-02-03 00:29:20',NULL,'2026-02-04 04:56:54',NULL,NULL,NULL),(18,'BRYAN JOAO','MANTILLA PILLASAGUA','0931539761','2020-09-07',52,'bmantilla','$2y$12$ZqpjMrSOhVEBvVgIJMxwmOTevg/EmZyh7UbdMB26Gz4uuicFCCbPi','0000',5,0,'bmantilla@macrogramec.com',NULL,0,NULL,0,NULL,0,NULL,NULL,NULL,'2026-02-03 00:29:20',NULL,'2026-02-04 04:56:54',NULL,NULL,NULL),(19,'OMAR EDUARDO','REYES MATA','0918495011','2020-09-07',51,'oreyes','$2y$12$cI64tlVS3VR8uwrG6MaPuOB83J7Zr6akzHswrlAZYT8HWBmZCtoSC','0000',5,0,'oreyes@macrogramec.com',NULL,0,NULL,0,NULL,0,NULL,NULL,NULL,'2026-02-03 00:29:20',NULL,'2026-02-04 04:56:54',NULL,NULL,NULL),(20,'DEIVI JOSE','VELIZ ESPINALES','0941358814','1998-02-11',56,'dveliz','$2y$12$.j9Jh88guzsj1ptKi/REJ.lgStU9cfECavNDVr8a8EAXgPDkNkq46','0000',5,1,'dveliz@macrogramec.com','2020-10-28',0,NULL,0,NULL,0,NULL,NULL,NULL,'2026-02-03 00:29:20',NULL,'2026-02-04 04:56:54',NULL,NULL,NULL),(21,'DAVID FERNANDO','COELLO SUAREZ','0950638817','1997-09-13',55,'dcoello','$2y$12$Ecn1fGq5UocH.dZapppPKeVHr9BH8Xk95thvyWEERcUr1PYTcMQwm','0000',4,0,'dcoello@macrogramec.com','2021-02-04',0,NULL,0,NULL,0,NULL,NULL,NULL,'2026-02-03 00:29:20',NULL,'2026-02-04 04:56:55',NULL,NULL,NULL),(22,'ELIAS ALBERTO','REYES CONFORME','0958677981','1999-03-21',54,'ereyes','$2y$12$Oo.KLxnLjqfAmZEJGMbeFeZxTSrQObESExqrVOMIOEw254YcRxW2m','0000',4,1,'ereyes@macrogramec.com','2021-02-04',0,NULL,0,NULL,0,NULL,NULL,NULL,'2026-02-03 00:29:20',NULL,'2026-02-04 04:56:55',NULL,NULL,NULL),(23,'CARLOS XAVIER ','LEMA ROMERO','0922967716','2021-12-01',44,'clema','$2y$12$IlJJ0PQbkZzMgPPhcGtL9.kI08KEUC1ZcoOgkzedpnAcqmYoEPjvq','0000',8,1,'helpdesk@siryc-soporte.com','2019-03-25',0,NULL,0,NULL,0,NULL,NULL,NULL,'2026-02-03 00:29:20',NULL,'2026-02-04 04:56:55',NULL,NULL,NULL),(24,'DIANA JESSENIA','LOOR ROSAS','0940975592','2021-12-01',49,'dloor','$2y$12$IxopNjqUB5TDzXPdidlBR.JpEnnTGYyjnYUA81keqQs/oXovAmtaG','0000',8,1,'helpdesk@siryc-soporte.com','2019-06-25',0,'2026-02-05 06:18:32',0,NULL,0,NULL,NULL,NULL,'2026-02-03 00:29:20',NULL,'2026-02-05 06:18:32',NULL,NULL,NULL),(25,'ANGELA LILIBETH','MERCHAN LEON','0950506121','2021-12-01',46,'amerchan','$2y$12$OgvJZAAlDA4dS4eWzc7hUuBCuiLJb6aXgRRP6ktRic0v7dbvEsaHe','0000',9,1,'helpdesk@siryc-soporte.com','2019-04-05',0,NULL,0,NULL,0,NULL,NULL,NULL,'2026-02-03 00:29:20',NULL,'2026-02-04 04:56:56',NULL,NULL,NULL),(26,'WALTER ALEXANDER','VERA MACIAS','0951406743','2021-12-01',50,'wvera','$2y$12$kRyyu7orBz5EZdQZ88TDLun7FVoOfPF5YQtDuC.2WF14CgnWdBLm6','0000',9,1,'wvera@macrogramec.com','2019-11-20',0,NULL,0,NULL,0,NULL,NULL,NULL,'2026-02-03 00:29:20',NULL,'2026-02-04 04:56:56',NULL,NULL,NULL),(27,'ERICKA GEOMARA','FRANCO CRUZ','0955516091','2022-06-15',58,'efranco','$2y$12$UxUuwgvQ/PDY18EaUVzpYewZjLeu/czjbj0yeBb.b45vcKhN9O60.','0000',6,0,'efranco@macrogramec.com','2022-06-10',0,NULL,0,NULL,0,NULL,NULL,NULL,'2026-02-03 00:29:20',NULL,'2026-02-04 04:56:56',NULL,NULL,NULL),(28,'MICHAEL LEONARDO','QUIÑONEZ YTURRALDE','0950368746','2022-06-15',59,'mquinonez','$2y$12$k3e6rqn8MsSGw53smT4uf.GaF6SWSCYGG1F9EXsZxDzoMpvSdgwnK','0000',5,0,'mquinonez@macrogramec.com','2022-06-10',0,NULL,0,NULL,0,NULL,NULL,NULL,'2026-02-03 00:29:20',NULL,'2026-02-04 04:56:56',NULL,NULL,NULL),(29,'NELSON GASPAR','PEÑAFIEL HERRERA','0915593644','2022-06-15',60,'npenafiel','$2y$12$RuMm88PLi77deMbisac24u.AjE2jTaSJuRRNfbIM3D1H6uTeZEIRu','0000',5,1,'npenafiel@macrogramec.com','2022-06-16',0,NULL,0,NULL,0,NULL,NULL,NULL,'2026-02-03 00:29:20',NULL,'2026-02-04 04:56:57',NULL,NULL,NULL),(30,'OSCAR LENARDO','CORNEJO BAQUERO','0927218487','1989-08-07',61,'ocornejo','$2y$12$agzSJpYM5Ak1sAGxGOf3ReDib.NR2c0JtU19yhA0h4jitB6d2iKQu','0000',4,1,'ocornejo@macrogramec.com','2022-07-27',0,'2026-02-05 12:44:28',0,NULL,0,NULL,NULL,NULL,'2026-02-03 00:29:20',30,'2026-02-05 12:53:30',NULL,NULL,'gq5CWplvr567okmbYWakEWlSz06Q1b8OxHNaR6jZM6NBBkadztPftQOKXcNU'),(31,'WELLINGTON CRISTOBAL','MIELES SARMIENTO','0928109511','1999-03-14',63,'wmieles','$2y$12$mHIJPDAMVlyE.AJu7k2yZOP/DUtNaec5RGg4M.lMbRCGHAzZV5w6O','0000',4,1,'wmieles@macrogramec.com','2022-09-01',0,NULL,0,NULL,0,NULL,NULL,NULL,'2026-02-03 00:29:20',NULL,'2026-02-04 04:56:57',NULL,NULL,NULL),(32,'JOSELYNE LILIANA','RODRIGUEZ ACOSTA','0950961151','1996-04-24',64,'jrodriguez','$2y$12$99EAo/es10gI1xNyFJN0w.w1v3pycansO.14jVpRVZ92YmaJK1cD2','0000',4,1,'jrodriguez@macrogramec.com','2022-09-15',0,NULL,0,NULL,0,NULL,NULL,NULL,'2026-02-03 00:29:20',NULL,'2026-02-04 04:56:57',NULL,NULL,NULL),(33,'MARCOS EDUARDO','WILSON GARCIA','0952015352','1997-07-16',65,'mwilson','$2y$12$.xOF/K08x3t13gswY3ewneCJmpOxxswVPRHyi/ybcIB/msgK5dcru','0000',8,1,'helpdesk@siryc-soporte.com','2022-09-27',0,NULL,0,NULL,0,NULL,NULL,NULL,'2026-02-03 00:29:20',NULL,'2026-02-04 04:56:57',NULL,NULL,NULL),(34,'MARIA JOSE','ESPINOZA ZALAMEA','0958209942','1997-04-18',66,'mespinoza','$2y$12$spyrTUaI2Jnf16iJEr9M2uXJRUST4oMfNJpgoAFtjOTGXt7hxEbve','0000',9,0,'mespinoza@macrogramec.com',NULL,0,NULL,0,NULL,0,NULL,NULL,NULL,'2026-02-03 00:29:20',NULL,'2026-02-04 04:56:58',NULL,NULL,NULL),(35,'DARWIN ISAIAS','BORJA CAICEDO','0940672595','1995-02-05',67,'dborja','$2y$12$c4UT79Kih1rhC4PUj5F.QeiaJSUcM9kdvxTG6JCNVYJPCaZAQ4MXu','0000',4,0,'dborja@macrogramec.com',NULL,0,NULL,0,NULL,0,NULL,NULL,NULL,'2026-02-03 00:29:20',NULL,'2026-02-04 04:56:58',NULL,NULL,NULL),(36,'JEHU NAYIB','LYNCH DELGADO','0950913780','2022-11-16',68,'jlynch','$2y$12$cA5NqAYKJilmluqoU6Y9hepDwYshl5m6mFV.sASTE5dBhAhAb66di','0000',10,1,'jlynch@macrogramec.com','2022-11-07',0,NULL,0,NULL,0,NULL,NULL,NULL,'2026-02-03 00:29:20',NULL,'2026-02-04 04:56:58',NULL,NULL,NULL),(37,'MARIO ANDRES','CAMPOS CRESPO','09103676714','1981-07-17',69,'mcampos','$2y$12$GXk6yTCuXbZXivjFjYImi.JxJIjIdY4qjo/pPXAHiSxWFDjgEqqeG','0000',9,0,'mcampos@macrogramec.com',NULL,0,NULL,0,NULL,0,NULL,NULL,NULL,'2026-02-03 00:29:20',NULL,'2026-02-04 04:56:58',NULL,NULL,NULL),(38,'CHRISTIAN JOAN','CHANCAY LOPEZ','0953677291','1997-11-06',70,'cchancay','$2y$12$VrnXsz58liDscvAVpdJptOsu9kw2d3F7otfKy2gkIR.JJ.kVv6/T6','0000',5,0,'cchancay@macrogramec.com',NULL,0,NULL,0,NULL,0,NULL,NULL,NULL,'2026-02-03 00:29:20',NULL,'2026-02-04 04:56:59',NULL,NULL,NULL),(39,'JULIO CESAR','ALVEAR RUIZ','0918245812','1977-11-09',71,'jalvear','$2y$12$ywtyfvNwaiK/gez7lD8TnuZKba2fV5SyWXLy7r9qpIJa0xK/D1sp6','0000',5,1,'jalvear@macrogramec.com','2024-08-12',0,NULL,0,NULL,0,NULL,NULL,NULL,'2026-02-03 00:29:20',NULL,'2026-02-04 04:56:59',NULL,NULL,NULL),(40,'GINGER LISETH','PEÑAFIEL BERNITA','0922961644','2023-01-26',72,'gpenafiel','$2y$12$d3MI2h40YGaRJaRZ78/TRONvQ02cojFZLWn1ao02MvKu.a6Ff75hC','0000',11,1,'gpenafiel@macrogramec.com','2023-01-09',0,NULL,0,NULL,0,NULL,NULL,NULL,'2026-02-03 00:29:20',NULL,'2026-02-04 04:56:59',NULL,NULL,NULL),(42,'PRISCILLA NICOLE','VITERI SALAZAR','0924102908','1993-09-14',999999,'pviteri','$2y$12$gGvyI8/QpM5dymVDvrEMTeQc/0Ly9NUVRudBKD6UiguDdPyQJvncu','0000',12,1,'pviteri@macrogramec.com',NULL,0,NULL,0,NULL,0,NULL,NULL,NULL,'2026-02-03 00:29:20',NULL,'2026-02-04 04:56:59',NULL,NULL,NULL),(43,'JENNIFER MARISOL','ARREAGA SANCHEZ','0952080208','2023-05-29',73,'jarreaga','$2y$12$CUOKYDYp76uWK8RQgi8fZOJrSve87Cr9ssOCm.xtel79t4ptXP7ee','0000',8,1,'jarreaga@macrogramec.com','2023-05-22',0,NULL,0,NULL,0,NULL,NULL,NULL,'2026-02-03 00:29:20',NULL,'2026-02-04 04:57:00',NULL,NULL,NULL),(44,'JAIRON ADRIAN','PONCE GONZABAY','0952431708','1997-01-16',74,'jponce','$2y$12$WIawVhzhDlQ/wzSYRBjSp.BAvICjmXbxJh0Y7/suf3eXDCAzsfXMa','0000',9,1,'jponce@macrogramec.com','2023-06-01',0,NULL,0,NULL,0,NULL,NULL,NULL,'2026-02-03 00:29:20',NULL,'2026-02-04 04:57:00',NULL,NULL,NULL),(45,'ARGENIS ISRAEL','SAMANIEGO GUALLO','0953367620','1999-06-23',75,'asamaniego','$2y$12$0mANmqdb7peSYUCla0s.u.RyQw6TOUqj1uIGmxGuDq1I5IaykWG0q','0000',4,0,'asamaniego@macrogramec.com','2023-05-29',0,NULL,0,NULL,0,NULL,NULL,NULL,'2026-02-03 00:29:20',NULL,'2026-02-04 04:57:00',NULL,NULL,NULL),(46,'EMMANUEL RODRIGO','ROBLES REYES','0955320031','1997-12-21',77,'erobles','$2y$12$N7AcfoYUosbOtB6Nfi93.OWMCzUM1Kz/qjemBBU/Ait2ddCnG3UAO','0000',4,0,'erobles@macrogramec.com','2023-07-05',0,NULL,0,NULL,0,NULL,NULL,NULL,'2026-02-03 00:29:20',NULL,'2026-02-04 04:57:00',NULL,NULL,NULL),(47,'SANTIAGO JAVIER','MASACHE CHEVEZ','0940421647','1994-02-26',79,'smasache','$2y$12$P6ojQDLpNGQZr/vJIIE6BOGcnaFcykjrxcgPVby1z8lPwHgk0SD/i','0000',5,1,'smasache@macrogramec.com','2023-08-14',0,NULL,0,NULL,0,NULL,NULL,NULL,'2026-02-03 00:29:20',NULL,'2026-02-04 04:57:01',NULL,NULL,NULL),(48,'ANDREA STEFANIE','ASTUDILLO VILLACIS','0924555717','2023-10-12',62,'aastudillo','$2y$12$tDgm3tauDD2nl7glnFXDPuPggfBSTMmy0oaQWmkiUzOlv7KxyMKKG','0000',11,1,'aastudillo@macrogramec.com','2022-05-01',0,NULL,0,NULL,0,NULL,NULL,NULL,'2026-02-03 00:29:20',NULL,'2026-02-04 04:57:01',NULL,NULL,NULL),(49,'JONATHAN EDUARDO','GONZALEZ FIGUEROA','0930059829','2024-01-12',80,'jgonzalez','$2y$12$uC.1wWl1AWL3hMNkyqeLS.4QQrZYfsRcu71P7ZuB24/Q64p2gukAW','0000',5,1,'jgonzalez@macrogramec.com','2023-12-01',0,NULL,0,NULL,0,NULL,NULL,NULL,'2026-02-03 00:29:20',NULL,'2026-02-04 04:57:01',NULL,NULL,NULL),(50,'STEPHANIE NICOLLE','PLUA ALVIA','0930635735','1994-08-21',81,'snicole','$2y$12$oZP866PSDPJO5U.s3/DFvOheR/pH87HF/2QE5iic1r5RuqjuHNT/S','0000',4,1,'splua@macrogramec.com','2024-04-04',0,NULL,0,NULL,0,NULL,NULL,NULL,'2026-02-03 00:29:20',NULL,'2026-02-04 04:57:01',NULL,NULL,NULL),(51,'GUIDO ROBERTO','GUTIERREZ MORA','0952040418','2024-05-27',82,'ggutierrez','$2y$12$aFkY3BxJeswKSdAuBO6FFuymSybsEs1x6vus.l4VOAGm7ZqmvpLbW','0000',4,1,'ggutierrez@macrogramec.com','2024-04-24',0,NULL,0,NULL,0,NULL,NULL,NULL,'2026-02-03 00:29:20',NULL,'2026-02-04 04:57:02',NULL,NULL,NULL),(52,'XAVIER EDUARDO','RAMIREZ LARA','0926457540','2024-08-13',83,'xramirez','$2y$12$MHGM99dPOzaxTMx1pWsZXuTfOnyTHjHJ98S11jl6/Kc7TBHFu9u3i','0000',1,1,'xramirez@macrogramec.com','2024-08-12',0,NULL,0,NULL,0,NULL,NULL,NULL,'2026-02-03 00:29:20',NULL,'2026-02-04 04:57:02',NULL,NULL,NULL),(53,'CRISTOPHER GUSTAVO','SOLIS VACA','0955291042','1996-07-04',84,'csolis','$2y$12$JkjNpsgdJ1AppFPYCOFK7OAoOo6OAAh9.8fiDMWgy1nasEhI4sOFu','0000',4,1,'csolis@macrogramec.com','2024-09-02',0,NULL,0,NULL,0,NULL,NULL,NULL,'2026-02-03 00:29:20',NULL,'2026-02-04 04:57:02',NULL,NULL,NULL),(54,'KATHERINE ELIZABETH','SANCHEZ MUÑOZ','0950178913','1998-12-19',85,'ksanchez','$2y$12$76JCkEmUwlc9lRmdEYcq9e02e9rlJgjr0kIBBKdsAYTfu2xzA2Fze','0000',4,1,'ksanchez@macrogramec.com','2024-09-05',0,NULL,0,NULL,0,NULL,NULL,NULL,'2026-02-03 00:29:20',NULL,'2026-02-04 04:57:02',NULL,NULL,NULL),(55,'KEVIN GEOVANNY','MOYANO MENDOZA','0951136795','1998-01-18',86,'kmoyano','$2y$12$Uk67.HPt.U48uKwb0fF5he8M2J.QLPEHaQbCwhg/41swA30yeLdqG','0000',5,1,'kmoyano@macrogramec.com','2024-12-06',0,NULL,0,NULL,0,NULL,NULL,NULL,'2026-02-03 00:29:20',NULL,'2026-02-04 04:57:03',NULL,NULL,NULL),(56,'JORGE ELIAS','GODOY SALAZAR','0955322623','2002-07-15',87,'jgodoy','$2y$12$RqE.5bL2wYcLS/xWVrlq6OWPVZ2aOS6jgkyC2M61bemhwejqMZhfe','0000',5,1,'jgodoy@macrogramec.com','2025-01-28',0,NULL,0,NULL,0,NULL,NULL,NULL,'2026-02-03 00:29:20',NULL,'2026-02-04 04:57:03',NULL,NULL,NULL),(57,'MARIELA ROXANA','FLORES LIBERIO','0932529738','1998-11-18',88,'mflores','$2y$12$kxAIntpuSl0KTB4yZwDRyOZwcv41DEsgpjFLNvQYz4rC3HPCrKNj2','0000',6,1,'mflores@macrogramec.com','2025-04-24',0,NULL,0,NULL,0,NULL,NULL,NULL,'2026-02-03 00:29:20',NULL,'2026-02-04 04:57:03',NULL,NULL,NULL),(58,'STEVEN ALEXANDER','NARANJO ALCIVAR','1251297287','2001-07-06',89,'snaranjo','$2y$12$vz.QEhh2fegS9bwL1SFmxelLfmNe3j0N/W8lSFvmTTKMi0uRCFy5O','0000',4,1,'snaranjo@macrogramec.com','2025-04-24',0,NULL,0,NULL,0,NULL,NULL,NULL,'2026-02-03 00:29:20',NULL,'2026-02-04 04:57:03',NULL,NULL,NULL),(59,'BRYAN CRISTIAN','RUIZ CHIQUITO','0955728910','2025-07-28',91,'bruiz','$2y$12$eZsKr7C7h3hlX3kefaeUeO.tlLwoMjwbEmdCM91VB0ImEJmcVpXNC','0000',5,1,'bruiz@macrogramec.com','2025-07-02',0,'2026-02-05 12:57:32',0,NULL,0,NULL,NULL,NULL,'2026-02-03 00:29:20',NULL,'2026-02-05 12:57:32',NULL,NULL,NULL),(60,'JUSTHYN MISAEL','CEDEÑO SUAREZ','0930351832','2007-08-24',90,'jcedeno','$2y$12$.5KSF3AxZS1k7FoG8pDcQOC0a2TUJmNws4J2rxy4L501Hskf8e/Qy','0000',14,1,'jcedeno@macrogramec.com','2025-09-01',0,NULL,0,NULL,0,NULL,NULL,NULL,'2026-02-03 00:29:20',NULL,'2026-02-04 04:57:04',NULL,NULL,NULL),(61,'GENESIS FIORELLA','GAVILANEZ CORDOVA','0932507189','2001-01-09',92,'ggavilanez','$2y$12$PMp.dCa.MW6N9Udb.4/Rweyg26Se8eLP1ItNKYeM8CmR9MlIhR49O','0000',14,1,'ggavilanez@macrogramec.com','2025-11-01',0,NULL,0,NULL,0,NULL,NULL,NULL,'2026-02-03 00:29:20',NULL,'2026-02-04 04:57:04',NULL,NULL,NULL),(62,'DAYRA JOMARA','CHAVEZ ALAVA','2351001140','2001-09-01',93,'dchavez','$2y$12$.YPZGhid/2dOcihPNYyAL.1J2VJNrwD9JvyfCVv8OKAIBpCJEHxGu','0000',4,1,'dchavez@macrogramec.com','2025-11-12',0,NULL,0,NULL,0,NULL,NULL,NULL,'2026-02-03 00:29:20',NULL,'2026-02-04 04:57:04',NULL,NULL,NULL),(63,'ANALY VANESSA','GAROFALO GAIBOR','0926281361','1987-12-04',94,'agarofalo','$2y$12$2xFAbsTSh3g2lPxOQWwPvu887BPRPSK1DeBQOha7J55T.Sw8P7x4i','0000',6,1,'agarofalo@macrogramec.com','2025-12-01',0,'2026-02-05 06:17:20',0,NULL,0,NULL,NULL,NULL,'2026-02-03 00:29:20',NULL,'2026-02-05 06:17:20',NULL,NULL,NULL),(64,'USUARIO','GERENTE','0900000001',NULL,NULL,'test_gerente','$2y$12$hn1Ho1rhuelJr/52C.Zai.Bp81lmYsHNDTJjSJPbbRES3lV035eam','legacy',18,1,'gerente@test.com','2026-02-04',0,'2026-02-05 01:17:29',0,NULL,0,NULL,NULL,NULL,'2026-02-04 20:14:34',NULL,'2026-02-05 01:17:29',NULL,NULL,NULL),(65,'USUARIO','ADMINISTRACION','0900000002',NULL,NULL,'test_admin_dpto','$2y$12$hn1Ho1rhuelJr/52C.Zai.Bp81lmYsHNDTJjSJPbbRES3lV035eam','legacy',6,1,'admin_dpto@test.com','2026-02-04',0,NULL,0,NULL,0,NULL,NULL,NULL,'2026-02-04 20:14:34',NULL,NULL,NULL,NULL,NULL),(66,'USUARIO','PROGRAMADOR','0900000003',NULL,NULL,'test_programador','$2y$12$hn1Ho1rhuelJr/52C.Zai.Bp81lmYsHNDTJjSJPbbRES3lV035eam','legacy',4,1,'programador@test.com','2026-02-04',0,NULL,0,NULL,0,NULL,NULL,NULL,'2026-02-04 20:14:34',NULL,NULL,NULL,NULL,NULL),(67,'USUARIO','MESA AYUDA','0900000004',NULL,NULL,'test_mesa','$2y$12$hn1Ho1rhuelJr/52C.Zai.Bp81lmYsHNDTJjSJPbbRES3lV035eam','legacy',8,1,'mesa@test.com','2026-02-04',0,NULL,0,NULL,0,NULL,NULL,NULL,'2026-02-04 20:14:34',NULL,NULL,NULL,NULL,NULL),(68,'USUARIO','TECNICO','0900000005',NULL,NULL,'test_tecnico','$2y$12$hn1Ho1rhuelJr/52C.Zai.Bp81lmYsHNDTJjSJPbbRES3lV035eam','legacy',5,1,'tecnico@test.com','2026-02-04',0,NULL,1,NULL,0,NULL,NULL,NULL,'2026-02-04 20:14:34',NULL,'2026-02-05 01:16:46',NULL,NULL,NULL),(69,'USUARIO','JEFE OPERATIVO','0900000006',NULL,NULL,'test_jefe_op','$2y$12$hn1Ho1rhuelJr/52C.Zai.Bp81lmYsHNDTJjSJPbbRES3lV035eam','legacy',17,1,'jefe_op@test.com','2026-02-04',0,NULL,1,NULL,0,NULL,NULL,NULL,'2026-02-04 20:14:34',NULL,'2026-02-05 01:16:47',NULL,NULL,NULL);

--
-- Table structure for table `usuarios_empresa_dashboard_perfil`
--

CREATE TABLE `usuarios_empresa_dashboard_perfil` (
  `dash_id` int NOT NULL,
  `pf_id` int NOT NULL AUTO_INCREMENT,
  `pf_nombre_perfil` varchar(60) NOT NULL,
  `pf_estado` varchar(10) NOT NULL,
  PRIMARY KEY (`pf_id`)
) ENGINE=InnoDB AUTO_INCREMENT=5 DEFAULT CHARSET=latin1;

--
-- Dumping data for table `usuarios_empresa_dashboard_perfil`
--

INSERT INTO `usuarios_empresa_dashboard_perfil` (`dash_id`, `pf_id`, `pf_nombre_perfil`, `pf_estado`) VALUES (1,1,'opcion1','ACT'),(1,2,'opcion2','ATC'),(1,3,'opcion3','ATC'),(1,4,'opcion4','ATC');

--
-- Table structure for table `usuarios_empresas_Dashboard`
--

CREATE TABLE `usuarios_empresas_Dashboard` (
  `dash_id` int NOT NULL AUTO_INCREMENT,
  `dash_usuario` varchar(50) NOT NULL,
  `dash_clave` varchar(1000) NOT NULL,
  `dash_email` varchar(30) NOT NULL,
  `dash_crea` varchar(30) NOT NULL,
  `dash_actualiza` varchar(30) NOT NULL,
  `dash_estado` varchar(10) NOT NULL,
  PRIMARY KEY (`dash_id`)
) ENGINE=InnoDB AUTO_INCREMENT=2 DEFAULT CHARSET=latin1;

--
-- Dumping data for table `usuarios_empresas_Dashboard`
--

INSERT INTO `usuarios_empresas_Dashboard` (`dash_id`, `dash_usuario`, `dash_clave`, `dash_email`, `dash_crea`, `dash_actualiza`, `dash_estado`) VALUES (1,'owong','7e85447ff7ce6f7caec9a195b36a326e','thewong26@gmail.com','2023/12/17 16:30','2024-02-24 21:40:57','ACT');

--
-- Table structure for table `usuarios_empresas_Dashboard_link`
--

CREATE TABLE `usuarios_empresas_Dashboard_link` (
  `link_id` int NOT NULL AUTO_INCREMENT,
  `dash_id` int NOT NULL,
  `link_key` varchar(1000) NOT NULL,
  `link_actualiza` varchar(1000) NOT NULL,
  `link_estado` varchar(10) NOT NULL,
  PRIMARY KEY (`link_id`)
) ENGINE=InnoDB AUTO_INCREMENT=14 DEFAULT CHARSET=latin1;

--
-- Dumping data for table `usuarios_empresas_Dashboard_link`
--

INSERT INTO `usuarios_empresas_Dashboard_link` (`link_id`, `dash_id`, `link_key`, `link_actualiza`, `link_estado`) VALUES (1,1,'c9aa14da53bbf25b8ebad85fdffbc6e4','2023/12/17 16:30','INC'),(2,1,'1','2023/12/17 16:30','ACT'),(3,1,'ecb8df6da980b29d0acd3215ed4974ea','2024-02-12 18:37:39','ACT'),(4,1,'ecb8df6da980b29d0acd3215ed4974ea','2024-02-12 19:30:40','ACT'),(5,1,'ecb8df6da980b29d0acd3215ed4974ea','2024-02-12 19:36:31','ACT'),(6,1,'ecb8df6da980b29d0acd3215ed4974ea','2024-02-12 19:38:04','ACT'),(7,1,'ecb8df6da980b29d0acd3215ed4974ea','2024-02-12 19:38:27','ACT'),(8,1,'ecb8df6da980b29d0acd3215ed4974ea','2024-02-12 19:39:41','ACT'),(9,1,'8e24625b3d58e372a77d28fcb5b48f31','2024-02-12 19:46:05','ACT'),(10,1,'261261322b911bab98842f634597bddd','2024-02-12 19:46:45','ACT'),(11,1,'153fe847ac91645d65ade3ba570bba4b','2024-02-12 19:46:54','INC'),(12,1,'5e91b7ed454682426c2518ef9a5c8690','2024-02-12 19:48:48','INC'),(13,1,'451de38de90d1b40fe73da08b939fb64','2024-02-24 21:39:16','INC');

--
-- Table structure for table `vacaciones_tomadas`
--

CREATE TABLE `vacaciones_tomadas` (
  `usu_id` bigint NOT NULL,
  `periodo` int NOT NULL,
  `fecha_desde` date NOT NULL,
  `fecha_hasta` date NOT NULL,
  `dias` int NOT NULL,
  PRIMARY KEY (`usu_id`,`periodo`,`fecha_desde`)
) ENGINE=InnoDB DEFAULT CHARSET=latin1;

--
-- Dumping data for table `vacaciones_tomadas`
--

INSERT INTO `vacaciones_tomadas` (`usu_id`, `periodo`, `fecha_desde`, `fecha_hasta`, `dias`) VALUES (1,2017,'2019-02-28','2019-03-10',11),(1,2017,'2020-02-04','2020-02-07',4),(1,2018,'2020-02-08','2020-02-16',9),(1,2018,'2022-06-27','2022-07-02',6),(1,2019,'2021-06-14','2021-06-20',7),(1,2019,'2022-07-03','2022-07-03',1),(1,2019,'2023-08-04','2023-08-10',7),(1,2020,'2023-08-21','2023-08-27',7),(1,2020,'2024-02-13','2024-02-20',8),(1,2021,'2024-02-20','2024-02-23',4),(1,2021,'2024-06-25','2024-06-25',1),(1,2021,'2025-02-08','2025-02-18',11),(1,2022,'2025-02-18','2025-02-23',6),(8,2018,'2019-12-02','2019-12-02',1),(8,2018,'2020-03-10','2020-03-15',6),(8,2018,'2020-12-11','2020-12-13',3),(8,2018,'2021-04-19','2021-04-23',5),(8,2019,'2021-04-24','2021-04-25',2),(8,2019,'2021-09-14','2021-09-19',6),(8,2019,'2021-12-06','2021-12-08',3),(8,2019,'2022-04-05','2022-04-05',1),(8,2019,'2022-05-31','2022-06-02',3),(8,2020,'2022-06-03','2022-06-06',4),(8,2020,'2022-09-23','2022-09-26',4),(8,2020,'2023-02-24','2023-02-24',1),(8,2020,'2023-04-28','2023-04-28',1),(8,2020,'2023-07-17','2023-07-17',1),(8,2020,'2023-10-25','2023-10-28',4),(8,2021,'2023-10-29','2023-11-01',4),(8,2021,'2024-04-29','2024-04-29',1),(8,2021,'2024-05-27','2024-06-02',7),(8,2021,'2024-10-14','2024-10-14',1),(8,2021,'2024-12-08','2024-12-09',2),(8,2022,'2024-12-17','2024-12-17',1),(8,2022,'2025-01-25','2025-01-31',7),(8,2022,'2025-06-05','2025-06-06',2),(8,2022,'2025-10-07','2025-10-07',1),(9,2015,'2022-08-22','2022-08-26',5),(9,2015,'2022-09-03','2022-09-08',6),(9,2015,'2022-09-23','2022-09-25',3),(9,2015,'2022-09-26','2022-09-26',1),(9,2016,'2022-09-30','2022-09-30',1),(9,2016,'2023-02-20','2023-02-26',7),(9,2016,'2024-09-04','2024-09-10',7),(9,2017,'2024-09-13','2024-09-15',3),(13,2019,'2020-11-06','2020-11-15',10),(13,2019,'2021-07-15','2021-07-18',4),(13,2019,'2021-08-16','2021-08-16',1),(13,2020,'2021-08-17','2021-08-19',3),(13,2020,'2021-08-20','2021-08-29',10),(13,2020,'2022-10-24','2022-10-25',2),(14,2017,'2019-03-12','2019-03-17',6),(14,2017,'2019-09-04','2019-09-10',7),(14,2017,'2020-03-13','2020-03-14',2),(14,2018,'2020-03-15','2020-03-23',9),(14,2018,'2021-10-11','2021-10-16',6),(14,2019,'2022-04-18','2022-04-27',10),(15,2017,'2022-05-01','2022-05-08',8),(15,2017,'2022-05-09','2022-05-13',5),(15,2017,'2022-05-20','2022-05-21',2),(15,2018,'2021-05-10','2021-05-11',2),(15,2018,'2021-09-17','2021-09-26',10),(15,2018,'2021-11-04','2021-11-04',1),(15,2018,'2022-04-08','2022-04-09',2),(15,2019,'2022-04-10','2022-04-11',2),(15,2019,'2022-11-05','2022-11-08',4),(15,2019,'2022-11-25','2022-11-27',3),(15,2019,'2023-03-20','2023-03-25',6),(15,2020,'2023-03-20','2023-03-25',6),(15,2020,'2023-03-26','2023-03-26',1),(15,2020,'2023-08-25','2023-08-27',3),(15,2020,'2023-09-01','2023-09-01',1),(15,2020,'2023-12-26','2023-12-26',1),(15,2020,'2024-03-18','2024-03-20',3),(15,2021,'2024-03-21','2024-03-24',4),(15,2021,'2024-09-21','2024-09-23',3),(15,2021,'2024-10-04','2024-10-06',3),(15,2021,'2024-12-31','2024-12-31',1),(15,2021,'2025-04-07','2025-04-07',1),(15,2021,'2025-07-04','2025-07-04',1),(15,2021,'2025-07-24','2025-07-24',1),(20,2020,'2021-11-21','2021-11-24',4),(20,2020,'2022-03-29','2022-03-29',1),(20,2020,'2024-09-19','2024-09-22',4),(22,2021,'2023-04-10','2023-04-16',7),(22,2021,'2023-05-03','2023-05-03',1),(23,2019,'2023-03-06','2023-03-12',7),(23,2019,'2023-05-29','2023-06-04',7),(23,2019,'2023-10-16','2023-10-16',1),(23,2020,'2021-10-20','2021-10-26',7),(23,2020,'2023-10-17','2023-10-22',6),(23,2020,'2023-10-28','2023-10-29',2),(23,2021,'2025-03-24','2025-03-30',7),(24,2019,'2021-10-31','2021-10-31',1),(24,2019,'2022-03-21','2022-03-27',7),(24,2019,'2023-07-10','2023-07-16',7),(24,2020,'2022-09-19','2022-09-25',7),(24,2020,'2023-06-24','2023-06-24',1),(24,2020,'2023-10-30','2023-11-05',7),(24,2021,'2023-09-04','2023-09-05',2),(24,2021,'2024-02-19','2024-02-20',2),(24,2021,'2024-04-15','2024-04-16',2),(24,2021,'2024-07-17','2024-07-17',1),(24,2021,'2025-04-19','2025-04-20',2),(24,2021,'2025-04-28','2025-04-28',1),(24,2021,'2025-05-03','2025-05-04',2),(24,2021,'2025-05-06','2025-05-08',3),(24,2022,'2024-09-24','2024-09-27',4),(24,2022,'2025-05-05','2025-05-05',1),(24,2022,'2025-05-09','2025-05-14',6),(25,2019,'2022-05-04','2022-05-08',5),(25,2019,'2023-05-30','2023-05-30',1),(25,2019,'2023-08-14','2023-08-20',7),(25,2019,'2024-04-01','2024-04-02',2),(25,2020,'2024-09-26','2024-10-02',7),(25,2020,'2025-03-14','2025-03-21',8),(25,2021,'2025-02-19','2025-02-19',1),(25,2021,'2025-07-29','2025-07-29',1),(25,2021,'2025-09-24','2025-09-30',7),(26,2019,'2022-03-18','2022-03-18',1),(26,2019,'2022-04-11','2022-04-17',7),(26,2019,'2023-04-04','2023-04-09',6),(26,2019,'2023-04-10','2023-04-10',1),(26,2020,'2023-04-11','2023-04-13',3),(26,2020,'2023-11-06','2023-11-12',7),(26,2020,'2024-04-24','2024-04-28',5),(26,2021,'2024-12-20','2024-12-22',3),(26,2021,'2025-01-16','2025-01-16',1),(26,2021,'2025-06-16','2025-06-22',7),(26,2021,'2025-08-25','2025-08-25',1),(29,2022,'2023-08-14','2023-08-20',7),(29,2022,'2024-03-01','2024-03-01',1),(29,2022,'2024-06-24','2024-06-30',7),(29,2023,'2025-08-18','2025-08-24',7),(30,2022,'2023-10-10','2023-10-16',7),(30,2022,'2024-02-02','2024-02-04',3),(30,2022,'2024-05-29','2024-05-31',3),(30,2022,'2024-06-03','2024-06-04',2),(30,2023,'2024-09-04','2024-09-04',1),(30,2023,'2024-12-28','2024-12-31',4),(30,2023,'2025-05-28','2025-06-01',5),(30,2023,'2025-06-18','2025-06-18',1),(30,2023,'2025-07-02','2025-07-02',1),(30,2023,'2025-08-01','2025-08-01',1),(30,2023,'2025-08-12','2025-08-12',1),(30,2023,'2025-11-05','2025-11-05',1),(30,2024,'2025-11-06','2025-11-11',6),(31,2022,'2023-11-13','2023-11-19',7),(31,2022,'2023-12-11','2023-12-14',4),(33,2022,'2023-10-09','2023-10-15',7),(33,2022,'2024-03-25','2024-03-31',7),(33,2022,'2025-01-20','2025-01-20',1),(33,2023,'2025-01-20','2025-01-20',1),(33,2023,'2025-01-21','2025-01-26',6),(36,2022,'2023-07-21','2023-07-21',1),(36,2022,'2023-09-05','2023-09-05',1),(36,2022,'2023-10-27','2023-10-27',1),(36,2022,'2024-03-08','2024-03-10',3),(36,2022,'2024-03-18','2024-03-24',7),(36,2022,'2024-07-19','2024-07-19',1),(36,2022,'2024-10-25','2024-10-25',1),(36,2023,'2025-01-24','2025-01-26',3),(40,2023,'2023-10-03','2023-10-03',1),(40,2023,'2023-10-20','2023-10-22',3),(40,2023,'2024-04-15','2024-04-15',1),(40,2023,'2024-05-31','2024-06-02',3),(40,2023,'2024-09-13','2024-09-13',1),(40,2023,'2025-01-23','2025-01-24',2),(40,2023,'2025-07-09','2025-07-10',2),(43,2023,'2024-06-03','2024-06-09',7),(44,2023,'2025-03-31','2025-04-06',7),(49,2023,'2025-09-03','2025-09-03',1),(49,2023,'2025-09-10','2025-09-15',6),(50,2024,'2025-08-06','2025-08-06',1),(50,2024,'2025-10-13','2025-10-13',1),(50,2024,'2025-12-08','2025-12-14',7);

--
-- Table structure for table `vehiculos`
--

CREATE TABLE `vehiculos` (
  `veh_id` int NOT NULL AUTO_INCREMENT,
  `veh_nombre` varchar(50) NOT NULL,
  `veh_placa` varchar(50) NOT NULL,
  `veh_estado` int NOT NULL DEFAULT '1',
  PRIMARY KEY (`veh_id`)
) ENGINE=InnoDB AUTO_INCREMENT=4 DEFAULT CHARSET=latin1;

--
-- Dumping data for table `vehiculos`
--

INSERT INTO `vehiculos` (`veh_id`, `veh_nombre`, `veh_placa`, `veh_estado`) VALUES (1,'Camioneta Ploma','GSZ4620',1),(2,'Renault','GTH1829',1),(3,'VAN','GTL5234',1);

--
-- Table structure for table `via_subcentro`
--

CREATE TABLE `via_subcentro` (
  `via_id` int NOT NULL AUTO_INCREMENT,
  `id_centro` int NOT NULL,
  `nombre` varchar(25) NOT NULL,
  `estado` int NOT NULL DEFAULT '1',
  `usuario_crea` int DEFAULT NULL,
  `fecha_crea` datetime DEFAULT CURRENT_TIMESTAMP,
  `usuario_modifica` int DEFAULT NULL,
  `fecha_modifica` datetime DEFAULT NULL,
  PRIMARY KEY (`via_id`),
  UNIQUE KEY `id_centro` (`id_centro`,`nombre`)
) ENGINE=InnoDB AUTO_INCREMENT=121 DEFAULT CHARSET=latin1;

--
-- Dumping data for table `via_subcentro`
--

INSERT INTO `via_subcentro` (`via_id`, `id_centro`, `nombre`, `estado`, `usuario_crea`, `fecha_crea`, `usuario_modifica`, `fecha_modifica`) VALUES (1,1,'1',1,NULL,'2026-02-03 00:29:20',NULL,NULL),(2,1,'2',1,NULL,'2026-02-03 00:29:20',NULL,NULL),(3,1,'3',1,NULL,'2026-02-03 00:29:20',NULL,NULL),(4,1,'4',1,NULL,'2026-02-03 00:29:20',NULL,NULL),(5,1,'5',1,NULL,'2026-02-03 00:29:20',NULL,NULL),(6,1,'6',1,NULL,'2026-02-03 00:29:20',NULL,NULL),(7,2,'1',1,NULL,'2026-02-03 00:29:20',NULL,NULL),(8,2,'2',1,NULL,'2026-02-03 00:29:20',NULL,NULL),(9,2,'3',1,NULL,'2026-02-03 00:29:20',NULL,NULL),(10,2,'4',1,NULL,'2026-02-03 00:29:20',NULL,NULL),(11,3,'1',1,NULL,'2026-02-03 00:29:20',NULL,NULL),(12,3,'2',1,NULL,'2026-02-03 00:29:20',NULL,NULL),(13,3,'3',1,NULL,'2026-02-03 00:29:20',NULL,NULL),(14,3,'4',1,NULL,'2026-02-03 00:29:20',NULL,NULL),(15,3,'5',1,NULL,'2026-02-03 00:29:20',NULL,NULL),(16,3,'6',1,NULL,'2026-02-03 00:29:20',NULL,NULL),(17,3,'7',1,NULL,'2026-02-03 00:29:20',NULL,NULL),(18,3,'8',1,NULL,'2026-02-03 00:29:20',NULL,NULL),(19,3,'104',1,NULL,'2026-02-03 00:29:20',NULL,NULL),(20,3,'105',1,NULL,'2026-02-03 00:29:20',NULL,NULL),(21,4,'1',1,NULL,'2026-02-03 00:29:20',NULL,NULL),(22,4,'2',1,NULL,'2026-02-03 00:29:20',NULL,NULL),(23,4,'3',1,NULL,'2026-02-03 00:29:20',NULL,NULL),(24,4,'4',1,NULL,'2026-02-03 00:29:20',NULL,NULL),(25,4,'5',1,NULL,'2026-02-03 00:29:20',NULL,NULL),(26,4,'6',1,NULL,'2026-02-03 00:29:20',NULL,NULL),(27,5,'1',1,NULL,'2026-02-03 00:29:20',NULL,NULL),(28,5,'2',1,NULL,'2026-02-03 00:29:20',NULL,NULL),(29,5,'3',1,NULL,'2026-02-03 00:29:20',NULL,NULL),(30,5,'4',1,NULL,'2026-02-03 00:29:20',NULL,NULL),(31,5,'102',1,NULL,'2026-02-03 00:29:20',NULL,NULL),(32,5,'103',1,NULL,'2026-02-03 00:29:20',NULL,NULL),(33,6,'1',1,NULL,'2026-02-03 00:29:20',NULL,NULL),(34,6,'2',1,NULL,'2026-02-03 00:29:20',NULL,NULL),(35,6,'3',1,NULL,'2026-02-03 00:29:20',NULL,NULL),(36,6,'4',1,NULL,'2026-02-03 00:29:20',NULL,NULL),(37,6,'102',1,NULL,'2026-02-03 00:29:20',NULL,NULL),(38,6,'103',1,NULL,'2026-02-03 00:29:20',NULL,NULL),(39,7,'1',1,NULL,'2026-02-03 00:29:20',NULL,NULL),(40,7,'2',1,NULL,'2026-02-03 00:29:20',NULL,NULL),(41,7,'3',1,NULL,'2026-02-03 00:29:20',NULL,NULL),(42,7,'4',1,NULL,'2026-02-03 00:29:20',NULL,NULL),(43,8,'1',1,NULL,'2026-02-03 00:29:20',NULL,NULL),(44,8,'2',1,NULL,'2026-02-03 00:29:20',NULL,NULL),(45,9,'1',1,NULL,'2026-02-03 00:29:20',NULL,NULL),(46,9,'2',1,NULL,'2026-02-03 00:29:20',NULL,NULL),(47,9,'3',1,NULL,'2026-02-03 00:29:20',NULL,NULL),(48,9,'4',1,NULL,'2026-02-03 00:29:20',NULL,NULL),(49,9,'5',1,NULL,'2026-02-03 00:29:20',NULL,NULL),(50,9,'6',1,NULL,'2026-02-03 00:29:20',NULL,NULL),(51,9,'7',1,NULL,'2026-02-03 00:29:20',NULL,NULL),(52,9,'8',1,NULL,'2026-02-03 00:29:20',NULL,NULL),(53,9,'103',1,NULL,'2026-02-03 00:29:20',NULL,NULL),(54,9,'104',1,NULL,'2026-02-03 00:29:20',NULL,NULL),(55,9,'105',1,NULL,'2026-02-03 00:29:20',NULL,NULL),(56,9,'106',1,NULL,'2026-02-03 00:29:20',NULL,NULL),(57,10,'1',1,NULL,'2026-02-03 00:29:20',NULL,NULL),(58,10,'2',1,NULL,'2026-02-03 00:29:20',NULL,NULL),(59,10,'3',1,NULL,'2026-02-03 00:29:20',NULL,NULL),(60,10,'4',1,NULL,'2026-02-03 00:29:20',NULL,NULL),(61,10,'5',1,NULL,'2026-02-03 00:29:20',NULL,NULL),(62,10,'6',1,NULL,'2026-02-03 00:29:20',NULL,NULL),(63,10,'7',1,NULL,'2026-02-03 00:29:20',NULL,NULL),(64,10,'8',1,NULL,'2026-02-03 00:29:20',NULL,NULL),(65,10,'103',1,NULL,'2026-02-03 00:29:20',NULL,NULL),(66,10,'104',1,NULL,'2026-02-03 00:29:20',NULL,NULL),(67,10,'105',1,NULL,'2026-02-03 00:29:20',NULL,NULL),(68,10,'106',1,NULL,'2026-02-03 00:29:20',NULL,NULL),(69,11,'1',1,NULL,'2026-02-03 00:29:20',NULL,NULL),(70,11,'2',1,NULL,'2026-02-03 00:29:20',NULL,NULL),(71,11,'3',1,NULL,'2026-02-03 00:29:20',NULL,NULL),(72,11,'4',1,NULL,'2026-02-03 00:29:20',NULL,NULL),(73,11,'5',1,NULL,'2026-02-03 00:29:20',NULL,NULL),(74,11,'6',1,NULL,'2026-02-03 00:29:20',NULL,NULL),(75,12,'1',1,NULL,'2026-02-03 00:29:20',NULL,NULL),(76,12,'2',1,NULL,'2026-02-03 00:29:20',NULL,NULL),(77,12,'3',1,NULL,'2026-02-03 00:29:20',NULL,NULL),(78,12,'4',1,NULL,'2026-02-03 00:29:20',NULL,NULL),(79,13,'1',1,NULL,'2026-02-03 00:29:20',NULL,NULL),(80,13,'2',1,NULL,'2026-02-03 00:29:20',NULL,NULL),(81,13,'3',1,NULL,'2026-02-03 00:29:20',NULL,NULL),(82,13,'4',1,NULL,'2026-02-03 00:29:20',NULL,NULL),(83,14,'1',1,NULL,'2026-02-03 00:29:20',NULL,NULL),(84,14,'2',1,NULL,'2026-02-03 00:29:20',NULL,NULL),(85,14,'3',1,NULL,'2026-02-03 00:29:20',NULL,NULL),(86,14,'4',1,NULL,'2026-02-03 00:29:20',NULL,NULL),(87,15,'1',1,NULL,'2026-02-03 00:29:20',NULL,NULL),(88,15,'2',1,NULL,'2026-02-03 00:29:20',NULL,NULL),(89,15,'3',1,NULL,'2026-02-03 00:29:20',NULL,NULL),(90,15,'4',1,NULL,'2026-02-03 00:29:20',NULL,NULL),(91,15,'5',1,NULL,'2026-02-03 00:29:20',NULL,NULL),(92,15,'6',1,NULL,'2026-02-03 00:29:20',NULL,NULL),(93,15,'102',1,NULL,'2026-02-03 00:29:20',NULL,NULL),(94,15,'105',1,NULL,'2026-02-03 00:29:20',NULL,NULL),(95,17,'1',1,NULL,'2026-02-03 00:29:20',NULL,NULL),(96,17,'2',1,NULL,'2026-02-03 00:29:20',NULL,NULL),(97,17,'3',1,NULL,'2026-02-03 00:29:20',NULL,NULL),(98,17,'4',1,NULL,'2026-02-03 00:29:20',NULL,NULL),(99,17,'5',1,NULL,'2026-02-03 00:29:20',NULL,NULL),(100,17,'6',1,NULL,'2026-02-03 00:29:20',NULL,NULL),(101,17,'7',1,NULL,'2026-02-03 00:29:20',NULL,NULL),(102,17,'8',1,NULL,'2026-02-03 00:29:20',NULL,NULL),(103,17,'104',1,NULL,'2026-02-03 00:29:20',NULL,NULL),(104,17,'105',1,NULL,'2026-02-03 00:29:20',NULL,NULL),(105,19,'Bodega',1,NULL,'2026-02-03 00:29:20',NULL,NULL),(106,20,'Bodega',1,NULL,'2026-02-03 00:29:20',NULL,NULL),(107,21,'Dpto. Técnico',1,NULL,'2026-02-03 00:29:20',NULL,NULL),(108,18,'1',1,NULL,'2026-02-03 00:29:20',NULL,NULL),(109,18,'2',1,NULL,'2026-02-03 00:29:20',NULL,NULL),(110,18,'3',1,NULL,'2026-02-03 00:29:20',NULL,NULL),(111,18,'4',1,NULL,'2026-02-03 00:29:20',NULL,NULL),(112,18,'5',1,NULL,'2026-02-03 00:29:20',NULL,NULL),(113,18,'6',1,NULL,'2026-02-03 00:29:20',NULL,NULL),(114,18,'7',1,NULL,'2026-02-03 00:29:20',NULL,NULL),(115,18,'8',1,NULL,'2026-02-03 00:29:20',NULL,NULL),(116,18,'104',1,NULL,'2026-02-03 00:29:20',NULL,NULL),(117,18,'105',1,NULL,'2026-02-03 00:29:20',NULL,NULL),(118,11,'103',1,NULL,'2026-02-03 00:29:20',NULL,NULL),(119,11,'104',1,NULL,'2026-02-03 00:29:20',NULL,NULL),(120,22,'Bodega',1,NULL,'2026-02-03 00:29:20',NULL,NULL);

--
-- Dumping routines for database 'siryc_horasextras'
--
/*!50003 DROP PROCEDURE IF EXISTS `sp_aprobar_mantenimiento_qr` */;
DELIMITER ;;
CREATE DEFINER=`macrobills_produccion`@`%` PROCEDURE `sp_aprobar_mantenimiento_qr`(
    IN p_prog_id BIGINT,
    IN p_qr_code VARCHAR(500),
    IN p_pin VARCHAR(10),
    IN p_latitud DECIMAL(10,8),
    IN p_longitud DECIMAL(11,8),
    IN p_usuario_id BIGINT
)
proc_label:BEGIN
    DECLARE v_qr VARCHAR(500);
    DECLARE v_qr_expira DATETIME;
    DECLARE v_pin_hash VARCHAR(255);
    DECLARE v_id_centro INT;
    DECLARE v_estado VARCHAR(30);
    DECLARE v_intentos INT;
    DECLARE v_bloqueado DATETIME;
    
    DECLARE EXIT HANDLER FOR SQLEXCEPTION
    BEGIN
        ROLLBACK;
        SELECT JSON_OBJECT('success', FALSE, 'code', 'ERROR_DB', 'message', 'Error en aprobación', 'data', NULL) AS resultado;
    END;
    
    START TRANSACTION;
    
    SELECT mp.qr_code, mp.qr_expira, mp.id_centro, me.estado_codigo INTO v_qr, v_qr_expira, v_id_centro, v_estado
    FROM mant_programacion mp INNER JOIN mant_estados me ON mp.estado_id = me.estado_id WHERE mp.prog_id = p_prog_id FOR UPDATE;
    
    IF v_estado != 'PEND_APROBACION' THEN
        SELECT JSON_OBJECT('success', FALSE, 'code', 'ESTADO_INVALIDO', 'message', 'No está pendiente de aprobación', 'data', NULL) AS resultado;
        ROLLBACK; LEAVE proc_label;
    END IF;
    
    IF v_qr IS NULL OR v_qr != p_qr_code THEN
        SELECT JSON_OBJECT('success', FALSE, 'code', 'QR_INVALIDO', 'message', 'Código QR no válido', 'data', NULL) AS resultado;
        ROLLBACK; LEAVE proc_label;
    END IF;
    
    IF v_qr_expira < NOW() THEN
        SELECT JSON_OBJECT('success', FALSE, 'code', 'QR_EXPIRADO', 'message', 'El QR ha expirado', 'data', NULL) AS resultado;
        ROLLBACK; LEAVE proc_label;
    END IF;
    
    SELECT pin_hash, pin_intentos_fallidos, pin_bloqueado_hasta INTO v_pin_hash, v_intentos, v_bloqueado
    FROM jefe_operativo_peajes WHERE jefe_id = p_usuario_id AND id_centro = v_id_centro AND estado = 1;
    
    IF v_pin_hash IS NULL THEN
        SELECT JSON_OBJECT('success', FALSE, 'code', 'NO_AUTORIZADO', 'message', 'No autorizado para este peaje', 'data', NULL) AS resultado;
        ROLLBACK; LEAVE proc_label;
    END IF;
    
    IF v_bloqueado IS NOT NULL AND v_bloqueado > NOW() THEN
        SELECT JSON_OBJECT('success', FALSE, 'code', 'PIN_BLOQUEADO', 'message', 'PIN bloqueado temporalmente', 'data', NULL) AS resultado;
        ROLLBACK; LEAVE proc_label;
    END IF;
    
    IF v_pin_hash != SHA2(p_pin, 256) THEN
        UPDATE jefe_operativo_peajes SET pin_intentos_fallidos = pin_intentos_fallidos + 1,
            pin_bloqueado_hasta = IF(pin_intentos_fallidos + 1 >= 3, DATE_ADD(NOW(), INTERVAL 15 MINUTE), NULL)
        WHERE jefe_id = p_usuario_id AND id_centro = v_id_centro;
        COMMIT;
        SELECT JSON_OBJECT('success', FALSE, 'code', 'PIN_INCORRECTO', 'message', 'PIN incorrecto', 'data', JSON_OBJECT('intentos', 3 - v_intentos - 1)) AS resultado;
        LEAVE proc_label;
    END IF;
    
    UPDATE jefe_operativo_peajes SET pin_intentos_fallidos = 0, pin_bloqueado_hasta = NULL WHERE jefe_id = p_usuario_id AND id_centro = v_id_centro;
    
    INSERT INTO mant_aprobaciones (prog_id, jefe_operativo_id, tipo, qr_escaneado, pin_validado, latitud, longitud)
    VALUES (p_prog_id, p_usuario_id, 'APROBADO', p_qr_code, 1, p_latitud, p_longitud);
    
    UPDATE mant_programacion SET estado_id = (SELECT estado_id FROM mant_estados WHERE estado_codigo = 'APROBADO'), qr_code = NULL, usuario_modifica = p_usuario_id, fecha_modifica = NOW() WHERE prog_id = p_prog_id;
    
    INSERT INTO mant_estado_historial (prog_id, estado_anterior_id, estado_nuevo_id, latitud, longitud, observaciones, usuario_ejecuta)
    VALUES (p_prog_id, (SELECT estado_id FROM mant_estados WHERE estado_codigo = 'PEND_APROBACION'), (SELECT estado_id FROM mant_estados WHERE estado_codigo = 'APROBADO'), p_latitud, p_longitud, 'Aprobado QR+PIN', p_usuario_id);
    
    COMMIT;
    SELECT JSON_OBJECT('success', TRUE, 'code', 'SUCCESS', 'message', 'Mantenimiento aprobado', 'data', JSON_OBJECT('prog_id', p_prog_id)) AS resultado;
END ;;
DELIMITER ;
/*!50003 DROP PROCEDURE IF EXISTS `sp_asignar_tecnico` */;
DELIMITER ;;
CREATE DEFINER=`macrobills_produccion`@`%` PROCEDURE `sp_asignar_tecnico`(
    IN p_prog_id BIGINT,
    IN p_tecnico_id BIGINT,
    IN p_fecha DATE,
    IN p_motivo VARCHAR(500),
    IN p_usuario_id BIGINT
)
proc_label:BEGIN
    DECLARE v_estado INT;
    DECLARE v_tecnico_ant BIGINT;
    DECLARE v_mant_dia INT;
    
    DECLARE EXIT HANDLER FOR SQLEXCEPTION
    BEGIN
        ROLLBACK;
        SELECT JSON_OBJECT('success', FALSE, 'code', 'ERROR_DB', 'message', 'Error en asignación', 'data', NULL) AS resultado;
    END;
    
    START TRANSACTION;
    
    SELECT estado_id, tecnico_asignado INTO v_estado, v_tecnico_ant FROM mant_programacion WHERE prog_id = p_prog_id FOR UPDATE;
    
    IF v_estado IS NULL THEN
        SELECT JSON_OBJECT('success', FALSE, 'code', 'NO_EXISTE', 'message', 'Mantenimiento no encontrado', 'data', NULL) AS resultado;
        ROLLBACK; LEAVE proc_label;
    END IF;
    
    IF v_estado != 1 THEN
        SELECT JSON_OBJECT('success', FALSE, 'code', 'ESTADO_INVALIDO', 'message', 'Solo se puede reasignar mantenimientos programados', 'data', NULL) AS resultado;
        ROLLBACK; LEAVE proc_label;
    END IF;
    
    SELECT COUNT(*) INTO v_mant_dia FROM mant_programacion WHERE tecnico_asignado = p_tecnico_id AND fecha_programada = COALESCE(p_fecha, (SELECT fecha_programada FROM mant_programacion WHERE prog_id = p_prog_id)) AND estado = 1 AND prog_id != p_prog_id;
    
    IF v_mant_dia >= 2 THEN
        SELECT JSON_OBJECT('success', FALSE, 'code', 'TECNICO_OCUPADO', 'message', 'El técnico ya tiene 2 mantenimientos ese día', 'data', NULL) AS resultado;
        ROLLBACK; LEAVE proc_label;
    END IF;
    
    UPDATE mant_programacion SET
        tecnico_asignado = p_tecnico_id,
        fecha_programada = COALESCE(p_fecha, fecha_programada),
        motivo_reprogramacion = IF(p_fecha IS NOT NULL, p_motivo, motivo_reprogramacion),
        usuario_modifica = p_usuario_id, fecha_modifica = NOW()
    WHERE prog_id = p_prog_id;
    
    INSERT INTO auditoria (tabla_afectada, registro_id, accion, datos_anteriores, datos_nuevos, usuario_ejecuta)
    VALUES ('mant_programacion', p_prog_id, 'UPDATE', JSON_OBJECT('tecnico', v_tecnico_ant), JSON_OBJECT('tecnico', p_tecnico_id), p_usuario_id);
    
    COMMIT;
    SELECT JSON_OBJECT('success', TRUE, 'code', 'SUCCESS', 'message', 'Técnico asignado', 'data', JSON_OBJECT('prog_id', p_prog_id)) AS resultado;
END ;;
DELIMITER ;
/*!50003 DROP PROCEDURE IF EXISTS `sp_cambiar_estado_mant` */;
DELIMITER ;;
CREATE DEFINER=`macrobills_produccion`@`%` PROCEDURE `sp_cambiar_estado_mant`(
    IN p_prog_id BIGINT,
    IN p_nuevo_estado VARCHAR(30),
    IN p_latitud DECIMAL(10,8),
    IN p_longitud DECIMAL(11,8),
    IN p_precision DECIMAL(10,2),
    IN p_observaciones TEXT,
    IN p_usuario_id BIGINT
)
proc_label:BEGIN
    DECLARE v_estado_actual INT;
    DECLARE v_nuevo_estado_id INT;
    DECLARE v_requiere_gps TINYINT;
    DECLARE v_tecnico BIGINT;
    
    DECLARE EXIT HANDLER FOR SQLEXCEPTION
    BEGIN
        ROLLBACK;
        SELECT JSON_OBJECT('success', FALSE, 'code', 'ERROR_DB', 'message', 'Error al cambiar estado', 'data', NULL) AS resultado;
    END;
    
    START TRANSACTION;
    
    SELECT estado_id, tecnico_asignado INTO v_estado_actual, v_tecnico FROM mant_programacion WHERE prog_id = p_prog_id FOR UPDATE;
    SELECT estado_id, requiere_gps INTO v_nuevo_estado_id, v_requiere_gps FROM mant_estados WHERE estado_codigo = p_nuevo_estado AND estado = 1;
    
    IF v_estado_actual IS NULL THEN
        SELECT JSON_OBJECT('success', FALSE, 'code', 'NO_EXISTE', 'message', 'Mantenimiento no encontrado', 'data', NULL) AS resultado;
        ROLLBACK; LEAVE proc_label;
    END IF;
    
    IF v_nuevo_estado_id IS NULL THEN
        SELECT JSON_OBJECT('success', FALSE, 'code', 'ESTADO_INVALIDO', 'message', 'Estado no válido', 'data', NULL) AS resultado;
        ROLLBACK; LEAVE proc_label;
    END IF;
    
    IF v_requiere_gps = 1 AND (p_latitud IS NULL OR p_longitud IS NULL) THEN
        SELECT JSON_OBJECT('success', FALSE, 'code', 'GPS_REQUERIDO', 'message', 'Este estado requiere GPS', 'data', NULL) AS resultado;
        ROLLBACK; LEAVE proc_label;
    END IF;
    
    UPDATE mant_programacion SET estado_id = v_nuevo_estado_id, usuario_modifica = p_usuario_id, fecha_modifica = NOW() WHERE prog_id = p_prog_id;
    
    INSERT INTO mant_estado_historial (prog_id, estado_anterior_id, estado_nuevo_id, latitud, longitud, precision_gps, observaciones, usuario_ejecuta)
    VALUES (p_prog_id, v_estado_actual, v_nuevo_estado_id, p_latitud, p_longitud, p_precision, p_observaciones, p_usuario_id);
    
    IF p_latitud IS NOT NULL THEN
        INSERT INTO gps_tracking (usuario_id, prog_id, latitud, longitud, precision_metros, fecha_captura) VALUES (p_usuario_id, p_prog_id, p_latitud, p_longitud, p_precision, NOW());
    END IF;
    
    IF p_nuevo_estado = 'MANT_FINALIZADO' THEN
        UPDATE mant_programacion SET
            qr_code = CONCAT('MNT-', p_prog_id, '-', UNIX_TIMESTAMP(), '-', LEFT(MD5(RAND()), 16)),
            qr_generado = NOW(),
            qr_expira = DATE_ADD(NOW(), INTERVAL 4 HOUR),
            estado_id = (SELECT estado_id FROM mant_estados WHERE estado_codigo = 'PEND_APROBACION')
        WHERE prog_id = p_prog_id;
    END IF;
    
    COMMIT;
    SELECT JSON_OBJECT('success', TRUE, 'code', 'SUCCESS', 'message', 'Estado actualizado', 'data', JSON_OBJECT('prog_id', p_prog_id, 'estado', p_nuevo_estado)) AS resultado;
END ;;
DELIMITER ;
/*!50003 DROP PROCEDURE IF EXISTS `sp_dashboard_admin` */;
DELIMITER ;;
CREATE DEFINER=`macrobills_produccion`@`%` PROCEDURE `sp_dashboard_admin`()
BEGIN
    SELECT JSON_OBJECT('success', TRUE, 'code', 'SUCCESS', 'data', JSON_OBJECT(
        'hoy', JSON_OBJECT(
            'programados', (SELECT COUNT(*) FROM mant_programacion WHERE fecha_programada = CURDATE() AND estado = 1),
            'completados', (SELECT COUNT(*) FROM mant_programacion mp INNER JOIN mant_estados me ON mp.estado_id = me.estado_id WHERE mp.fecha_programada = CURDATE() AND me.estado_codigo IN ('COMPLETADO', 'APROBADO')),
            'en_progreso', (SELECT COUNT(*) FROM mant_programacion mp INNER JOIN mant_estados me ON mp.estado_id = me.estado_id WHERE mp.fecha_programada = CURDATE() AND me.estado_codigo IN ('CAMINO_PEAJE', 'LLEGADA_PEAJE', 'EN_MANTENIMIENTO', 'PEND_APROBACION')),
            'no_iniciados', (SELECT COUNT(*) FROM mant_programacion mp INNER JOIN mant_estados me ON mp.estado_id = me.estado_id WHERE mp.fecha_programada = CURDATE() AND me.estado_codigo = 'PROGRAMADO')
        ),
        'alertas_activas', (SELECT COUNT(*) FROM alertas WHERE estado = 'ACTIVA')
    )) AS resultado;
END ;;
DELIMITER ;
/*!50003 DROP PROCEDURE IF EXISTS `sp_dashboard_gerencia` */;
DELIMITER ;;
CREATE DEFINER=`macrobills_produccion`@`%` PROCEDURE `sp_dashboard_gerencia`(
    IN p_anio INT,
    IN p_mes INT,
    IN p_id_concesion INT
)
BEGIN
    DECLARE v_total INT DEFAULT 0;
    DECLARE v_completados INT DEFAULT 0;
    DECLARE v_porcentaje DECIMAL(5,2) DEFAULT 0;
    
    SELECT COUNT(*) INTO v_total FROM mant_programacion mp
    WHERE YEAR(mp.fecha_programada) = p_anio AND MONTH(mp.fecha_programada) = p_mes
    AND (p_id_concesion IS NULL OR mp.id_centro IN (SELECT id_centro FROM peaje_centro WHERE id_concesion = p_id_concesion));
    
    SELECT COUNT(*) INTO v_completados FROM mant_programacion mp
    INNER JOIN mant_estados me ON mp.estado_id = me.estado_id
    WHERE YEAR(mp.fecha_programada) = p_anio AND MONTH(mp.fecha_programada) = p_mes
    AND me.estado_codigo IN ('COMPLETADO', 'APROBADO')
    AND (p_id_concesion IS NULL OR mp.id_centro IN (SELECT id_centro FROM peaje_centro WHERE id_concesion = p_id_concesion));
    
    IF v_total > 0 THEN SET v_porcentaje = (v_completados * 100.0) / v_total; END IF;
    
    SELECT JSON_OBJECT('success', TRUE, 'code', 'SUCCESS', 'data', JSON_OBJECT(
        'total_programados', v_total, 'total_completados', v_completados, 'porcentaje', v_porcentaje,
        'alertas_activas', (SELECT COUNT(*) FROM alertas WHERE estado = 'ACTIVA')
    )) AS resultado;
END ;;
DELIMITER ;
/*!50003 DROP PROCEDURE IF EXISTS `sp_finalizar_mantenimiento` */;
DELIMITER ;;
CREATE DEFINER=`macrobills_produccion`@`%` PROCEDURE `sp_finalizar_mantenimiento`(
    IN p_prog_id BIGINT,
    IN p_latitud DECIMAL(10,8),
    IN p_longitud DECIMAL(11,8),
    IN p_usuario_id BIGINT
)
proc_label:BEGIN
    DECLARE v_estado VARCHAR(30);
    DECLARE v_items_req INT;
    DECLARE v_items_comp INT;
    DECLARE v_fotos INT;
    
    DECLARE EXIT HANDLER FOR SQLEXCEPTION
    BEGIN
        SELECT JSON_OBJECT('success', FALSE, 'code', 'ERROR_DB', 'message', 'Error al finalizar', 'data', NULL) AS resultado;
    END;
    
    SELECT me.estado_codigo INTO v_estado FROM mant_programacion mp INNER JOIN mant_estados me ON mp.estado_id = me.estado_id WHERE mp.prog_id = p_prog_id;
    
    IF v_estado != 'EN_MANTENIMIENTO' THEN
        SELECT JSON_OBJECT('success', FALSE, 'code', 'ESTADO_INVALIDO', 'message', 'Debe estar EN_MANTENIMIENTO', 'data', NULL) AS resultado;
        LEAVE proc_label;
    END IF;
    
    SELECT COUNT(*) INTO v_items_req FROM items_revision_mantenimiento WHERE estado = 1;
    SELECT COUNT(DISTINCT id_item) INTO v_items_comp FROM mant_checklist_respuestas WHERE prog_id = p_prog_id;
    SELECT COUNT(*) INTO v_fotos FROM mant_evidencias WHERE prog_id = p_prog_id AND estado = 1;
    
    IF v_items_comp < v_items_req THEN
        SELECT JSON_OBJECT('success', FALSE, 'code', 'CHECKLIST_INCOMPLETO', 'message', CONCAT('Faltan ', v_items_req - v_items_comp, ' items'), 'data', NULL) AS resultado;
        LEAVE proc_label;
    END IF;
    
    IF v_fotos < 3 THEN
        SELECT JSON_OBJECT('success', FALSE, 'code', 'FOTOS_INSUFICIENTES', 'message', CONCAT('Se requieren 3 fotos. Tiene: ', v_fotos), 'data', NULL) AS resultado;
        LEAVE proc_label;
    END IF;
    
    CALL sp_cambiar_estado_mant(p_prog_id, 'MANT_FINALIZADO', p_latitud, p_longitud, NULL, 'Checklist y fotos completas', p_usuario_id);
END ;;
DELIMITER ;
/*!50003 DROP PROCEDURE IF EXISTS `sp_generar_calendario_mensual` */;
DELIMITER ;;
CREATE DEFINER=`macrobills_produccion`@`%` PROCEDURE `sp_generar_calendario_mensual`(
    IN p_anio INT,
    IN p_mes INT,
    IN p_id_concesion INT,
    IN p_usuario_id BIGINT
)
proc_label:BEGIN
    DECLARE v_calendario_id BIGINT;
    DECLARE v_total INT DEFAULT 0;
    DECLARE v_fecha_inicio DATE;
    DECLARE v_existe INT DEFAULT 0;
    
    DECLARE EXIT HANDLER FOR SQLEXCEPTION
    BEGIN
        ROLLBACK;
        SELECT JSON_OBJECT('success', FALSE, 'code', 'ERROR_DB', 'message', 'Error al generar calendario', 'data', NULL) AS resultado;
    END;
    
    START TRANSACTION;
    
    SELECT COUNT(*) INTO v_existe FROM mant_calendario 
    WHERE anio = p_anio AND mes = p_mes AND (id_concesion = p_id_concesion OR (p_id_concesion IS NULL AND id_concesion IS NULL)) AND estado = 1;
    
    IF v_existe > 0 THEN
        SELECT JSON_OBJECT('success', FALSE, 'code', 'CALENDARIO_EXISTE', 'message', 'Ya existe calendario para este período', 'data', NULL) AS resultado;
        ROLLBACK;
        LEAVE proc_label;
    END IF;
    
    SET v_fecha_inicio = MAKEDATE(p_anio, 1) + INTERVAL (p_mes - 1) MONTH;
    
    INSERT INTO mant_calendario (anio, mes, id_concesion, usuario_genera)
    VALUES (p_anio, p_mes, p_id_concesion, p_usuario_id);
    SET v_calendario_id = LAST_INSERT_ID();
    
    INSERT INTO mant_programacion (calendario_id, id_centro, fecha_programada, tecnico_asignado, estado_id, usuario_crea)
    SELECT v_calendario_id, pc.id_centro, DATE_ADD(v_fecha_inicio, INTERVAL 14 DAY),
        (SELECT usu_id FROM usuarios u INNER JOIN perfil pf ON u.per_id = pf.per_id WHERE pf.per_nombre LIKE '%Tecnico%' AND u.usu_estado = 1 ORDER BY RAND() LIMIT 1),
        1, p_usuario_id
    FROM peaje_centro pc
    WHERE pc.estado = 1 AND pc.mantenimiento = 1 AND (p_id_concesion IS NULL OR pc.id_concesion = p_id_concesion);
    
    SET v_total = ROW_COUNT();
    UPDATE mant_calendario SET total_programados = v_total WHERE calendario_id = v_calendario_id;
    
    COMMIT;
    SELECT JSON_OBJECT('success', TRUE, 'code', 'SUCCESS', 'message', CONCAT(v_total, ' mantenimientos programados'), 
        'data', JSON_OBJECT('calendario_id', v_calendario_id, 'total', v_total)) AS resultado;
END ;;
DELIMITER ;
/*!50003 DROP PROCEDURE IF EXISTS `sp_guardar_checklist` */;
DELIMITER ;;
CREATE DEFINER=`macrobills_produccion`@`%` PROCEDURE `sp_guardar_checklist`(
    IN p_prog_id BIGINT,
    IN p_inventario_id INT,
    IN p_via_id INT,
    IN p_id_item INT,
    IN p_estado_equipo_id INT,
    IN p_valor_medicion VARCHAR(100),
    IN p_observacion TEXT,
    IN p_usuario_id BIGINT
)
BEGIN
    DECLARE EXIT HANDLER FOR SQLEXCEPTION
    BEGIN
        SELECT JSON_OBJECT('success', FALSE, 'code', 'ERROR_DB', 'message', 'Error al guardar', 'data', NULL) AS resultado;
    END;
    
    INSERT INTO mant_checklist_respuestas (prog_id, inventario_id, via_id, id_item, estado_equipo_id, valor_medicion, observacion, usuario_registra, fecha_registro)
    VALUES (p_prog_id, p_inventario_id, p_via_id, p_id_item, p_estado_equipo_id, p_valor_medicion, p_observacion, p_usuario_id, NOW())
    ON DUPLICATE KEY UPDATE 
        via_id = COALESCE(p_via_id, via_id),
        estado_equipo_id = p_estado_equipo_id, 
        valor_medicion = p_valor_medicion, 
        observacion = p_observacion, 
        usuario_modifica = p_usuario_id, 
        fecha_modifica = NOW();
    
    SELECT JSON_OBJECT('success', TRUE, 'code', 'SUCCESS', 'message', 'Checklist guardado', 'data', JSON_OBJECT('prog_id', p_prog_id, 'item', p_id_item, 'via_id', p_via_id)) AS resultado;
END ;;
DELIMITER ;
/*!50003 DROP PROCEDURE IF EXISTS `sp_historial_equipo` */;
DELIMITER ;;
CREATE DEFINER=`macrobills_produccion`@`%` PROCEDURE `sp_historial_equipo`(
    IN p_inventario_id INT
)
BEGIN
    SELECT JSON_OBJECT('success', TRUE, 'code', 'SUCCESS', 'data', JSON_OBJECT(
        'equipo', (SELECT JSON_OBJECT('id', hi.inventario_id, 'tipo', hm.nombre, 'marca', hma.nombre, 'modelo', hi.modelo, 'serie', hi.codigo1)
            FROM hardware_inventario hi
            INNER JOIN hardware_maestro hm ON hi.maestro_id = hm.hardware_id
            LEFT JOIN hardware_marca hma ON hi.marca_id = hma.marca_id
            WHERE hi.inventario_id = p_inventario_id),
        'mantenimientos', (SELECT COUNT(*) FROM mant_checklist_respuestas WHERE inventario_id = p_inventario_id),
        'movimientos', (SELECT COUNT(*) FROM movimiento_inventario WHERE inventario_id = p_inventario_id)
    )) AS resultado;
END ;;
DELIMITER ;
/*!50003 DROP PROCEDURE IF EXISTS `sp_registrar_posicion_gps` */;
DELIMITER ;;
CREATE DEFINER=`macrobills_produccion`@`%` PROCEDURE `sp_registrar_posicion_gps`(
    IN p_usuario_id BIGINT,
    IN p_prog_id BIGINT,
    IN p_latitud DECIMAL(10,8),
    IN p_longitud DECIMAL(11,8),
    IN p_precision DECIMAL(10,2),
    IN p_altitud DECIMAL(10,2),
    IN p_velocidad DECIMAL(10,2),
    IN p_bateria INT,
    IN p_fecha_captura DATETIME
)
BEGIN
    DECLARE EXIT HANDLER FOR SQLEXCEPTION
    BEGIN
        SELECT JSON_OBJECT('success', FALSE, 'code', 'ERROR_DB', 'message', 'Error registrando GPS', 'data', NULL) AS resultado;
    END;
    
    INSERT INTO gps_tracking (usuario_id, prog_id, latitud, longitud, precision_metros, altitud, velocidad, bateria_porcentaje, fecha_captura)
    VALUES (p_usuario_id, p_prog_id, p_latitud, p_longitud, p_precision, p_altitud, p_velocidad, p_bateria, COALESCE(p_fecha_captura, NOW()));
    
    SELECT JSON_OBJECT('success', TRUE, 'code', 'SUCCESS', 'message', 'Posición registrada', 'data', JSON_OBJECT('id', LAST_INSERT_ID())) AS resultado;
END ;;
DELIMITER ;
/*!50003 DROP PROCEDURE IF EXISTS `sp_reporte_mantenimiento` */;
DELIMITER ;;
CREATE DEFINER=`macrobills_produccion`@`%` PROCEDURE `sp_reporte_mantenimiento`(
    IN p_prog_id BIGINT
)
BEGIN
    SELECT JSON_OBJECT('success', TRUE, 'code', 'SUCCESS', 'data', JSON_OBJECT(
        'info', (SELECT JSON_OBJECT('prog_id', mp.prog_id, 'fecha', mp.fecha_programada, 'peaje', pc.nombre_centro, 'concesion', c.nombre,
            'tecnico', CONCAT(u.usu_nombre, ' ', u.usu_apellido), 'estado', me.estado_nombre)
            FROM mant_programacion mp
            INNER JOIN peaje_centro pc ON mp.id_centro = pc.id_centro
            INNER JOIN concesiones c ON pc.id_concesion = c.id_concesion
            INNER JOIN usuarios u ON mp.tecnico_asignado = u.usu_id
            INNER JOIN mant_estados me ON mp.estado_id = me.estado_id
            WHERE mp.prog_id = p_prog_id),
        'checklist_count', (SELECT COUNT(*) FROM mant_checklist_respuestas WHERE prog_id = p_prog_id),
        'evidencias_count', (SELECT COUNT(*) FROM mant_evidencias WHERE prog_id = p_prog_id AND estado = 1)
    )) AS resultado;
END ;;
DELIMITER ;
/*!50003 DROP PROCEDURE IF EXISTS `sp_sincronizar_offline` */;
DELIMITER ;;
CREATE DEFINER=`macrobills_produccion`@`%` PROCEDURE `sp_sincronizar_offline`(
    IN p_sync_id BIGINT,
    IN p_usuario_id BIGINT
)
BEGIN
    DECLARE v_tabla VARCHAR(100);
    DECLARE v_op VARCHAR(20);
    DECLARE v_data JSON;
    
    DECLARE EXIT HANDLER FOR SQLEXCEPTION
    BEGIN
        UPDATE app_sync_queue SET estado = 'ERROR', error_mensaje = 'Error de procesamiento', intentos = intentos + 1 WHERE sync_id = p_sync_id;
        SELECT JSON_OBJECT('success', FALSE, 'code', 'ERROR_DB', 'message', 'Error en sync', 'data', NULL) AS resultado;
    END;
    
    SELECT tabla_destino, operacion, data_json INTO v_tabla, v_op, v_data FROM app_sync_queue WHERE sync_id = p_sync_id AND estado = 'PENDIENTE';
    
    IF v_tabla IS NULL THEN
        SELECT JSON_OBJECT('success', FALSE, 'code', 'NO_EXISTE', 'message', 'Registro no encontrado', 'data', NULL) AS resultado;
    ELSE
        UPDATE app_sync_queue SET estado = 'PROCESADO', fecha_procesado = NOW() WHERE sync_id = p_sync_id;
        SELECT JSON_OBJECT('success', TRUE, 'code', 'SUCCESS', 'message', 'Sincronizado', 'data', JSON_OBJECT('sync_id', p_sync_id)) AS resultado;
    END IF;
END ;;
DELIMITER ;
/*!50003 DROP PROCEDURE IF EXISTS `sp_tracking_tecnicos_activos` */;
DELIMITER ;;
CREATE DEFINER=`macrobills_produccion`@`%` PROCEDURE `sp_tracking_tecnicos_activos`()
BEGIN
    SELECT JSON_OBJECT('success', TRUE, 'code', 'SUCCESS', 'data', (
        SELECT JSON_ARRAYAGG(JSON_OBJECT(
            'tecnico_id', u.usu_id,
            'nombre', CONCAT(u.usu_nombre, ' ', u.usu_apellido),
            'lat', gt.latitud, 'lng', gt.longitud,
            'fecha', gt.fecha_captura,
            'minutos', TIMESTAMPDIFF(MINUTE, gt.fecha_captura, NOW())
        ))
        FROM usuarios u
        INNER JOIN perfil p ON u.per_id = p.per_id
        INNER JOIN (
            SELECT usuario_id, latitud, longitud, fecha_captura
            FROM gps_tracking gt1 WHERE fecha_captura = (SELECT MAX(fecha_captura) FROM gps_tracking gt2 WHERE gt2.usuario_id = gt1.usuario_id)
        ) gt ON u.usu_id = gt.usuario_id
        WHERE u.usu_estado = 1 AND p.per_nombre LIKE '%Tecnico%' AND gt.fecha_captura >= DATE_SUB(NOW(), INTERVAL 60 MINUTE)
    )) AS resultado;
END ;;
DELIMITER ;
/*!50003 DROP PROCEDURE IF EXISTS `sp_verificar_alertas_generales` */;
DELIMITER ;;
CREATE DEFINER=`macrobills_produccion`@`%` PROCEDURE `sp_verificar_alertas_generales`()
BEGIN
    DECLARE v_count_mov INT DEFAULT 0;
    DECLARE v_count_pend INT DEFAULT 0;
    
    -- Alertas SIN_MOVIMIENTO
    INSERT INTO alertas (tipo_alerta, prog_id, usuario_afectado, titulo, mensaje, prioridad)
    SELECT 'SIN_MOVIMIENTO', mp.prog_id, mp.tecnico_asignado, 'Sin movimiento', CONCAT('Más de 2 horas en estado ', me.estado_nombre), 'MEDIA'
    FROM mant_programacion mp
    INNER JOIN mant_estados me ON mp.estado_id = me.estado_id
    WHERE mp.fecha_programada = CURDATE() AND me.estado_codigo IN ('CAMINO_PEAJE', 'EN_MANTENIMIENTO') AND mp.estado = 1
    AND mp.fecha_modifica < DATE_SUB(NOW(), INTERVAL 120 MINUTE)
    AND NOT EXISTS (SELECT 1 FROM alertas a WHERE a.prog_id = mp.prog_id AND a.tipo_alerta = 'SIN_MOVIMIENTO' AND a.estado = 'ACTIVA');
    SET v_count_mov = ROW_COUNT();
    
    -- Alertas PEND_APROBACION
    INSERT INTO alertas (tipo_alerta, prog_id, usuario_afectado, titulo, mensaje, prioridad)
    SELECT 'PEND_APROBACION', mp.prog_id, mp.tecnico_asignado, 'Aprobación pendiente', 'Más de 1 hora esperando aprobación', 'ALTA'
    FROM mant_programacion mp
    INNER JOIN mant_estados me ON mp.estado_id = me.estado_id
    WHERE me.estado_codigo = 'PEND_APROBACION' AND mp.estado = 1
    AND mp.fecha_modifica < DATE_SUB(NOW(), INTERVAL 60 MINUTE)
    AND NOT EXISTS (SELECT 1 FROM alertas a WHERE a.prog_id = mp.prog_id AND a.tipo_alerta = 'PEND_APROBACION' AND a.estado = 'ACTIVA');
    SET v_count_pend = ROW_COUNT();
    
    SELECT JSON_OBJECT('success', TRUE, 'code', 'SUCCESS', 'data', JSON_OBJECT('sin_mov', v_count_mov, 'pend_aprob', v_count_pend)) AS resultado;
END ;;
DELIMITER ;
/*!50003 DROP PROCEDURE IF EXISTS `sp_verificar_alertas_no_inicio` */;
DELIMITER ;;
CREATE DEFINER=`macrobills_produccion`@`%` PROCEDURE `sp_verificar_alertas_no_inicio`()
BEGIN
    DECLARE v_count INT DEFAULT 0;
    
    IF CURTIME() >= '11:00:00' THEN
        INSERT INTO alertas (tipo_alerta, prog_id, usuario_afectado, titulo, mensaje, prioridad)
        SELECT 'NO_INICIO_11AM', mp.prog_id, mp.tecnico_asignado, CONCAT('No iniciado - ', pc.nombre_centro),
            CONCAT('Técnico ', u.usu_nombre, ' ', u.usu_apellido, ' no inició mantenimiento'), 'ALTA'
        FROM mant_programacion mp
        INNER JOIN peaje_centro pc ON mp.id_centro = pc.id_centro
        INNER JOIN usuarios u ON mp.tecnico_asignado = u.usu_id
        INNER JOIN mant_estados me ON mp.estado_id = me.estado_id
        WHERE mp.fecha_programada = CURDATE() AND me.estado_codigo = 'PROGRAMADO' AND mp.estado = 1
        AND NOT EXISTS (SELECT 1 FROM alertas a WHERE a.prog_id = mp.prog_id AND a.tipo_alerta = 'NO_INICIO_11AM' AND DATE(a.fecha_genera) = CURDATE());
        
        SET v_count = ROW_COUNT();
    END IF;
    
    SELECT JSON_OBJECT('success', TRUE, 'code', 'SUCCESS', 'message', CONCAT('Alertas: ', v_count), 'data', JSON_OBJECT('count', v_count)) AS resultado;
END ;;
DELIMITER ;


